From mboxrd@z Thu Jan 1 00:00:00 1970 Return-Path: Received: from mails.dpdk.org (mails.dpdk.org [217.70.189.124]) by inbox.dpdk.org (Postfix) with ESMTP id 5E372461B8 for ; Fri, 7 Feb 2025 09:14:33 +0100 (CET) Received: from mails.dpdk.org (localhost [127.0.0.1]) by mails.dpdk.org (Postfix) with ESMTP id 439C8427A7; Fri, 7 Feb 2025 09:14:33 +0100 (CET) Received: from mail-qv1-f97.google.com (mail-qv1-f97.google.com [209.85.219.97]) by mails.dpdk.org (Postfix) with ESMTP id BC9E1402C9 for ; Fri, 7 Feb 2025 09:14:31 +0100 (CET) Received: by mail-qv1-f97.google.com with SMTP id 6a1803df08f44-6e41e17645dso15485146d6.2 for ; Fri, 07 Feb 2025 00:14:31 -0800 (PST) DKIM-Signature: v=1; a=rsa-sha256; c=relaxed/relaxed; d=iol.unh.edu; s=unh-iol; t=1738916071; x=1739520871; darn=dpdk.org; h=references:in-reply-to:cc:to:from:subject:message-id:date:from:to :cc:subject:date:message-id:reply-to; bh=tjlheHnl+279mwiF6S1oEfu4LMcPTx/Px+l+BEp3p4c=; b=KnQtM+uTI2yc80qfOeJOs9Mz6UZpFfj4TEydxZupd8qaElbG4W899i/DuJQU33tWy+ PYaGd9KM1vqJQisiw6hJKXFzQsihWIe/3dy6hJDP1wbHX+F42hreTS60CAQ7nXZ/IcKX qgJYQjU2ly1CDHL1MWYD3Jw/U23wNg1RVSwcE= X-Google-DKIM-Signature: v=1; a=rsa-sha256; c=relaxed/relaxed; d=1e100.net; s=20230601; t=1738916071; x=1739520871; h=references:in-reply-to:cc:to:from:subject:message-id:date :x-gm-message-state:from:to:cc:subject:date:message-id:reply-to; bh=tjlheHnl+279mwiF6S1oEfu4LMcPTx/Px+l+BEp3p4c=; b=vfqijyOf5nPQxLX3davEqXFVwNJnV4XxYB9ZB+ptEafLsEvhNJUHDvQUEaEihaa0vn zUOI+jD/oYA7gyzwbUprvoMpq0QyyFrEmSEI0xJ2vwn+/aPfCrttyIy1bXtOZ3rN/mdl QIw1Xjz4WedpX9+1bxkl2r7yxIJU5gQH1k2z6ApC8BGjsw3lYEi0H7GtfwMiCGb1BNjW weuzWW+B4D5fGPZldxlzGcDvbm7YZNyuRhqTgTWT1BSHhZwXAZvDPLyLNwMlF3KJFrD3 1PPFsjKLkBsDmeUmCzRKy5WpOlvT29Rd3dm/Lkj2rXWhGT64TGBCvWyek3Jw+fUblASj JT1Q== X-Gm-Message-State: AOJu0YzdLovHhMDDiNVMkB8g3A97zJFKHJXa+GYPWQ/t5lKJxhQhTScZ dUZMHxroeN7OHBL0MWsXil6ve5CbLCv786WwwckJCdUdSp+pADVMLSf9bSS5IMsDUVFDAUEW2sQ 6L7sArjHUaViybsw6zZa/NLM6weQTEBwhMbd1bSn7tyyAXKClPg2TXkUi X-Gm-Gg: ASbGncv6Exg2o3+JlidCInO5ET5Cv2pHahFfrQin8lUJ80oAv5QvhiJ11AQOx+4+f3S S5MlziHni27OIOngBqbI+A655H77wigRAU1O09e+v7+YbRbFO3BmxRNf+bFJFk+PKK522YYq/n4 lAt6hX3CWpd3Uu62gbe6s5BAuwhqKsvECp4kA50XlKaSwXxJefipFUPsY/j1yWiE1PDIyHxutva h4pHTRq180fzXUtK2S1co+HHPATBaNXWqPafrjm+V8UcSxuwvfTxWbaxS0o5adUP6vhQPpvxSre 2TrZxPLUGDOVTjRIBd0hlCfoElGxugMbtEMUoc5jPQ== X-Google-Smtp-Source: AGHT+IFT5hlxTZaeA8lDt++uYWCO6fs6kTSJOhkvdsaiCoQ4dsEim/8nntPqeXTYA/+Fe+IONVjFlfKxMXsY X-Received: by 2002:ad4:4eea:0:b0:6cb:ee08:c1e8 with SMTP id 6a1803df08f44-6e44566a31fmr29736006d6.23.1738916071059; Fri, 07 Feb 2025 00:14:31 -0800 (PST) Received: from postal.iol.unh.edu (postal.iol.unh.edu. [2606:4100:3880:1234::84]) by smtp-relay.gmail.com with ESMTPS id 6a1803df08f44-6e43ba34212sm1845746d6.7.2025.02.07.00.14.30 (version=TLS1_2 cipher=ECDHE-ECDSA-AES128-GCM-SHA256 bits=128/128); Fri, 07 Feb 2025 00:14:31 -0800 (PST) X-Relaying-Domain: iol.unh.edu Date: Fri, 07 Feb 2025 00:14:31 -0800 (PST) Message-ID: <67a5c0e7.050a0220.171cdd.9f53SMTPIN_ADDED_MISSING@mx.google.com> Received: from [172.21.0.15] (unknown [172.18.0.240]) by postal.iol.unh.edu (Postfix) with ESMTP id B7F456052471; Fri, 7 Feb 2025 03:14:30 -0500 (EST) Subject: |FAILURE| pw151071 [PATCH] [v3] net: add thread-safe crc api From: dpdklab@iol.unh.edu To: Test Report Cc: dpdk-test-reports@iol.unh.edu, Arkadiusz Kusztal In-Reply-To: <20250206203844.3874038-1-arkadiuszx.kusztal@intel.com> References: <20250206203844.3874038-1-arkadiuszx.kusztal@intel.com> Content-Type: text/plain X-BeenThere: test-report@dpdk.org X-Mailman-Version: 2.1.29 Precedence: list List-Id: automatic DPDK test reports List-Unsubscribe: , List-Archive: List-Post: List-Help: List-Subscribe: , Errors-To: test-report-bounces@dpdk.org Test-Label: iol-compile-arm64-testing Test-Status: FAILURE http://dpdk.org/patch/151071 _Testing issues_ Submitter: Arkadiusz Kusztal Date: Thursday, February 06 2025 20:38:44 DPDK git baseline: Repo:dpdk Branch: master CommitID:7125636162d67b1c40ba6802a3ff4466d125d243 151071 --> testing issues Upstream job id: Generic-DPDK-Compile-Meson#358822 Test environment and result as below: +----------------------------------------+--------------------+ | Environment | dpdk_meson_compile | +========================================+====================+ | RHEL9 (ARM) | FAIL | +----------------------------------------+--------------------+ | Ubuntu 20.04 ARM GCC Cross Compile | FAIL | +----------------------------------------+--------------------+ | Ubuntu 20.04 ARM SVE | FAIL | +----------------------------------------+--------------------+ | Fedora 40 (ARM) | FAIL | +----------------------------------------+--------------------+ | Debian 12 with MUSDK | FAIL | +----------------------------------------+--------------------+ | Fedora 40 (ARM Clang) | FAIL | +----------------------------------------+--------------------+ | Fedora 41 (ARM) | FAIL | +----------------------------------------+--------------------+ | Fedora 41 (ARM Clang) | FAIL | +----------------------------------------+--------------------+ | Ubuntu 20.04 (ARM) | FAIL | +----------------------------------------+--------------------+ | Ubuntu 22.04 (ARM) | FAIL | +----------------------------------------+--------------------+ | Ubuntu 24.04 (ARM) | FAIL | +----------------------------------------+--------------------+ | CentOS Stream 9 (ARM) | FAIL | +----------------------------------------+--------------------+ | Debian 11 (Buster) (ARM) | FAIL | +----------------------------------------+--------------------+ | Debian 12 (arm) | FAIL | +----------------------------------------+--------------------+ | Ubuntu 20.04 ARM Clang Cross Compile | FAIL | +----------------------------------------+--------------------+ | Ubuntu 20.04 aarch32 GCC Cross Compile | FAIL | +----------------------------------------+--------------------+ ==== 20 line log output for Ubuntu 20.04 aarch32 GCC Cross Compile (dpdk_meson_compile): ==== [2227/2419] Compiling C object app/dpdk-test.p/test_test_timer.c.o [2228/2419] Compiling C object app/dpdk-test.p/test_test_timer_perf.c.o [2229/2419] Compiling C object app/dpdk-test.p/test_test_timer_racecond.c.o [2230/2419] Compiling C object app/dpdk-test.p/test_test_timer_secondary.c.o [2231/2419] Compiling C object app/dpdk-test.p/test_test_trace.c.o [2232/2419] Compiling C object app/dpdk-test.p/test_test_trace_perf.c.o [2233/2419] Compiling C object app/dpdk-test.p/test_test_trace_register.c.o [2234/2419] Compiling C object app/dpdk-test.p/test_test_vdev.c.o [2235/2419] Compiling C object app/dpdk-test.p/test_test_version.c.o [2236/2419] Compiling C object app/dpdk-test.p/test_virtual_pmd.c.o [2237/2419] Linking target app/dpdk-test FAILED: app/dpdk-test arm-linux-gnueabihf-gcc -o app/dpdk-test app/dpdk-test.p/test_commands.c.o app/dpdk-test.p/test_test.c.o app/dpdk-test.p/test_packet_burst_generator.c.o app/dpdk-test.p/test_sample_packet_forward.c.o app/dpdk-test.p/test_test_acl.c.o app/dpdk-test.p/test_test_alarm.c.o app/dpdk-test.p/test_test_argparse.c.o app/dpdk-test.p/test_test_atomic.c.o app/dpdk-test.p/test_test_barrier.c.o app/dpdk-test.p/test_test_bitcount.c.o app/dpdk-test.p/test_test_bitmap.c.o app/dpdk-test.p/test_test_bitops.c.o app/dpdk-test.p/test_test_bitratestats.c.o app/dpdk-test.p/test_test_bitset.c.o app/dpdk-test.p/test_test_bpf.c.o app/dpdk-test.p/test_test_byteorder.c.o app/dpdk-test.p/test_test_cfgfile.c.o app/dpdk-test.p/test_test_cksum.c.o app/dpdk-test.p/test_test_cksum_perf.c.o app/dpdk-test.p/test_test_cmdline.c.o app/dpdk-test.p/test_test_cmdline_cirbuf.c.o app/dpdk-test.p/test_test_cmdline_etheraddr.c.o app/dpdk-test.p/test_test_cmdline_ipaddr.c.o app/dpdk-test.p/test_test_cmdline_lib.c.o app/dpdk-test .p/test_test_cmdline_num.c.o app/dpdk-test.p/test_test_cmdline_portlist.c.o app/dpdk-test.p/test_test_cmdline_string.c.o app/dpdk-test.p/test_test_common.c.o app/dpdk-test.p/test_test_cpuflags.c.o app/dpdk-test.p/test_test_crc.c.o app/dpdk-test.p/test_test_cryptodev.c.o app/dpdk-test.p/test_test_cryptodev_asym.c.o app/dpdk-test.p/test_test_cryptodev_blockcipher.c.o app/dpdk-test.p/test_test_cryptodev_crosscheck.c.o app/dpdk-test.p/test_test_cryptodev_security_ipsec.c.o app/dpdk-test.p/test_test_cryptodev_security_pdcp.c.o app/dpdk-test.p/test_test_cryptodev_security_tls_record.c.o app/dpdk-test.p/test_test_cycles.c.o app/dpdk-test.p/test_test_debug.c.o app/dpdk-test.p/test_test_devargs.c.o app/dpdk-test.p/test_test_dispatcher.c.o app/dpdk-test.p/test_test_distributor.c.o app/dpdk-test.p/test_test_distributor_perf.c.o app/dpdk-test.p/test_test_dmadev.c.o app/dpdk-test.p/test_test_dmadev_api.c.o app/dpdk-test.p/test_test_eal_flags.c.o app/dpdk-test.p/test_test_eal_fs.c.o app/dpdk-test .p/test_test_efd.c.o app/dpdk-test.p/test_test_efd_perf.c.o app/dpdk-test.p/test_test_errno.c.o app/dpdk-test.p/test_test_ethdev_api.c.o app/dpdk-test.p/test_test_ethdev_link.c.o app/dpdk-test.p/test_test_event_crypto_adapter.c.o app/dpdk-test.p/test_test_event_dma_adapter.c.o app/dpdk-test.p/test_test_event_eth_rx_adapter.c.o app/dpdk-test.p/test_test_event_eth_tx_adapter.c.o app/dpdk-test.p/test_test_event_ring.c.o app/dpdk-test.p/test_test_event_timer_adapter.c.o app/dpdk-test.p/test_test_eventdev.c.o app/dpdk-test.p/test_test_external_mem.c.o app/dpdk-test.p/test_test_fbarray.c.o app/dpdk-test.p/test_test_fib.c.o app/dpdk-test.p/test_test_fib6.c.o app/dpdk-test.p/test_test_fib6_perf.c.o app/dpdk-test.p/test_test_fib_perf.c.o app/dpdk-test.p/test_test_func_reentrancy.c.o app/dpdk-test.p/test_test_graph.c.o app/dpdk-test.p/test_test_graph_perf.c.o app/dpdk-test.p/test_test_hash.c.o app/dpdk-test.p/test_test_hash_functions.c.o app/dpdk-test.p/test_test_hash_multiwriter.c.o app/dpdk -test.p/test_test_hash_perf.c.o app/dpdk-test.p/test_test_hash_readwrite.c.o app/dpdk-test.p/test_test_hash_readwrite_lf_perf.c.o app/dpdk-test.p/test_test_interrupts.c.o app/dpdk-test.p/test_test_ipfrag.c.o app/dpdk-test.p/test_test_ipsec.c.o app/dpdk-test.p/test_test_ipsec_perf.c.o app/dpdk-test.p/test_test_ipsec_sad.c.o app/dpdk-test.p/test_test_kvargs.c.o app/dpdk-test.p/test_test_latencystats.c.o app/dpdk-test.p/test_test_lcore_var.c.o app/dpdk-test.p/test_test_lcore_var_perf.c.o app/dpdk-test.p/test_test_lcores.c.o app/dpdk-test.p/test_test_link_bonding.c.o app/dpdk-test.p/test_test_link_bonding_mode4.c.o app/dpdk-test.p/test_test_link_bonding_rssconf.c.o app/dpdk-test.p/test_test_logs.c.o app/dpdk-test.p/test_test_lpm.c.o app/dpdk-test.p/test_test_lpm6.c.o app/dpdk-test.p/test_test_lpm6_perf.c.o app/dpdk-test.p/test_test_lpm_perf.c.o app/dpdk-test.p/test_test_malloc.c.o app/dpdk-test.p/test_test_malloc_perf.c.o app/dpdk-test.p/test_test_mbuf.c.o app/dpdk-test.p/test_test_mcsl ock.c.o app/dpdk-test.p/test_test_member.c.o app/dpdk-test.p/test_test_member_perf.c.o app/dpdk-test.p/test_test_memcpy.c.o app/dpdk-test.p/test_test_memcpy_perf.c.o app/dpdk-test.p/test_test_memory.c.o app/dpdk-test.p/test_test_mempool.c.o app/dpdk-test.p/test_test_mempool_perf.c.o app/dpdk-test.p/test_test_memzone.c.o app/dpdk-test.p/test_test_meter.c.o app/dpdk-test.p/test_test_metrics.c.o app/dpdk-test.p/test_test_mp_secondary.c.o app/dpdk-test.p/test_test_net_ether.c.o app/dpdk-test.p/test_test_net_ip6.c.o app/dpdk-test.p/test_test_pdcp.c.o app/dpdk-test.p/test_test_pdump.c.o app/dpdk-test.p/test_test_per_lcore.c.o app/dpdk-test.p/test_test_pflock.c.o app/dpdk-test.p/test_test_pie.c.o app/dpdk-test.p/test_test_pmd_perf.c.o app/dpdk-test.p/test_test_pmd_ring.c.o app/dpdk-test.p/test_test_pmd_ring_perf.c.o app/dpdk-test.p/test_test_power.c.o app/dpdk-test.p/test_test_power_cpufreq.c.o app/dpdk-test.p/test_test_power_intel_uncore.c.o app/dpdk-test.p/test_test_power_kvm_vm.c.o app/ dpdk-test.p/test_test_prefetch.c.o app/dpdk-test.p/test_test_ptr_compress.c.o app/dpdk-test.p/test_test_rand_perf.c.o app/dpdk-test.p/test_test_rawdev.c.o app/dpdk-test.p/test_test_rcu_qsbr.c.o app/dpdk-test.p/test_test_rcu_qsbr_perf.c.o app/dpdk-test.p/test_test_reassembly_perf.c.o app/dpdk-test.p/test_test_reciprocal_division.c.o app/dpdk-test.p/test_test_reciprocal_division_perf.c.o app/dpdk-test.p/test_test_red.c.o app/dpdk-test.p/test_test_reorder.c.o app/dpdk-test.p/test_test_rib.c.o app/dpdk-test.p/test_test_rib6.c.o app/dpdk-test.p/test_test_ring.c.o app/dpdk-test.p/test_test_ring_hts_stress.c.o app/dpdk-test.p/test_test_ring_mpmc_stress.c.o app/dpdk-test.p/test_test_ring_mt_peek_stress.c.o app/dpdk-test.p/test_test_ring_mt_peek_stress_zc.c.o app/dpdk-test.p/test_test_ring_perf.c.o app/dpdk-test.p/test_test_ring_rts_stress.c.o app/dpdk-test.p/test_test_ring_st_peek_stress.c.o app/dpdk-test.p/test_test_ring_st_peek_stress_zc.c.o app/dpdk-test.p/test_test_ring_stress.c.o app/d pdk-test.p/test_test_rwlock.c.o app/dpdk-test.p/test_test_sched.c.o app/dpdk-test.p/test_test_security.c.o app/dpdk-test.p/test_test_security_inline_macsec.c.o app/dpdk-test.p/test_test_security_inline_proto.c.o app/dpdk-test.p/test_test_security_proto.c.o app/dpdk-test.p/test_test_seqlock.c.o app/dpdk-test.p/test_test_service_cores.c.o app/dpdk-test.p/test_test_soring.c.o app/dpdk-test.p/test_test_soring_mt_stress.c.o app/dpdk-test.p/test_test_soring_stress.c.o app/dpdk-test.p/test_test_spinlock.c.o app/dpdk-test.p/test_test_stack.c.o app/dpdk-test.p/test_test_stack_perf.c.o app/dpdk-test.p/test_test_string_fns.c.o app/dpdk-test.p/test_test_table.c.o app/dpdk-test.p/test_test_table_acl.c.o app/dpdk-test.p/test_test_table_combined.c.o app/dpdk-test.p/test_test_table_pipeline.c.o app/dpdk-test.p/test_test_table_ports.c.o app/dpdk-test.p/test_test_table_tables.c.o app/dpdk-test.p/test_test_tailq.c.o app/dpdk-test.p/test_test_telemetry_data.c.o app/dpdk-test.p/test_test_telemetry_json. c.o app/dpdk-test.p/test_test_thash.c.o app/dpdk-test.p/test_test_thash_perf.c.o app/dpdk-test.p/test_test_threads.c.o app/dpdk-test.p/test_test_ticketlock.c.o app/dpdk-test.p/test_test_timer.c.o app/dpdk-test.p/test_test_timer_perf.c.o app/dpdk-test.p/test_test_timer_racecond.c.o app/dpdk-test.p/test_test_timer_secondary.c.o app/dpdk-test.p/test_test_trace.c.o app/dpdk-test.p/test_test_trace_perf.c.o app/dpdk-test.p/test_test_trace_register.c.o app/dpdk-test.p/test_test_vdev.c.o app/dpdk-test.p/test_test_version.c.o app/dpdk-test.p/test_virtual_pmd.c.o -Wl,--as-needed -Wl,--no-undefined -Wl,-O1 -Wl,--no-as-needed -pthread -Wl,--start-group -lm -ldl '-Wl,-rpath,$ORIGIN/../lib:$ORIGIN/../drivers' -Wl,-rpath-link,/home-local/jenkins-local/jenkins-agent/workspace/Generic-DPDK-Compile-Meson/dpdk/build/lib -Wl,-rpath-link,/home-local/jenkins-local/jenkins-agent/workspace/Generic-DPDK-Compile-Meson/dpdk/build/drivers lib/librte_cmdline.so.25.1 lib/librte_eal.so.25.1 lib/librte_kvargs.so.2 5.1 lib/librte_log.so.25.1 lib/librte_telemetry.so.25.1 lib/librte_net.so.25.1 lib/librte_mbuf.so.25.1 lib/librte_mempool.so.25.1 lib/librte_ring.so.25.1 drivers/librte_net_ring.so.25.1 lib/librte_ethdev.so.25.1 lib/librte_meter.so.25.1 drivers/librte_bus_pci.so.25.1 lib/librte_pci.so.25.1 drivers/librte_bus_vdev.so.25.1 lib/librte_acl.so.25.1 lib/librte_argparse.so.25.1 lib/librte_hash.so.25.1 lib/librte_rcu.so.25.1 lib/librte_metrics.so.25.1 lib/librte_bitratestats.so.25.1 lib/librte_bpf.so.25.1 lib/librte_cfgfile.so.25.1 lib/librte_compressdev.so.25.1 lib/librte_cryptodev.so.25.1 lib/librte_security.so.25.1 lib/librte_dispatcher.so.25.1 lib/librte_eventdev.so.25.1 lib/librte_timer.so.25.1 lib/librte_dmadev.so.25.1 lib/librte_distributor.so.25.1 lib/librte_efd.so.25.1 lib/librte_fib.so.25.1 lib/librte_rib.so.25.1 lib/librte_table.so.25.1 lib/librte_port.so.25.1 lib/librte_sched.so.25.1 lib/librte_ip_frag.so.25.1 lib/librte_lpm.so.25.1 lib/librte_graph.so.25.1 lib/librte_pcapng.so. 25.1 lib/librte_ipsec.so.25.1 lib/librte_latencystats.so.25.1 drivers/librte_net_bond.so.25.1 lib/librte_member.so.25.1 lib/librte_pdcp.so.25.1 lib/librte_reorder.so.25.1 lib/librte_pdump.so.25.1 lib/librte_power.so.25.1 lib/librte_rawdev.so.25.1 lib/librte_stack.so.25.1 lib/librte_pipeline.so.25.1 drivers/librte_crypto_scheduler.so.25.1 -Wl,--end-group /usr/lib/gcc-cross/arm-linux-gnueabihf/9/../../../../arm-linux-gnueabihf/bin/ld: app/dpdk-test.p/test_test_crc.c.o: in function `crc_all_algs': test_crc.c:(.text+0x4a): undefined reference to `rte_net_crc_free' /usr/lib/gcc-cross/arm-linux-gnueabihf/9/../../../../arm-linux-gnueabihf/bin/ld: test_crc.c:(.text+0x70): undefined reference to `rte_net_crc_free' /usr/lib/gcc-cross/arm-linux-gnueabihf/9/../../../../arm-linux-gnueabihf/bin/ld: test_crc.c:(.text+0x92): undefined reference to `rte_net_crc_free' /usr/lib/gcc-cross/arm-linux-gnueabihf/9/../../../../arm-linux-gnueabihf/bin/ld: test_crc.c:(.text+0xb2): undefined reference to `rte_net_crc_free' collect2: error: ld returned 1 exit status ninja: build stopped: subcommand failed. ==== End log output ==== RHEL9 (ARM) Kernel: Depends on container host Compiler: gcc 11.5.0 20240719 (Red Hat 11.5.0-2) Ubuntu 20.04 ARM GCC Cross Compile Kernel: Depends on container host Compiler: aarch64-linux-gnu-gcc (Ubuntu 9.4.0-1ubuntu1~20.04.2) 9.4.0 Ubuntu 20.04 ARM SVE Kernel: Depends on container host Compiler: gcc (Ubuntu 10.5.0-1ubuntu1~20.04) 10.5.0 Fedora 40 (ARM) Kernel: Depends on container host Compiler: gcc 14.2.1 20240912 (Red Hat 14.2.1-3) Debian 12 with MUSDK Kernel: Depends on container host Compiler: gcc (Debian 12.2.0-14) 12.2.0 Fedora 40 (ARM Clang) Kernel: Depends on container host Compiler: clang 18.1.8 (Fedora 18.1.8-1.fc40) Fedora 41 (ARM) Kernel: Depends on container host Compiler: gcc 14.2.1 20240912 (Red Hat 14.2.1-3) Fedora 41 (ARM Clang) Kernel: Depends on container host Compiler: clang 19.1.5 (Fedora 19.1.5-1.fc41) Ubuntu 20.04 (ARM) Kernel: Depends on container host Compiler: gcc (Ubuntu 9.4.0-1ubuntu1~20.04.2) 9.4.0 Ubuntu 22.04 (ARM) Kernel: Depends on container host Compiler: gcc (Ubuntu 11.4.0-1ubuntu1~22.04) 11.4.0 Ubuntu 24.04 (ARM) Kernel: Depends on container host Compiler: gcc (Ubuntu 13.3.0-6ubuntu2~24.04) 13.3.0 CentOS Stream 9 (ARM) Kernel: Depends on container host Compiler: gcc 11.5.0 20240719 (Red Hat 11.5.0-2) Debian 11 (Buster) (ARM) Kernel: Depends on container host Compiler: gcc (Debian 10.2.1-6) 10.2.1 20210110 Debian 12 (arm) Kernel: Depends on container host Compiler: gcc (Debian 12.2.0-14) 12.2.0 Ubuntu 20.04 ARM Clang Cross Compile Kernel: Depends on container host Compiler: clang 10.0.0-4ubuntu1 Ubuntu 20.04 aarch32 GCC Cross Compile Kernel: Depends on container host Compiler: gcc 9.4.0 To view detailed results, visit: https://lab.dpdk.org/results/dashboard/patchsets/32514/ UNH-IOL DPDK Community Lab To manage your email subscriptions, visit: https://lab.dpdk.org/results/dashboard/preferences/subscriptions/