From mboxrd@z Thu Jan 1 00:00:00 1970 Return-Path: Received: from mails.dpdk.org (mails.dpdk.org [217.70.189.124]) by inbox.dpdk.org (Postfix) with ESMTP id 3361A461BA for ; Fri, 7 Feb 2025 13:46:17 +0100 (CET) Received: from mails.dpdk.org (localhost [127.0.0.1]) by mails.dpdk.org (Postfix) with ESMTP id 91B8D42E77; Fri, 7 Feb 2025 13:46:14 +0100 (CET) Received: from mail-qv1-f99.google.com (mail-qv1-f99.google.com [209.85.219.99]) by mails.dpdk.org (Postfix) with ESMTP id 976B742E5A for ; Fri, 7 Feb 2025 13:46:11 +0100 (CET) Received: by mail-qv1-f99.google.com with SMTP id 6a1803df08f44-6e42ff4f64cso24984006d6.1 for ; Fri, 07 Feb 2025 04:46:11 -0800 (PST) DKIM-Signature: v=1; a=rsa-sha256; c=relaxed/relaxed; d=iol.unh.edu; s=unh-iol; t=1738932371; x=1739537171; darn=dpdk.org; h=cc:to:from:subject:message-id:date:from:to:cc:subject:date :message-id:reply-to; bh=g4V+v/6mL/n25JihHtyML6uOs4q/Av1C/6JiFiPyLXw=; b=NjnfGLmJU2BnmEXAc7DmE6SVUBvgZ3uFo41mnQ/qrxxj6big+9+OOPF++mezyfw0hH 3YfLtqtKSRLqHCmRoweRZI67yGyAsii1t4wgPK21DV1VkH7EKQhN9LC9NAB9AelvLKcW TthRlcQLHrlgKLK+Fq7sMhQMfjfsv3P9wkZHc= X-Google-DKIM-Signature: v=1; a=rsa-sha256; c=relaxed/relaxed; d=1e100.net; s=20230601; t=1738932371; x=1739537171; h=cc:to:from:subject:message-id:date:x-gm-message-state:from:to:cc :subject:date:message-id:reply-to; bh=g4V+v/6mL/n25JihHtyML6uOs4q/Av1C/6JiFiPyLXw=; b=krjYZCYR9Xea71aEUVLAJxt3rAX3WqJuKoRKkb2oh2qAsr2Egh+nP3oejxXiezp/oC pvTwMv7w7CZLtiD46sF5VGoNmUDzW3iPjHziFKbh92wQcYsevuisjdkKD2T8ZLyESa04 1QCRxtd1ymwtWhJabSigTmRTb+HSE8ajPjmV8ESj4qsG5O8fgqX8Bk1MrpypMQtMl0kP kOPE7X3TJQH4NjxagW1XC8wutbp40vN0u9hQ6j4wNkPOi2ApxUn38WdrqeyXS0pRzSwV n10uIqAR0fWbPq441mHLqt0AEgEcx5EOPTczACDXA/b1f0s/3V5dKQB9k2fGEOUsrQyp hkSg== X-Gm-Message-State: AOJu0YxtLExwLXRbGW5Dg/gUyBvCiT92Dt2defY+9PzYZTZ2gBOUYG0Z ZZqBFvg2ieTegek/pPaE2AQSyKIYBBmcBiup62CNa5UWw+h8ielEAwN5Tyg6Ww1viAa2Le7gcOs FpXO0IM90fhpXMT8sMGGPJHWh++AItRayAOy6I1CJr6r3M+Kg X-Gm-Gg: ASbGncv0htooJG1UFnHV/U0vyi7N7+4A438bjcMRwK8ehDJdUpLP1EEvc6IXO992bp0 DGO2unr3UIznOxzWlFrNVBWVe1qeCfixmGBK2eOpD0BhiO1N/asKrkcIV44IPH7ZxS1h+Ccw+lv DkzbzSUeXeC7J9KrQX0ZhpHWR6l6OHX7RYvt7QL7ykND/2UCpbgMawihBRmEtDHqILU+7DUURKO fsMIYnxSHiLXQ+qi4YGLTFDHpJ4Ma50lDMUTqtb/ajZ9omr8I5JWoImxdEBXoTApL973j3P2sN7 /IedMWgK8ijebPHURswCPeQ+X9AzTpAz77qtiHWE3w== X-Google-Smtp-Source: AGHT+IEmFfUlJk9N02IGaFVmyJcMS94xM173S3neg5Pd8UsCq0EdsEnRsLp1VwKIyNYaaQsIWBgKo/baGdLP X-Received: by 2002:ad4:5d4a:0:b0:6e4:2e5b:8d3f with SMTP id 6a1803df08f44-6e445a1ee31mr36750826d6.14.1738932371018; Fri, 07 Feb 2025 04:46:11 -0800 (PST) Received: from postal.iol.unh.edu (postal.iol.unh.edu. [2606:4100:3880:1234::84]) by smtp-relay.gmail.com with ESMTPS id 6a1803df08f44-6e43ba3421fsm2167396d6.6.2025.02.07.04.46.10 (version=TLS1_2 cipher=ECDHE-ECDSA-AES128-GCM-SHA256 bits=128/128); Fri, 07 Feb 2025 04:46:11 -0800 (PST) X-Relaying-Domain: iol.unh.edu Date: Fri, 07 Feb 2025 04:46:11 -0800 (PST) Message-ID: <67a60093.050a0220.286ec1.bb3cSMTPIN_ADDED_MISSING@mx.google.com> Received: from [172.21.0.6] (unknown [172.18.0.240]) by postal.iol.unh.edu (Postfix) with ESMTP id B563A6052471; Fri, 7 Feb 2025 07:46:10 -0500 (EST) Subject: |FAILURE| [GIT MASTER] 7ce7d3341d7e21c2a81f2fea8e451681d7306d77 From: dpdklab@iol.unh.edu To: Test Report Cc: dpdk-test-reports@iol.unh.edu, Xueming Li , Christian Ehrhardt , Kevin Traynor , Luca Boccassi Content-Type: text/plain X-BeenThere: test-report@dpdk.org X-Mailman-Version: 2.1.29 Precedence: list List-Id: automatic DPDK test reports List-Unsubscribe: , List-Archive: List-Post: List-Help: List-Subscribe: , Errors-To: test-report-bounces@dpdk.org _Testing issues_ Branch: tags/v22.11 7ce7d3341d7e21c2a81f2fea8e451681d7306d77 --> testing issues Upstream job id: Generic-Unit-Test-DPDK#312664 Test environment and result as below: +---------------------+----------------+ | Environment | dpdk_unit_test | +=====================+================+ | Ubuntu 22.04 | FAIL | +---------------------+----------------+ | Fedora 41 (Clang) | FAIL | +---------------------+----------------+ | Fedora 41 | FAIL | +---------------------+----------------+ | Fedora 40 (Clang) | FAIL | +---------------------+----------------+ | RHEL8 | FAIL | +---------------------+----------------+ | CentOS Stream 9 | FAIL | +---------------------+----------------+ | Ubuntu 20.04 | FAIL | +---------------------+----------------+ | Fedora 40 | FAIL | +---------------------+----------------+ | Debian Bullseye | FAIL | +---------------------+----------------+ | Debian 12 | FAIL | +---------------------+----------------+ | Ubuntu 24.04 | FAIL | +---------------------+----------------+ | RHEL9 | FAIL | +---------------------+----------------+ | Windows Server 2022 | FAIL | +---------------------+----------------+ ==== Unit test summary for Windows Server 2022 (dpdk_unit_test): ==== Failed to get the unit test results. Displaying the unit test results is not supported for some environments, such as our aarch32 testing, where meson is not used to run the tests. Download the logs available on our CI site. ==== End log output ==== Ubuntu 22.04 Kernel: Depends on container host Compiler: gcc (Ubuntu 11.4.0-1ubuntu1~22.04) 11.4.0 Fedora 41 (Clang) Kernel: Depends on container host Compiler: clang 19.1.5 (Fedora 19.1.5-1.fc41) Fedora 41 Kernel: Depends on container host Compiler: gcc 14.2.1 20240912 (Red Hat 14.2.1-3) Fedora 40 (Clang) Kernel: Depends on container host Compiler: clang 18.1.8 (Fedora 18.1.8-1.fc40) RHEL8 Kernel: Depends on container host Compiler: gcc 8.5.0 20210514 (Red Hat 8.5.0-22) CentOS Stream 9 Kernel: Depends on container host Compiler: gcc 11.5.0 20240719 (Red Hat 11.5.0-2) Ubuntu 20.04 Kernel: Depends on container host Compiler: gcc (Ubuntu 9.4.0-1ubuntu1~20.04.2) 9.4.0 Fedora 40 Kernel: Depends on container host Compiler: gcc 14.2.1 20240912 (Red Hat 14.2.1-3) Debian Bullseye Kernel: Depends on container host Compiler: gcc (Debian 10.2.1-6) 10.2.1 20210110 Debian 12 Kernel: Depends on container host Compiler: gcc (Debian 12.2.0-14) 12.2.0 Ubuntu 24.04 Kernel: Depends on container host Compiler: gcc (Ubuntu 13.3.0-6ubuntu2~24.04) 13.3.0 RHEL9 Kernel: Depends on container host Compiler: gcc 11.5.0 20240719 (Red Hat 11.5.0-2) Windows Server 2022 Kernel: 10.0.20348.2031 Compiler: clang 15.0.7, gcc 14.1.0 (MinGW), and MSVC VS 19.39.33521 To view detailed results, visit: https://lab.dpdk.org/results/dashboard/tarballs/32482/ UNH-IOL DPDK Community Lab To manage your email subscriptions, visit: https://lab.dpdk.org/results/dashboard/preferences/subscriptions/