automatic DPDK test reports
 help / color / mirror / Atom feed
* |FAILURE| [GIT MASTER] f2eea2f37a82bb73fb01d56350708f7d70e21379
@ 2025-02-07 15:18 dpdklab
  0 siblings, 0 replies; 3+ messages in thread
From: dpdklab @ 2025-02-07 15:18 UTC (permalink / raw)
  To: Test Report
  Cc: dpdk-test-reports, Xueming Li, Christian Ehrhardt, Kevin Traynor,
	Luca Boccassi

_Testing issues_

Branch: tags/v24.11

f2eea2f37a82bb73fb01d56350708f7d70e21379 --> testing issues

Upstream job id: Generic-Unit-Test-DPDK#312660

Test environment and result as below:

+-----------------------------+----------------+---------------------------+--------------+------------------------------+
|         Environment         | dpdk_unit_test | cryptodev_sw_zuc_autotest | lpm_autotest | cryptodev_sw_snow3g_autotest |
+=============================+================+===========================+==============+==============================+
| CentOS Stream 9 (ARM)       | PASS           | SKIPPED                   | SKIPPED      | SKIPPED                      |
+-----------------------------+----------------+---------------------------+--------------+------------------------------+
| Debian 11 (Buster) (ARM)    | PASS           | SKIPPED                   | SKIPPED      | SKIPPED                      |
+-----------------------------+----------------+---------------------------+--------------+------------------------------+
| Debian 12 (arm)             | PASS           | PASS                      | SKIPPED      | PASS                         |
+-----------------------------+----------------+---------------------------+--------------+------------------------------+
| Ubuntu 20.04 (ARM)          | FAIL           | SKIPPED                   | SKIPPED      | SKIPPED                      |
+-----------------------------+----------------+---------------------------+--------------+------------------------------+
| Fedora 40 (ARM)             | PASS           | SKIPPED                   | SKIPPED      | SKIPPED                      |
+-----------------------------+----------------+---------------------------+--------------+------------------------------+
| RHEL9 (ARM)                 | PASS           | SKIPPED                   | SKIPPED      | SKIPPED                      |
+-----------------------------+----------------+---------------------------+--------------+------------------------------+
| Fedora 41 (ARM)             | PASS           | SKIPPED                   | SKIPPED      | SKIPPED                      |
+-----------------------------+----------------+---------------------------+--------------+------------------------------+
| Fedora 40 (ARM Clang)       | PASS           | SKIPPED                   | SKIPPED      | SKIPPED                      |
+-----------------------------+----------------+---------------------------+--------------+------------------------------+
| Fedora 41 (ARM Clang)       | PASS           | SKIPPED                   | SKIPPED      | SKIPPED                      |
+-----------------------------+----------------+---------------------------+--------------+------------------------------+
| Ubuntu 24.04 (ARM)          | PASS           | SKIPPED                   | SKIPPED      | SKIPPED                      |
+-----------------------------+----------------+---------------------------+--------------+------------------------------+
| Ubuntu 22.04 (ARM)          | PASS           | SKIPPED                   | SKIPPED      | SKIPPED                      |
+-----------------------------+----------------+---------------------------+--------------+------------------------------+
| 32-bit Ubuntu 22.04.4 (ARM) | PASS           | SKIPPED                   | SKIPPED      | SKIPPED                      |
+-----------------------------+----------------+---------------------------+--------------+------------------------------+
| Ubuntu 20.04 ARM SVE        | SKIPPED        | SKIPPED                   | PASS         | SKIPPED                      |
+-----------------------------+----------------+---------------------------+--------------+------------------------------+

==== Unit test summary for Ubuntu 20.04 (ARM) (dpdk_unit_test): ====
ninja: Entering directory `/home-local/jenkins-local/jenkins-agent/workspace/Generic-Unit-Test-DPDK/dpdk/build'
ninja: no work to do.
  1/118 DPDK:fast-tests / acl_autotest                   OK              10.92s
  2/118 DPDK:fast-tests / alarm_autotest                 OK               1.43s
  3/118 DPDK:fast-tests / argparse_autotest              OK               0.38s
  4/118 DPDK:fast-tests / atomic_autotest                OK               9.95s
  5/118 DPDK:fast-tests / bitcount_autotest              OK               0.35s
  6/118 DPDK:fast-tests / bitmap_autotest                OK               0.31s
  7/118 DPDK:fast-tests / bitops_autotest                OK               1.82s
  8/118 DPDK:fast-tests / bitratestats_autotest          OK               0.33s
  9/118 DPDK:fast-tests / bitset_autotest                OK               5.22s
 10/118 DPDK:fast-tests / bpf_autotest                   OK               0.32s
 11/118 DPDK:fast-tests / bpf_convert_autotest           OK               0.33s
 12/118 DPDK:fast-tests / byteorder_autotest             OK               0.31s
 13/118 DPDK:fast-tests / cfgfile_autotest               OK               0.31s
 14/118 DPDK:fast-tests / cksum_autotest                 OK               0.31s
 15/118 DPDK:fast-tests / cmdline_autotest               OK               0.32s
 16/118 DPDK:fast-tests / common_autotest                OK               1.77s
 17/118 DPDK:fast-tests / compressdev_autotest           SKIP             0.18s   exit status 77
 18/118 DPDK:fast-tests / cpuflags_autotest              OK               0.36s
 19/118 DPDK:fast-tests / crc_autotest                   OK               0.32s
 20/118 DPDK:fast-tests / user_delay_us                  OK               0.32s
 21/118 DPDK:fast-tests / debug_autotest                 OK               1.81s
 22/118 DPDK:fast-tests / devargs_autotest               OK               0.33s
 23/118 DPDK:fast-tests / dispatcher_autotest            FAIL             5.74s   (exit status 255 or signal 127 SIGinvalid)
>>> MALLOC_PERTURB_=40 DPDK_TEST=dispatcher_autotest /home-local/jenkins-local/jenkins-agent/workspace/Generic-Unit-Test-DPDK/dpdk/build/app/dpdk-test

 24/118 DPDK:fast-tests / distributor_autotest           OK               1.12s
 25/118 DPDK:fast-tests / eal_flags_c_opt_autotest       OK               3.45s
 26/118 DPDK:fast-tests / eal_flags_main_opt_autotest    OK               0.87s
 27/118 DPDK:fast-tests / eal_flags_n_opt_autotest       OK               0.79s
 28/118 DPDK:fast-tests / eal_flags_hpet_autotest        OK               0.45s
 29/118 DPDK:fast-tests / eal_flags_no_huge_autotest     OK               0.89s
 30/118 DPDK:fast-tests / eal_flags_a_opt_autotest       OK               1.24s
 31/118 DPDK:fast-tests / eal_flags_b_opt_autotest       OK               0.98s
 32/118 DPDK:fast-tests / eal_flags_vdev_opt_autotest    OK               0.74s
 33/118 DPDK:fast-tests / eal_flags_r_opt_autotest       OK               0.73s
 34/118 DPDK:fast-tests / eal_flags_mem_autotest         OK               1.12s
 35/118 DPDK:fast-tests / eal_flags_file_prefix_autotest OK               3.08s
 36/118 DPDK:fast-tests / eal_flags_misc_autotest        OK               4.07s
 37/118 DPDK:fast-tests / eal_fs_autotest                OK               0.36s
 38/118 DPDK:fast-tests / errno_autotest                 OK               0.31s
 39/118 DPDK:fast-tests / ethdev_link_status             OK               0.31s
 40/118 DPDK:fast-tests / event_eth_tx_adapter_autotest  OK               2.31s
 41/118 DPDK:fast-tests / event_ring_autotest            OK               0.35s
 42/118 DPDK:fast-tests / eventdev_common_autotest       OK               0.32s
 43/118 DPDK:fast-tests / eventdev_selftest_sw           OK              13.70s
 44/118 DPDK:fast-tests / fbarray_autotest               OK               0.32s
 45/118 DPDK:fast-tests / fib_autotest                   OK               2.01s
 46/118 DPDK:fast-tests / fib6_autotest                  OK               1.67s
 47/118 DPDK:fast-tests / func_reentrancy_autotest       OK               1.45s
 48/118 DPDK:fast-tests / graph_autotest                 OK               0.35s
 49/118 DPDK:fast-tests / node_list_dump                 OK               0.31s
 50/118 DPDK:fast-tests / hash_autotest                  OK               1.03s
 51/118 DPDK:fast-tests / hash_readwrite_func_autotest   OK              15.16s
 52/118 DPDK:fast-tests / interrupt_autotest             OK               1.37s
 53/118 DPDK:fast-tests / ipfrag_autotest                OK               0.19s
 54/118 DPDK:fast-tests / ipsec_autotest                 SKIP             0.35s   exit status 77
 55/118 DPDK:fast-tests / kvargs_autotest                OK               0.32s
 56/118 DPDK:fast-tests / latencystats_autotest          OK               0.33s
 57/118 DPDK:fast-tests / lcore_var_autotest             OK               1.26s
 58/118 DPDK:fast-tests / lcores_autotest                OK              96.17s
 59/118 DPDK:fast-tests / logs_autotest                  OK               0.31s
 60/118 DPDK:fast-tests / lpm_autotest                   OK               3.44s
 61/118 DPDK:fast-tests / lpm6_autotest                  OK               9.85s
 62/118 DPDK:fast-tests / malloc_autotest                OK               0.87s
 63/118 DPDK:fast-tests / mbuf_autotest                  OK               4.88s
 64/118 DPDK:fast-tests / mcslock_autotest               OK               2.16s
 65/118 DPDK:fast-tests / member_autotest                OK               2.90s
 66/118 DPDK:fast-tests / memcpy_autotest                OK              11.12s
 67/118 DPDK:fast-tests / memory_autotest                OK               0.18s
 68/118 DPDK:fast-tests / mempool_autotest               OK               0.76s
 69/118 DPDK:fast-tests / memzone_autotest               OK               0.21s
 70/118 DPDK:fast-tests / meter_autotest                 OK               0.35s
 71/118 DPDK:fast-tests / metrics_autotest               OK               0.32s
 72/118 DPDK:fast-tests / multiprocess_autotest          OK               0.70s
 73/118 DPDK:fast-tests / net_ether_autotest             OK               2.17s
 74/118 DPDK:fast-tests / net_ipv6_autotest              OK               0.32s
 75/118 DPDK:fast-tests / pcapng_autotest                OK               6.82s
 76/118 DPDK:fast-tests / pdcp_autotest                  SKIP             0.19s   exit status 77
 77/118 DPDK:fast-tests / pdump_autotest                 OK               0.88s
 78/118 DPDK:fast-tests / per_lcore_autotest             OK               0.45s
 79/118 DPDK:fast-tests / pflock_autotest                OK               0.67s
 80/118 DPDK:fast-tests / pie_autotest                   OK               0.33s
 81/118 DPDK:fast-tests / ring_pmd_autotest              OK               0.33s
 82/118 DPDK:fast-tests / power_autotest                 OK               0.31s
 83/118 DPDK:fast-tests / power_cpufreq_autotest         SKIP             0.18s   exit status 77
 84/118 DPDK:fast-tests / power_intel_uncore_autotest    SKIP             0.36s   exit status 77
 85/118 DPDK:fast-tests / power_kvm_vm_autotest          SKIP             0.18s   exit status 77
 86/118 DPDK:fast-tests / prefetch_autotest              OK               0.37s
 87/118 DPDK:fast-tests / ptr_compress_autotest          OK               0.33s
 88/118 DPDK:fast-tests / rawdev_autotest                OK               0.32s
 89/118 DPDK:fast-tests / rcu_qsbr_autotest              OK               1.32s
 90/118 DPDK:fast-tests / reorder_autotest               OK               0.82s
 91/118 DPDK:fast-tests / rib_autotest                   OK               7.87s
 92/118 DPDK:fast-tests / rib6_autotest                  OK               7.78s
 93/118 DPDK:fast-tests / ring_autotest                  OK               0.37s
 94/118 DPDK:fast-tests / rwlock_test1_autotest          OK               0.66s
 95/118 DPDK:fast-tests / rwlock_rda_autotest            OK               5.39s
 96/118 DPDK:fast-tests / rwlock_rds_wrm_autotest        OK               5.32s
 97/118 DPDK:fast-tests / rwlock_rde_wro_autotest        OK               5.31s
 98/118 DPDK:fast-tests / sched_autotest                 OK               0.33s
 99/118 DPDK:fast-tests / security_autotest              OK               0.18s
100/118 DPDK:fast-tests / seqlock_autotest               OK               2.45s
101/118 DPDK:fast-tests / service_autotest               OK               3.02s
102/118 DPDK:fast-tests / spinlock_autotest              OK               0.35s
103/118 DPDK:fast-tests / stack_autotest                 OK               0.73s
104/118 DPDK:fast-tests / stack_lf_autotest              OK               0.69s
105/118 DPDK:fast-tests / string_autotest                OK               0.36s
106/118 DPDK:fast-tests / table_autotest                 OK              14.25s
107/118 DPDK:fast-tests / tailq_autotest                 OK               0.31s
108/118 DPDK:fast-tests / telemetry_data_autotest        OK               0.32s
109/118 DPDK:fast-tests / telemetry_json_autotest        OK               0.31s
110/118 DPDK:fast-tests / thash_autotest                 OK               0.34s
111/118 DPDK:fast-tests / threads_autotest               OK               0.48s
112/118 DPDK:fast-tests / ticketlock_autotest            OK               0.37s
113/118 DPDK:fast-tests / timer_autotest                 OK               3.42s
114/118 DPDK:fast-tests / trace_autotest                 OK               0.38s
115/118 DPDK:fast-tests / trace_autotest_with_traces     OK               0.35s
116/118 DPDK:fast-tests / vdev_autotest                  OK               0.32s
117/118 DPDK:fast-tests / version_autotest               OK               0.32s
118/118 DPDK:fast-tests / telemetry_all                  OK               1.30s


Ok:                 111 
Expected Fail:      0   
Fail:               1   
Unexpected Pass:    0   
Skipped:            6   
Timeout:            0   

Full log written to /home-local/jenkins-local/jenkins-agent/workspace/Generic-Unit-Test-DPDK/dpdk/build/meson-logs/testlog.txt



Test log output from the failed test dispatcher_autotest:

Sorry, we were not able to find the logs for this test.
Download the log output from the CI site for this test run.
==== End log output ====

CentOS Stream 9 (ARM)
	Kernel: Depends on container host
	Compiler: gcc 11.5.0 20240719 (Red Hat 11.5.0-2)

Debian 11 (Buster) (ARM)
	Kernel: Depends on container host
	Compiler: gcc (Debian 10.2.1-6) 10.2.1 20210110

Debian 12 (arm)
	Kernel: Depends on container host
	Compiler: gcc (Debian 12.2.0-14) 12.2.0

Ubuntu 20.04 (ARM)
	Kernel: Depends on container host
	Compiler: gcc (Ubuntu 9.4.0-1ubuntu1~20.04.2) 9.4.0

Fedora 40 (ARM)
	Kernel: Depends on container host
	Compiler: gcc 14.2.1 20240912 (Red Hat 14.2.1-3)

RHEL9 (ARM)
	Kernel: Depends on container host
	Compiler: gcc 11.5.0 20240719 (Red Hat 11.5.0-2)

Fedora 41 (ARM)
	Kernel: Depends on container host
	Compiler: gcc 14.2.1 20240912 (Red Hat 14.2.1-3)

Fedora 40 (ARM Clang)
	Kernel: Depends on container host
	Compiler: clang 18.1.8 (Fedora 18.1.8-1.fc40)

Fedora 41 (ARM Clang)
	Kernel: Depends on container host
	Compiler: clang 19.1.5 (Fedora 19.1.5-1.fc41)

Ubuntu 24.04 (ARM)
	Kernel: Depends on container host
	Compiler: gcc (Ubuntu 13.3.0-6ubuntu2~24.04) 13.3.0

Ubuntu 22.04 (ARM)
	Kernel: Depends on container host
	Compiler: gcc (Ubuntu 11.4.0-1ubuntu1~22.04) 11.4.0

32-bit Ubuntu 22.04.4 (ARM)
	Kernel: 5.15.83+ aarch64
	Compiler: gcc (Ubuntu 11.4.0-1ubuntu1~22.04) 11.4.0

Ubuntu 20.04 ARM SVE
	Kernel: Depends on container host
	Compiler: gcc (Ubuntu 10.5.0-1ubuntu1~20.04) 10.5.0

To view detailed results, visit:
https://lab.dpdk.org/results/dashboard/tarballs/32483/

UNH-IOL DPDK Community Lab

To manage your email subscriptions, visit: 
https://lab.dpdk.org/results/dashboard/preferences/subscriptions/

^ permalink raw reply	[flat|nested] 3+ messages in thread
* |FAILURE| [GIT MASTER] f2eea2f37a82bb73fb01d56350708f7d70e21379
@ 2024-12-28  6:09 dpdklab
  0 siblings, 0 replies; 3+ messages in thread
From: dpdklab @ 2024-12-28  6:09 UTC (permalink / raw)
  To: Patrick Robb, Test Report
  Cc: dpdk-test-reports, Xueming Li, Christian Ehrhardt, Kevin Traynor,
	Luca Boccassi

_Performance Testing issues_

Branch: tags/v24.11

f2eea2f37a82bb73fb01d56350708f7d70e21379 --> performance testing issues

Upstream job id: Template-DTS-Pipeline#204651

Test environment and result as below:

Ubuntu 22.04
Kernel: 5.15.0-100-generic
Compiler: gcc (Ubuntu 11.4.0-1ubuntu1~22.04) 11.4.0
NIC: Broadcom Inc. and subsidiaries BCM57414 NetXtreme-E 10Gb/25Gb RDMA Ethernet Controller 16d7 25 Mbps
Fail/Total: 2/3
Failed cases list:
      - DTS https://dpdklab.iol.unh.edu/results/testcases/1/

Detail performance results: 
+------------+---------+----------+-------------+------------------------------+
| frame_size | txd/rxd | num_cpus | num_threads |  throughput difference from  |
|            |         |          |             |           expected           |
+============+=========+==========+=============+==============================+
| 64         | 128     | 1        | 1           | -7.1%                        |
+------------+---------+----------+-------------+------------------------------+
| 64         | 512     | 1        | 1           | -7.0%                        |
+------------+---------+----------+-------------+------------------------------+
| 64         | 2048    | 1        | 1           | -5.2%                        |
+------------+---------+----------+-------------+------------------------------+

Ubuntu 22.04 ARM
Kernel: 5.15.83+
Compiler: gcc 11.4.0
NIC: Arm Broadcom Inc. brcm_57414 25000 Mbps
Fail/Total: 0/2

Detail performance results: 
+------------+---------+----------+-------------+------------------------------+
| frame_size | txd/rxd | num_cpus | num_threads |  throughput difference from  |
|            |         |          |             |           expected           |
+============+=========+==========+=============+==============================+
| 64         | 512     | 1        | 1           | 0.0%                         |
+------------+---------+----------+-------------+------------------------------+
| 64         | 2048    | 1        | 1           | 0.0%                         |
+------------+---------+----------+-------------+------------------------------+

To view detailed results, visit:
https://lab.dpdk.org/results/dashboard/tarballs/32068/

UNH-IOL DPDK Community Lab

To manage your email subscriptions, visit: 
https://lab.dpdk.org/results/dashboard/preferences/subscriptions/

^ permalink raw reply	[flat|nested] 3+ messages in thread
* |FAILURE| [GIT MASTER] f2eea2f37a82bb73fb01d56350708f7d70e21379
@ 2024-12-28  5:46 dpdklab
  0 siblings, 0 replies; 3+ messages in thread
From: dpdklab @ 2024-12-28  5:46 UTC (permalink / raw)
  To: Patrick Robb, Test Report
  Cc: dpdk-test-reports, Xueming Li, Christian Ehrhardt, Kevin Traynor,
	Luca Boccassi

_Performance Testing issues_

Branch: tags/v24.11

f2eea2f37a82bb73fb01d56350708f7d70e21379 --> performance testing issues

Upstream job id: Template-DTS-Pipeline#204650

Test environment and result as below:

Ubuntu 22.04
Kernel: 5.15.0-100-generic
Compiler: gcc (Ubuntu 11.4.0-1ubuntu1~22.04) 11.4.0
NIC: Broadcom Inc. and subsidiaries BCM57414 NetXtreme-E 10Gb/25Gb RDMA Ethernet Controller 16d7 25 Mbps
Fail/Total: 2/3
Failed cases list:
      - DTS https://dpdklab.iol.unh.edu/results/testcases/1/

Detail performance results: 
+------------+---------+----------+-------------+------------------------------+
| frame_size | txd/rxd | num_cpus | num_threads |  throughput difference from  |
|            |         |          |             |           expected           |
+============+=========+==========+=============+==============================+
| 64         | 128     | 1        | 1           | -7.1%                        |
+------------+---------+----------+-------------+------------------------------+
| 64         | 512     | 1        | 1           | -7.0%                        |
+------------+---------+----------+-------------+------------------------------+
| 64         | 2048    | 1        | 1           | -5.2%                        |
+------------+---------+----------+-------------+------------------------------+

Ubuntu 22.04 ARM
Kernel: 5.15.83+
Compiler: gcc 11.4.0
NIC: Arm Broadcom Inc. brcm_57414 25000 Mbps
Fail/Total: 0/1

Detail performance results: 
The measurement deltas are not ready yet! Please check back later.

To view detailed results, visit:
https://lab.dpdk.org/results/dashboard/tarballs/32068/

UNH-IOL DPDK Community Lab

To manage your email subscriptions, visit: 
https://lab.dpdk.org/results/dashboard/preferences/subscriptions/

^ permalink raw reply	[flat|nested] 3+ messages in thread

end of thread, other threads:[~2025-02-07 15:18 UTC | newest]

Thread overview: 3+ messages (download: mbox.gz / follow: Atom feed)
-- links below jump to the message on this page --
2025-02-07 15:18 |FAILURE| [GIT MASTER] f2eea2f37a82bb73fb01d56350708f7d70e21379 dpdklab
  -- strict thread matches above, loose matches on Subject: below --
2024-12-28  6:09 dpdklab
2024-12-28  5:46 dpdklab

This is a public inbox, see mirroring instructions
for how to clone and mirror all data and code used for this inbox;
as well as URLs for NNTP newsgroup(s).