From mboxrd@z Thu Jan 1 00:00:00 1970 Return-Path: Received: from mails.dpdk.org (mails.dpdk.org [217.70.189.124]) by inbox.dpdk.org (Postfix) with ESMTP id 1AAF4461BE for ; Fri, 7 Feb 2025 19:25:14 +0100 (CET) Received: from mails.dpdk.org (localhost [127.0.0.1]) by mails.dpdk.org (Postfix) with ESMTP id 1822142EE8; Fri, 7 Feb 2025 19:25:14 +0100 (CET) Received: from mail-il1-f225.google.com (mail-il1-f225.google.com [209.85.166.225]) by mails.dpdk.org (Postfix) with ESMTP id 16E9042EE9 for ; Fri, 7 Feb 2025 19:25:11 +0100 (CET) Received: by mail-il1-f225.google.com with SMTP id e9e14a558f8ab-3cfcf8b7455so17316555ab.3 for ; Fri, 07 Feb 2025 10:25:11 -0800 (PST) DKIM-Signature: v=1; a=rsa-sha256; c=relaxed/relaxed; d=iol.unh.edu; s=unh-iol; t=1738952710; x=1739557510; darn=dpdk.org; h=references:in-reply-to:cc:to:from:subject:message-id:date:from:to :cc:subject:date:message-id:reply-to; bh=74IQJgteywM8MPDzbxurGH5RXEC9j84OUFGKKncUcnA=; b=dgR7F6K3s/pQzjpTMh4rFdAulSPGX5J55eaNb5fiMkAhIRRfRfLMeSDrX/A23vTUQB yt+hvaDB09/W5LInVA47vs9WPDwxxpyc8Img4Zw6AK8JnuM5uyLzzP7kGLVsF8YpJWt7 oBQz1C2Hv+Yc0lXutYpYUoWZKqDHFI8GYOTLw= X-Google-DKIM-Signature: v=1; a=rsa-sha256; c=relaxed/relaxed; d=1e100.net; s=20230601; t=1738952710; x=1739557510; h=references:in-reply-to:cc:to:from:subject:message-id:date :x-gm-message-state:from:to:cc:subject:date:message-id:reply-to; bh=74IQJgteywM8MPDzbxurGH5RXEC9j84OUFGKKncUcnA=; b=fhlODIZzuml/kAO+QZ37Ylp+FF2eZRqR6OGvvOd38WeOcroHMgo8QpglcwgHv0BmeK aK/SZ4yDJ5rHv14iMm/Lhd37M9M8N01VYmcMhEGND+hZw7C7P8LE8rpWtHGifJWhkjA6 2nESGUHJznH+aphPw7U6TCI+dSSEkM/LxCPU6/l6ShQBF9HN0xWSX7Xl/kMbaWGxUV5g CPw3TaYcfTc2QUnCd9l/9vdE8OFVM+riV/iM2aRWvNM9Mcxw7shCLMUOEcJeDszruVMx /lzGlWw615iWvEyGuIWKZpfQAgK2TBTANGjbsq89Cmj/GcI65IphQWXJViPGAxtg4hdO ogWQ== X-Gm-Message-State: AOJu0YzRRTvKUxDgfAw1wJ7YHqw8OCjLF9Y4GTfS/LXqgKkOZX+ChiLY RvBpwI0+LcJjTgeX84XzHT9tmkcCUt5feT32Y8FIzQlVOqNUYRIW3Lk19BgrgOBp0WltezMjVjp 7roqFmsh9E7FMHUj+S2vN2D7Crb+DnJdaYpMo25j6 X-Gm-Gg: ASbGnctLc364NKIV4e3qewcj2dBuChNwO36BA0lxzOn9LAYR2F//g3d2ICAz2a9naC6 MnxNgh+vy/N2i4f67nGIlStDa2O9+Js12ZgGxaQPgUtlpFkvpYze/EA/Pi9QpwJqHLOt5sbpaeN T5sMWogQfx84C7f5V5smnIikLZsIHo6n+Ju/A1ffST5iMQi9443wlIIDLeq18eDKzrPc7MqYebv dEIKiY/h0BtBoyU9Vc27Cp7BXlLvsprj5Er6OhF0dsfBzrCnkwsduhNLf3sAUmDwq0TeGYNez3z ZHHRipjoT2BPtQ9GQ78tClozE1NiQw== X-Google-Smtp-Source: AGHT+IGGZBpIgNPubaZh78SHS2S62d0j549NmVw812+J+ZqkGdUopfgANiKXdcthrdG06cQybT/ouyoShzJW X-Received: by 2002:a05:6e02:1448:b0:3cf:ce7c:b8b7 with SMTP id e9e14a558f8ab-3d13dec9b11mr27895895ab.10.1738952710458; Fri, 07 Feb 2025 10:25:10 -0800 (PST) Received: from postal.iol.unh.edu (postal.iol.unh.edu. [132.177.123.84]) by smtp-relay.gmail.com with ESMTPS id e9e14a558f8ab-3d05ea209cesm2505825ab.64.2025.02.07.10.25.10 (version=TLS1_2 cipher=ECDHE-ECDSA-AES128-GCM-SHA256 bits=128/128); Fri, 07 Feb 2025 10:25:10 -0800 (PST) X-Relaying-Domain: iol.unh.edu Date: Fri, 07 Feb 2025 10:25:10 -0800 (PST) Message-ID: <67a65006.050a0220.5daf0.cdb2SMTPIN_ADDED_MISSING@mx.google.com> Received: from [172.21.0.6] (unknown [172.18.0.240]) by postal.iol.unh.edu (Postfix) with ESMTP id ED5BA6052471; Fri, 7 Feb 2025 13:25:09 -0500 (EST) Subject: |FAILURE| pw149266-149277 [PATCH] [v3,15/15] net/zxdh: mtu update op From: dpdklab@iol.unh.edu To: Test Report Cc: dpdk-test-reports@iol.unh.edu, Junlong Wang In-Reply-To: <20241217114133.1171174-16-wang.junlong1@zte.com.cn> References: <20241217114133.1171174-16-wang.junlong1@zte.com.cn> Content-Type: text/plain X-BeenThere: test-report@dpdk.org X-Mailman-Version: 2.1.29 Precedence: list List-Id: automatic DPDK test reports List-Unsubscribe: , List-Archive: List-Post: List-Help: List-Subscribe: , Errors-To: test-report-bounces@dpdk.org Test-Label: iol-compile-amd64-testing Test-Status: FAILURE http://dpdk.org/patch/149277 _Testing issues_ Submitter: Junlong Wang Date: Tuesday, December 17 2024 11:41:33 DPDK git baseline: Repo:dpdk Branch: master CommitID:78d0246a2e2fb14cba220d507192d12d2ce896ac 149266-149277 --> testing issues Test environment and result as below: +---------------------+--------------------+------------------+-------------------+-------------------+-------------------------+----------------------+ | Environment | dpdk_meson_compile | dpdk_compile_ovs | dpdk_compile_spdk | dpdk_msvc_compile | dpdk_llvm_clang_compile | dpdk_mingw64_compile | +=====================+====================+==================+===================+===================+=========================+======================+ | CentOS Stream 9 | PASS | PASS | PASS | SKIPPED | SKIPPED | SKIPPED | +---------------------+--------------------+------------------+-------------------+-------------------+-------------------------+----------------------+ | Fedora 39 | PASS | PASS | PASS | SKIPPED | SKIPPED | SKIPPED | +---------------------+--------------------+------------------+-------------------+-------------------+-------------------------+----------------------+ | RHEL8 | PASS | PASS | SKIPPED | SKIPPED | SKIPPED | SKIPPED | +---------------------+--------------------+------------------+-------------------+-------------------+-------------------------+----------------------+ | RHEL9 | PASS | PASS | SKIPPED | SKIPPED | SKIPPED | SKIPPED | +---------------------+--------------------+------------------+-------------------+-------------------+-------------------------+----------------------+ | Ubuntu 20.04 | PASS | SKIPPED | SKIPPED | SKIPPED | SKIPPED | SKIPPED | +---------------------+--------------------+------------------+-------------------+-------------------+-------------------------+----------------------+ | Ubuntu 22.04 | PASS | PASS | PASS | SKIPPED | SKIPPED | SKIPPED | +---------------------+--------------------+------------------+-------------------+-------------------+-------------------------+----------------------+ | Ubuntu 24.04 | PASS | PASS | PASS | SKIPPED | SKIPPED | SKIPPED | +---------------------+--------------------+------------------+-------------------+-------------------+-------------------------+----------------------+ | FreeBSD 13.4 | PASS | SKIPPED | SKIPPED | SKIPPED | SKIPPED | SKIPPED | +---------------------+--------------------+------------------+-------------------+-------------------+-------------------------+----------------------+ | FreeBSD 14.2 | PASS | SKIPPED | SKIPPED | SKIPPED | SKIPPED | SKIPPED | +---------------------+--------------------+------------------+-------------------+-------------------+-------------------------+----------------------+ | Debian 12 | PASS | PASS | PASS | SKIPPED | SKIPPED | SKIPPED | +---------------------+--------------------+------------------+-------------------+-------------------+-------------------------+----------------------+ | Fedora 39 (Clang) | PASS | PASS | PASS | SKIPPED | SKIPPED | SKIPPED | +---------------------+--------------------+------------------+-------------------+-------------------+-------------------------+----------------------+ | Fedora 40 | FAIL | WARN | WARN | SKIPPED | SKIPPED | SKIPPED | +---------------------+--------------------+------------------+-------------------+-------------------+-------------------------+----------------------+ | openSUSE Leap 15 | PASS | WARN | SKIPPED | SKIPPED | SKIPPED | SKIPPED | +---------------------+--------------------+------------------+-------------------+-------------------+-------------------------+----------------------+ | Alpine | PASS | PASS | SKIPPED | SKIPPED | SKIPPED | SKIPPED | +---------------------+--------------------+------------------+-------------------+-------------------+-------------------------+----------------------+ | Windows Server 2022 | SKIPPED | SKIPPED | SKIPPED | PASS | PASS | PASS | +---------------------+--------------------+------------------+-------------------+-------------------+-------------------------+----------------------+ ==== 20 line log output for openSUSE Leap 15 (dpdk_compile_ovs): ==== --- Failed to get log output --- ==== End log output ==== CentOS Stream 9 Kernel: Depends on container host Compiler: gcc 11.5.0 20240719 (Red Hat 11.5.0-2) Fedora 39 Kernel: Depends on container host Compiler: gcc 13.3.1 20240522 (Red Hat 13.3.1-1) RHEL8 Kernel: Depends on container host Compiler: gcc 8.5.0 20210514 (Red Hat 8.5.0-22) RHEL9 Kernel: Depends on container host Compiler: gcc 11.5.0 20240719 (Red Hat 11.5.0-2) Ubuntu 20.04 Kernel: Depends on container host Compiler: gcc (Ubuntu 9.4.0-1ubuntu1~20.04.2) 9.4.0 Ubuntu 22.04 Kernel: Depends on container host Compiler: gcc (Ubuntu 11.4.0-1ubuntu1~22.04) 11.4.0 Ubuntu 24.04 Kernel: Depends on container host Compiler: gcc (Ubuntu 13.3.0-6ubuntu2~24.04) 13.3.0 FreeBSD 13.4 Kernel: 13.4-RELEASE-p1 Compiler: clang 18.1.6 FreeBSD 14.2 Kernel: 14.2-RELEASE Compiler: clang 18.1.6 Debian 12 Kernel: Depends on container host Compiler: gcc (Debian 12.2.0-14) 12.2.0 Fedora 39 (Clang) Kernel: Depends on container host Compiler: clang 17.0.6 (Fedora 17.0.6-2.fc39) Fedora 40 Kernel: Depends on container host Compiler: gcc 14.2.1 20240912 (Red Hat 14.2.1-3) openSUSE Leap 15 Kernel: Depends on container host Compiler: gcc (SUSE Linux) 7.5.0 Alpine Kernel: Depends on container host Compiler: gcc (Alpine 14.2.0) 14.2.0 Windows Server 2022 Kernel: 10.0.20348.2031 Compiler: clang 15.0.7, gcc 14.1.0 (MinGW), and MSVC VS 19.39.33521 To view detailed results, visit: https://lab.dpdk.org/results/dashboard/patchsets/32152/ UNH-IOL DPDK Community Lab To manage your email subscriptions, visit: https://lab.dpdk.org/results/dashboard/preferences/subscriptions/