From mboxrd@z Thu Jan 1 00:00:00 1970 Return-Path: Received: from mails.dpdk.org (mails.dpdk.org [217.70.189.124]) by inbox.dpdk.org (Postfix) with ESMTP id 32115461BE for ; Fri, 7 Feb 2025 19:29:32 +0100 (CET) Received: from mails.dpdk.org (localhost [127.0.0.1]) by mails.dpdk.org (Postfix) with ESMTP id 2CBD642ED5; Fri, 7 Feb 2025 19:29:32 +0100 (CET) Received: from mail-pj1-f97.google.com (mail-pj1-f97.google.com [209.85.216.97]) by mails.dpdk.org (Postfix) with ESMTP id 022B442E90 for ; Fri, 7 Feb 2025 19:29:29 +0100 (CET) Received: by mail-pj1-f97.google.com with SMTP id 98e67ed59e1d1-2f9ba87f5d4so3423793a91.3 for ; Fri, 07 Feb 2025 10:29:28 -0800 (PST) DKIM-Signature: v=1; a=rsa-sha256; c=relaxed/relaxed; d=iol.unh.edu; s=unh-iol; t=1738952968; x=1739557768; darn=dpdk.org; h=references:in-reply-to:cc:to:from:subject:message-id:date:from:to :cc:subject:date:message-id:reply-to; bh=DZ/M8Fg0kk0JtwhQQF79tq3Pifzhrzgc0OueibJmxyY=; b=hxoPTZmuEp83Pn4r5ipxeMLL/c4Z07XZYq+bU0DT5NiMD03Ldw+tA5fwGEeVf8p/zf i76FIiv3d+NoHYUuETp8DaJ6WA7yCDKdNoUGzi0usntvkaMfhUwdqX8uGwUMj5b6E2H4 /aKZuv9bWxVISyVrH3qw1EhNSxtIgHzTZcWZk= X-Google-DKIM-Signature: v=1; a=rsa-sha256; c=relaxed/relaxed; d=1e100.net; s=20230601; t=1738952968; x=1739557768; h=references:in-reply-to:cc:to:from:subject:message-id:date :x-gm-message-state:from:to:cc:subject:date:message-id:reply-to; bh=DZ/M8Fg0kk0JtwhQQF79tq3Pifzhrzgc0OueibJmxyY=; b=eZaxmmZ7hN7qt9so4NKImMiyljBLPbiOy5+WpTxPDK50Dlx30mMK8sWD0HFAl3p1YQ 9IwjtHpqgREwFYweQeN8tik5PgycKd9ZnjAXCQgv3hZEEt33TNGHlXaAwQV1W5gfFEUv w8nlz6uSX39WYWffwVa4382AzTjYJgFxDAqvLLr1Ce+htO+M83pJ/dikKI2DNc0Z/O5r Ztoy5v9a7r1nw5L56cibqeGx3NJTKkvdp+uZvOYuhQR9LbHU4JOto3e1dhqTC4fLR548 0FU4hZzz09qg4n0GjksfdWZ4OqGWfPyED3aLfu8+2EXYEYVrLjY6u8MlFSgPwVuAUpv6 dnlQ== X-Gm-Message-State: AOJu0Yx55QbIXMwkrEOaZLTQitPXFa0gT5g6c/UobHayBDIDxcyaKKy4 7lRa4otLrlM/xMrEpFTQCD82vtAm2oBfhTcJ1uhzLvZyKcRmVS9opXlMb7HLeqpDoBmIcJC9RuE c+k1A4s+1RfNcV07Bqn3IKyHKOpFVZCtadOzzSiNo X-Gm-Gg: ASbGncuiVdIjx2qnzRRCDgNwmfZJeK8Y/9DrtiOlE5dzDE7F4S40SQdRb4Trm3e89P/ ZJyXXkdc9DOybvYRcmH7hp7FHSV2Kh/fImq4qcfKYFSbUlUx19XU5rLxi8ARXFn+GBmAL9a5gy2 OHfXRC8iqJJXeqPmrfE7ItLWwZfZC2ORr/fQhVDjQK0N8lX9leXxDmHAtIuCpqCNFYrpG64cSOo oHMkcKiXLu1uFR4NKs3ALxsTe7pLyzq2gki4Iyc0tLUjFHWzFuVGaeI9hw+kb0469zJQ7w1ftsM fQMteeR3YllLLLWHsHdxUD0Lz1x1Ig== X-Google-Smtp-Source: AGHT+IFh6mJxoLnotXJGEGMp53UpdAt0pj7s5CxCvxwimAjRf4OvI0XXxLmZ7bLX3C+X+9s+ljdUbdC9Qf7m X-Received: by 2002:a17:90a:6fa1:b0:2f8:b2c:5ef3 with SMTP id 98e67ed59e1d1-2fa24063babmr7303391a91.14.1738952968120; Fri, 07 Feb 2025 10:29:28 -0800 (PST) Received: from postal.iol.unh.edu (postal.iol.unh.edu. [132.177.123.84]) by smtp-relay.gmail.com with ESMTPS id d9443c01a7336-21f3653b0absm2109915ad.34.2025.02.07.10.29.28 (version=TLS1_2 cipher=ECDHE-ECDSA-AES128-GCM-SHA256 bits=128/128); Fri, 07 Feb 2025 10:29:28 -0800 (PST) X-Relaying-Domain: iol.unh.edu Date: Fri, 07 Feb 2025 10:29:28 -0800 (PST) Message-ID: <67a65108.170a0220.1388aa.b372SMTPIN_ADDED_MISSING@mx.google.com> Received: from [172.21.0.10] (unknown [172.18.0.240]) by postal.iol.unh.edu (Postfix) with ESMTP id 563EB605247D; Fri, 7 Feb 2025 13:29:27 -0500 (EST) Subject: |FAILURE| pw149237-149241 [PATCH] [5/5] net/virtio: remove unneeded From: dpdklab@iol.unh.edu To: Test Report Cc: dpdk-test-reports@iol.unh.edu, Stephen Hemminger In-Reply-To: <20241213214929.817688-6-stephen@networkplumber.org> References: <20241213214929.817688-6-stephen@networkplumber.org> Content-Type: text/plain X-BeenThere: test-report@dpdk.org X-Mailman-Version: 2.1.29 Precedence: list List-Id: automatic DPDK test reports List-Unsubscribe: , List-Archive: List-Post: List-Help: List-Subscribe: , Errors-To: test-report-bounces@dpdk.org Test-Label: iol-compile-amd64-testing Test-Status: FAILURE http://dpdk.org/patch/149241 _Testing issues_ Submitter: Stephen Hemminger Date: Friday, December 13 2024 21:48:18 DPDK git baseline: Repo:dpdk Branch: master CommitID:f1e0472368d4dbb1da33ae68b18ca21bc8a55259 149237-149241 --> testing issues Test environment and result as below: +---------------------+--------------------+------------------+-------------------+-------------------------+----------------------+-------------------+ | Environment | dpdk_meson_compile | dpdk_compile_ovs | dpdk_compile_spdk | dpdk_llvm_clang_compile | dpdk_mingw64_compile | dpdk_msvc_compile | +=====================+====================+==================+===================+=========================+======================+===================+ | Debian 12 | FAIL | WARN | WARN | SKIPPED | SKIPPED | SKIPPED | +---------------------+--------------------+------------------+-------------------+-------------------------+----------------------+-------------------+ | CentOS Stream 9 | FAIL | WARN | WARN | SKIPPED | SKIPPED | SKIPPED | +---------------------+--------------------+------------------+-------------------+-------------------------+----------------------+-------------------+ | Fedora 40 | FAIL | WARN | WARN | SKIPPED | SKIPPED | SKIPPED | +---------------------+--------------------+------------------+-------------------+-------------------------+----------------------+-------------------+ | Fedora 39 (Clang) | FAIL | WARN | WARN | SKIPPED | SKIPPED | SKIPPED | +---------------------+--------------------+------------------+-------------------+-------------------------+----------------------+-------------------+ | Fedora 40 (Clang) | FAIL | WARN | WARN | SKIPPED | SKIPPED | SKIPPED | +---------------------+--------------------+------------------+-------------------+-------------------------+----------------------+-------------------+ | Fedora 39 | FAIL | WARN | WARN | SKIPPED | SKIPPED | SKIPPED | +---------------------+--------------------+------------------+-------------------+-------------------------+----------------------+-------------------+ | RHEL8 | FAIL | WARN | SKIPPED | SKIPPED | SKIPPED | SKIPPED | +---------------------+--------------------+------------------+-------------------+-------------------------+----------------------+-------------------+ | Ubuntu 24.04 | FAIL | WARN | WARN | SKIPPED | SKIPPED | SKIPPED | +---------------------+--------------------+------------------+-------------------+-------------------------+----------------------+-------------------+ | RHEL9 | FAIL | WARN | SKIPPED | SKIPPED | SKIPPED | SKIPPED | +---------------------+--------------------+------------------+-------------------+-------------------------+----------------------+-------------------+ | Ubuntu 22.04 | FAIL | WARN | WARN | SKIPPED | SKIPPED | SKIPPED | +---------------------+--------------------+------------------+-------------------+-------------------------+----------------------+-------------------+ | Ubuntu 20.04 | FAIL | SKIPPED | SKIPPED | SKIPPED | SKIPPED | SKIPPED | +---------------------+--------------------+------------------+-------------------+-------------------------+----------------------+-------------------+ | Alpine | FAIL | WARN | SKIPPED | SKIPPED | SKIPPED | SKIPPED | +---------------------+--------------------+------------------+-------------------+-------------------------+----------------------+-------------------+ | FreeBSD 13.4 | PASS | SKIPPED | SKIPPED | SKIPPED | SKIPPED | SKIPPED | +---------------------+--------------------+------------------+-------------------+-------------------------+----------------------+-------------------+ | FreeBSD 14.2 | PASS | SKIPPED | SKIPPED | SKIPPED | SKIPPED | SKIPPED | +---------------------+--------------------+------------------+-------------------+-------------------------+----------------------+-------------------+ | openSUSE Leap 15 | FAIL | WARN | SKIPPED | SKIPPED | SKIPPED | SKIPPED | +---------------------+--------------------+------------------+-------------------+-------------------------+----------------------+-------------------+ | Windows Server 2022 | SKIPPED | SKIPPED | SKIPPED | PASS | PASS | PASS | +---------------------+--------------------+------------------+-------------------+-------------------------+----------------------+-------------------+ ==== 20 line log output for openSUSE Leap 15 (dpdk_compile_ovs): ==== --- Failed to get log output --- ==== End log output ==== Debian 12 Kernel: Depends on container host Compiler: gcc (Debian 12.2.0-14) 12.2.0 CentOS Stream 9 Kernel: Depends on container host Compiler: gcc 11.5.0 20240719 (Red Hat 11.5.0-2) Fedora 40 Kernel: Depends on container host Compiler: gcc 14.2.1 20240912 (Red Hat 14.2.1-3) Fedora 39 (Clang) Kernel: Depends on container host Compiler: clang 17.0.6 (Fedora 17.0.6-2.fc39) Fedora 40 (Clang) Kernel: Depends on container host Compiler: clang 18.1.8 (Fedora 18.1.8-1.fc40) Fedora 39 Kernel: Depends on container host Compiler: gcc 13.3.1 20240522 (Red Hat 13.3.1-1) RHEL8 Kernel: Depends on container host Compiler: gcc 8.5.0 20210514 (Red Hat 8.5.0-22) Ubuntu 24.04 Kernel: Depends on container host Compiler: gcc (Ubuntu 13.3.0-6ubuntu2~24.04) 13.3.0 RHEL9 Kernel: Depends on container host Compiler: gcc 11.5.0 20240719 (Red Hat 11.5.0-2) Ubuntu 22.04 Kernel: Depends on container host Compiler: gcc (Ubuntu 11.4.0-1ubuntu1~22.04) 11.4.0 Ubuntu 20.04 Kernel: Depends on container host Compiler: gcc (Ubuntu 9.4.0-1ubuntu1~20.04.2) 9.4.0 Alpine Kernel: Depends on container host Compiler: gcc (Alpine 14.2.0) 14.2.0 FreeBSD 13.4 Kernel: 13.4-RELEASE-p1 Compiler: clang 18.1.6 FreeBSD 14.2 Kernel: 14.2-RELEASE Compiler: clang 18.1.6 openSUSE Leap 15 Kernel: Depends on container host Compiler: gcc (SUSE Linux) 7.5.0 Windows Server 2022 Kernel: 10.0.20348.2031 Compiler: clang 15.0.7, gcc 14.1.0 (MinGW), and MSVC VS 19.39.33521 To view detailed results, visit: https://lab.dpdk.org/results/dashboard/patchsets/32143/ UNH-IOL DPDK Community Lab To manage your email subscriptions, visit: https://lab.dpdk.org/results/dashboard/preferences/subscriptions/