From mboxrd@z Thu Jan 1 00:00:00 1970 Return-Path: Received: from mails.dpdk.org (mails.dpdk.org [217.70.189.124]) by inbox.dpdk.org (Postfix) with ESMTP id E10E6461BE for ; Fri, 7 Feb 2025 19:39:07 +0100 (CET) Received: from mails.dpdk.org (localhost [127.0.0.1]) by mails.dpdk.org (Postfix) with ESMTP id DA2A142ED5; Fri, 7 Feb 2025 19:39:07 +0100 (CET) Received: from mail-pl1-f228.google.com (mail-pl1-f228.google.com [209.85.214.228]) by mails.dpdk.org (Postfix) with ESMTP id 1C3A742E90 for ; Fri, 7 Feb 2025 19:39:07 +0100 (CET) Received: by mail-pl1-f228.google.com with SMTP id d9443c01a7336-21f464b9a27so35439815ad.1 for ; Fri, 07 Feb 2025 10:39:07 -0800 (PST) DKIM-Signature: v=1; a=rsa-sha256; c=relaxed/relaxed; d=iol.unh.edu; s=unh-iol; t=1738953546; x=1739558346; darn=dpdk.org; h=references:in-reply-to:cc:to:from:subject:message-id:date:from:to :cc:subject:date:message-id:reply-to; bh=hjo0I4az4v1qBCBrKtMwi6l0y4pmqQaODMPESS1+XzU=; b=WPemCTaHvAt1oB0VYRbr4hTTMTTJ0XZfJzVwpxDHDi1PgHOw3MbaFdBmpNY9KK7kqR e9yXuYfGhfi7rLjOYc20+yUzArOVtPZV+eIlaJBkfa/YbcuGM98tboskdUsNZM8EVk7a arUg46bYQ7ewZpDV7O9g4bsq4/qV7rpb6JEPA= X-Google-DKIM-Signature: v=1; a=rsa-sha256; c=relaxed/relaxed; d=1e100.net; s=20230601; t=1738953546; x=1739558346; h=references:in-reply-to:cc:to:from:subject:message-id:date :x-gm-message-state:from:to:cc:subject:date:message-id:reply-to; bh=hjo0I4az4v1qBCBrKtMwi6l0y4pmqQaODMPESS1+XzU=; b=GWjmBG0odDhWJ3YORYvxVZL1ESySg6r166GuNpxIeyXSqMxAQvl9Ec621Sz3y++1gM XH8rXUeSVNZXDaq/pgrUoMnrNB/5A1+HFt9ax9mTkzjfT0hZ99m/UepNWhj1FcDCsPQQ 1pJdyLS4IZGcB8QFkL/d741r9m2KkvT6kxy6EDyjq+s7X7dd+yo7L0JY7AUlvya4tGzX azFbbTn4JCQX2JY61ApYLQZsG51r4yWXT8GuLhmyWSFZXKu6p7u3gZRDk0Bmdj4yrmkj fIkwmZ4rkZDYBjWRNvOUyztqwLCKp5uYDuqkcdkFK90FKaZhkjqXtWg9Tpwh2gAcxMt7 1DvA== X-Gm-Message-State: AOJu0YxWZ98QXkwIQx/YVmcXZeR00yJwf5onWwAYDvTo1ovXEWNzmopT SxrLKhsd0zL8uiz5gg5YYNrBxw290TJjTxOxlsunnKbN5BOF40YCauoPlOwM6qR9fbV4f2oVxHW 1lq/Qquxh/v0t9H5zTJZS6Hjk31s60Hz/flVpGbLt X-Gm-Gg: ASbGnctfjZ/fifIPpEF57z00etEE/4BO8/Gv/kEBRPsu4gtCmLdZsgXkKnaKNVgdPwv v72aVqC74HF8yRlZUlbPCVXLloLioc/H0zaSF7rg8Kz6QU30tcUancoFCeS04lDwVDB2eigVN9b U0yym/AjSW88x39jDBACZ2roVO3bxhMWQPXeMPxrJ6u1E2I9kfTHk3u3+sG83goGZtljGhd72DC cWxXxPwETNeeZY7xdCuRPRnxqgrQOZQBzKwq31WK5ECOJbDjvOyGg1w1Dak0n6Z/zCVU6EYgTnj envXL3RWhUIKiPuMBcEiw6pTAPhPZw== X-Google-Smtp-Source: AGHT+IG1yhQE1fmI6+YSXPi0ztq+7qxmoTHV9EgKmZJroM9zpZdn2pU4EfI2vBDtCW5BY29bFS3fyYtHvMtE X-Received: by 2002:a17:903:32c7:b0:216:39fa:5cb4 with SMTP id d9443c01a7336-21f4e6ce13bmr76225315ad.25.1738953546338; Fri, 07 Feb 2025 10:39:06 -0800 (PST) Received: from postal.iol.unh.edu (postal.iol.unh.edu. [132.177.123.84]) by smtp-relay.gmail.com with ESMTPS id d9443c01a7336-21f3650ccefsm2231225ad.11.2025.02.07.10.39.06 (version=TLS1_2 cipher=ECDHE-ECDSA-AES128-GCM-SHA256 bits=128/128); Fri, 07 Feb 2025 10:39:06 -0800 (PST) X-Relaying-Domain: iol.unh.edu Date: Fri, 07 Feb 2025 10:39:06 -0800 (PST) Message-ID: <67a6534a.170a0220.7bdb0.c0e8SMTPIN_ADDED_MISSING@mx.google.com> Received: from [172.21.0.7] (unknown [172.18.0.240]) by postal.iol.unh.edu (Postfix) with ESMTP id CA8296052472; Fri, 7 Feb 2025 13:39:05 -0500 (EST) Subject: |FAILURE| pw151079-151088 [PATCH] [RFC,10/10] eal: deprecate weak sy From: dpdklab@iol.unh.edu To: Test Report Cc: dpdk-test-reports@iol.unh.edu, David Marchand In-Reply-To: <20250207083252.3131588-11-david.marchand@redhat.com> References: <20250207083252.3131588-11-david.marchand@redhat.com> Content-Type: text/plain X-BeenThere: test-report@dpdk.org X-Mailman-Version: 2.1.29 Precedence: list List-Id: automatic DPDK test reports List-Unsubscribe: , List-Archive: List-Post: List-Help: List-Subscribe: , Errors-To: test-report-bounces@dpdk.org Test-Label: iol-unit-arm64-testing Test-Status: FAILURE http://dpdk.org/patch/151088 _Testing issues_ Submitter: David Marchand Date: Friday, February 07 2025 08:32:50 DPDK git baseline: Repo:dpdk Branch: master CommitID:1bf86800f7daf8d5c71a08a0776ff3b754ee6570 151079-151088 --> testing issues Upstream job id: Generic-Unit-Test-DPDK#312739 Test environment and result as below: +-----------------------------+----------------+--------------+---------------------------+------------------------------+ | Environment | dpdk_unit_test | lpm_autotest | cryptodev_sw_zuc_autotest | cryptodev_sw_snow3g_autotest | +=============================+================+==============+===========================+==============================+ | 32-bit Ubuntu 22.04.4 (ARM) | PASS | SKIPPED | SKIPPED | SKIPPED | +-----------------------------+----------------+--------------+---------------------------+------------------------------+ | Debian 11 (Buster) (ARM) | PASS | SKIPPED | SKIPPED | SKIPPED | +-----------------------------+----------------+--------------+---------------------------+------------------------------+ | CentOS Stream 9 (ARM) | PASS | SKIPPED | SKIPPED | SKIPPED | +-----------------------------+----------------+--------------+---------------------------+------------------------------+ | Debian 12 (arm) | PASS | SKIPPED | PASS | PASS | +-----------------------------+----------------+--------------+---------------------------+------------------------------+ | Fedora 40 (ARM) | PASS | SKIPPED | SKIPPED | SKIPPED | +-----------------------------+----------------+--------------+---------------------------+------------------------------+ | Fedora 41 (ARM) | PASS | SKIPPED | SKIPPED | SKIPPED | +-----------------------------+----------------+--------------+---------------------------+------------------------------+ | Fedora 40 (ARM Clang) | PASS | SKIPPED | SKIPPED | SKIPPED | +-----------------------------+----------------+--------------+---------------------------+------------------------------+ | Fedora 41 (ARM Clang) | PASS | SKIPPED | SKIPPED | SKIPPED | +-----------------------------+----------------+--------------+---------------------------+------------------------------+ | RHEL9 (ARM) | PASS | SKIPPED | SKIPPED | SKIPPED | +-----------------------------+----------------+--------------+---------------------------+------------------------------+ | Ubuntu 20.04 (ARM) | WARN | SKIPPED | SKIPPED | SKIPPED | +-----------------------------+----------------+--------------+---------------------------+------------------------------+ | Ubuntu 22.04 (ARM) | PEND | SKIPPED | SKIPPED | SKIPPED | +-----------------------------+----------------+--------------+---------------------------+------------------------------+ | Ubuntu 24.04 (ARM) | PEND | SKIPPED | SKIPPED | SKIPPED | +-----------------------------+----------------+--------------+---------------------------+------------------------------+ | Ubuntu 20.04 ARM SVE | SKIPPED | PASS | SKIPPED | SKIPPED | +-----------------------------+----------------+--------------+---------------------------+------------------------------+ ==== 20 line log output for Ubuntu 20.04 (ARM) (dpdk_unit_test): ==== /usr/bin/ld: drivers/libtmp_rte_net_hns3.a.p/net_hns3_hns3_rxtx.c.o: in function `hns3_dev_supported_ptypes_get': hns3_rxtx.c:(.text+0xa33c): undefined reference to `hns3_recv_pkts_vec_sve' /usr/bin/ld: hns3_rxtx.c:(.text+0xa340): undefined reference to `hns3_recv_pkts_vec_sve' /usr/bin/ld: drivers/libtmp_rte_net_hns3.a.p/net_hns3_hns3_rxtx.c.o: in function `hns3_rx_burst_mode_get': hns3_rxtx.c:(.text+0xa684): undefined reference to `hns3_recv_pkts_vec_sve' /usr/bin/ld: drivers/libtmp_rte_net_hns3.a.p/net_hns3_hns3_rxtx.c.o:hns3_rxtx.c:(.text+0xa688): more undefined references to `hns3_recv_pkts_vec_sve' follow /usr/bin/ld: drivers/libtmp_rte_net_hns3.a.p/net_hns3_hns3_rxtx.c.o: in function `hns3_tx_burst_mode_get': hns3_rxtx.c:(.text+0xae84): undefined reference to `hns3_xmit_pkts_vec_sve' /usr/bin/ld: hns3_rxtx.c:(.text+0xae88): undefined reference to `hns3_xmit_pkts_vec_sve' /usr/bin/ld: drivers/libtmp_rte_net_hns3.a.p/net_hns3_hns3_rxtx.c.o: in function `hns3_rx_queue_count': hns3_rxtx.c:(.text+0xc2f0): undefined reference to `hns3_recv_pkts_vec_sve' /usr/bin/ld: hns3_rxtx.c:(.text+0xc2f8): undefined reference to `hns3_recv_pkts_vec_sve' /usr/bin/ld: drivers/libtmp_rte_net_hns3.a.p/net_hns3_hns3_dump.c.o: in function `hns3_eth_dev_priv_dump': hns3_dump.c:(.text+0x748): undefined reference to `hns3_recv_pkts_vec_sve' /usr/bin/ld: hns3_dump.c:(.text+0x754): undefined reference to `hns3_recv_pkts_vec_sve' collect2: error: ld returned 1 exit status [1675/3378] Linking target drivers/librte_net_cnxk.so.25.1 [1676/3378] Compiling C object drivers/libtmp_rte_net_cpfl.a.p/net_intel_cpfl_cpfl_rxtx.c.o [1677/3378] Compiling C object drivers/libtmp_rte_net_cpfl.a.p/net_intel_cpfl_cpfl_ethdev.c.o ninja: build stopped: subcommand failed. ==== End log output ==== 32-bit Ubuntu 22.04.4 (ARM) Kernel: 5.15.83+ aarch64 Compiler: gcc (Ubuntu 11.4.0-1ubuntu1~22.04) 11.4.0 Debian 11 (Buster) (ARM) Kernel: Depends on container host Compiler: gcc (Debian 10.2.1-6) 10.2.1 20210110 CentOS Stream 9 (ARM) Kernel: Depends on container host Compiler: gcc 11.5.0 20240719 (Red Hat 11.5.0-2) Debian 12 (arm) Kernel: Depends on container host Compiler: gcc (Debian 12.2.0-14) 12.2.0 Fedora 40 (ARM) Kernel: Depends on container host Compiler: gcc 14.2.1 20240912 (Red Hat 14.2.1-3) Fedora 41 (ARM) Kernel: Depends on container host Compiler: gcc 14.2.1 20240912 (Red Hat 14.2.1-3) Fedora 40 (ARM Clang) Kernel: Depends on container host Compiler: clang 18.1.8 (Fedora 18.1.8-1.fc40) Fedora 41 (ARM Clang) Kernel: Depends on container host Compiler: clang 19.1.5 (Fedora 19.1.5-1.fc41) RHEL9 (ARM) Kernel: Depends on container host Compiler: gcc 11.5.0 20240719 (Red Hat 11.5.0-2) Ubuntu 20.04 (ARM) Kernel: Depends on container host Compiler: gcc (Ubuntu 9.4.0-1ubuntu1~20.04.2) 9.4.0 Ubuntu 22.04 (ARM) Kernel: Depends on container host Compiler: gcc (Ubuntu 11.4.0-1ubuntu1~22.04) 11.4.0 Ubuntu 24.04 (ARM) Kernel: Depends on container host Compiler: gcc (Ubuntu 13.3.0-6ubuntu2~24.04) 13.3.0 Ubuntu 20.04 ARM SVE Kernel: Depends on container host Compiler: gcc (Ubuntu 10.5.0-1ubuntu1~20.04) 10.5.0 To view detailed results, visit: https://lab.dpdk.org/results/dashboard/patchsets/32520/ UNH-IOL DPDK Community Lab To manage your email subscriptions, visit: https://lab.dpdk.org/results/dashboard/preferences/subscriptions/