automatic DPDK test reports
 help / color / mirror / Atom feed
From: dpdklab@iol.unh.edu
To: Test Report <test-report@dpdk.org>
Cc: dpdk-test-reports@iol.unh.edu
Subject: |SUCCESS| pw151079-151088 [PATCH] [RFC,10/10] eal: deprecate weak sy
Date: Fri, 07 Feb 2025 10:51:53 -0800 (PST)	[thread overview]
Message-ID: <67a65649.050a0220.39cdb4.ef19SMTPIN_ADDED_MISSING@mx.google.com> (raw)
In-Reply-To: <20250207083252.3131588-11-david.marchand@redhat.com>

Test-Label: iol-compile-amd64-testing
Test-Status: SUCCESS
http://dpdk.org/patch/151088

_Testing PASS_

Submitter: David Marchand <david.marchand@redhat.com>
Date: Friday, February 07 2025 08:32:50 
DPDK git baseline: Repo:dpdk
  Branch: master
  CommitID:1bf86800f7daf8d5c71a08a0776ff3b754ee6570

151079-151088 --> testing pass

Upstream job id: Generic-DPDK-Compile-Meson#359100

Test environment and result as below:

+---------------------+-------------------------+--------------------+-------------------+----------------------+------------------+-------------------+
|     Environment     | dpdk_llvm_clang_compile | dpdk_meson_compile | dpdk_msvc_compile | dpdk_mingw64_compile | dpdk_compile_ovs | dpdk_compile_spdk |
+=====================+=========================+====================+===================+======================+==================+===================+
| Windows Server 2022 | PASS                    | SKIPPED            | PASS              | PASS                 | SKIPPED          | SKIPPED           |
+---------------------+-------------------------+--------------------+-------------------+----------------------+------------------+-------------------+
| FreeBSD 13.4        | SKIPPED                 | PASS               | SKIPPED           | SKIPPED              | SKIPPED          | SKIPPED           |
+---------------------+-------------------------+--------------------+-------------------+----------------------+------------------+-------------------+
| FreeBSD 14.2        | SKIPPED                 | PASS               | SKIPPED           | SKIPPED              | SKIPPED          | SKIPPED           |
+---------------------+-------------------------+--------------------+-------------------+----------------------+------------------+-------------------+
| CentOS Stream 9     | SKIPPED                 | PASS               | SKIPPED           | SKIPPED              | PASS             | PASS              |
+---------------------+-------------------------+--------------------+-------------------+----------------------+------------------+-------------------+
| Debian Bullseye     | SKIPPED                 | PASS               | SKIPPED           | SKIPPED              | PASS             | PASS              |
+---------------------+-------------------------+--------------------+-------------------+----------------------+------------------+-------------------+
| Debian 12           | SKIPPED                 | PASS               | SKIPPED           | SKIPPED              | PASS             | PASS              |
+---------------------+-------------------------+--------------------+-------------------+----------------------+------------------+-------------------+
| Fedora 40 (Clang)   | SKIPPED                 | PASS               | SKIPPED           | SKIPPED              | PASS             | PASS              |
+---------------------+-------------------------+--------------------+-------------------+----------------------+------------------+-------------------+
| Fedora 40           | SKIPPED                 | PASS               | SKIPPED           | SKIPPED              | PASS             | PASS              |
+---------------------+-------------------------+--------------------+-------------------+----------------------+------------------+-------------------+
| Fedora 41 (Clang)   | SKIPPED                 | PASS               | SKIPPED           | SKIPPED              | PASS             | PASS              |
+---------------------+-------------------------+--------------------+-------------------+----------------------+------------------+-------------------+
| Fedora 41           | SKIPPED                 | PASS               | SKIPPED           | SKIPPED              | PASS             | PASS              |
+---------------------+-------------------------+--------------------+-------------------+----------------------+------------------+-------------------+
| openSUSE Leap 15    | SKIPPED                 | PASS               | SKIPPED           | SKIPPED              | SKIPPED          | SKIPPED           |
+---------------------+-------------------------+--------------------+-------------------+----------------------+------------------+-------------------+
| RHEL8               | SKIPPED                 | PASS               | SKIPPED           | SKIPPED              | PASS             | SKIPPED           |
+---------------------+-------------------------+--------------------+-------------------+----------------------+------------------+-------------------+
| RHEL9               | SKIPPED                 | PASS               | SKIPPED           | SKIPPED              | PASS             | SKIPPED           |
+---------------------+-------------------------+--------------------+-------------------+----------------------+------------------+-------------------+
| Ubuntu 22.04        | SKIPPED                 | PASS               | SKIPPED           | SKIPPED              | PASS             | PASS              |
+---------------------+-------------------------+--------------------+-------------------+----------------------+------------------+-------------------+
| Alpine              | SKIPPED                 | PASS               | SKIPPED           | SKIPPED              | PASS             | SKIPPED           |
+---------------------+-------------------------+--------------------+-------------------+----------------------+------------------+-------------------+
| Ubuntu 24.04        | SKIPPED                 | PASS               | SKIPPED           | SKIPPED              | PASS             | PASS              |
+---------------------+-------------------------+--------------------+-------------------+----------------------+------------------+-------------------+
| Ubuntu 20.04        | SKIPPED                 | PASS               | SKIPPED           | SKIPPED              | SKIPPED          | SKIPPED           |
+---------------------+-------------------------+--------------------+-------------------+----------------------+------------------+-------------------+


Windows Server 2022
	Kernel: 10.0.20348.2031
	Compiler: clang 15.0.7, gcc 14.1.0 (MinGW), and MSVC VS 19.39.33521

FreeBSD 13.4
	Kernel: 13.4-RELEASE-p1
	Compiler: clang 18.1.6

FreeBSD 14.2
	Kernel: 14.2-RELEASE
	Compiler: clang 18.1.6

CentOS Stream 9
	Kernel: Depends on container host
	Compiler: gcc 11.5.0 20240719 (Red Hat 11.5.0-2)

Debian Bullseye
	Kernel: Depends on container host
	Compiler: gcc (Debian 10.2.1-6) 10.2.1 20210110

Debian 12
	Kernel: Depends on container host
	Compiler: gcc (Debian 12.2.0-14) 12.2.0

Fedora 40 (Clang)
	Kernel: Depends on container host
	Compiler: clang 18.1.8 (Fedora 18.1.8-1.fc40)

Fedora 40
	Kernel: Depends on container host
	Compiler: gcc 14.2.1 20240912 (Red Hat 14.2.1-3)

Fedora 41 (Clang)
	Kernel: Depends on container host
	Compiler: clang 19.1.5 (Fedora 19.1.5-1.fc41)

Fedora 41
	Kernel: Depends on container host
	Compiler: gcc 14.2.1 20240912 (Red Hat 14.2.1-3)

openSUSE Leap 15
	Kernel: Depends on container host
	Compiler: gcc (SUSE Linux) 7.5.0

RHEL8
	Kernel: Depends on container host
	Compiler: gcc 8.5.0 20210514 (Red Hat 8.5.0-22)

RHEL9
	Kernel: Depends on container host
	Compiler: gcc 11.5.0 20240719 (Red Hat 11.5.0-2)

Ubuntu 22.04
	Kernel: Depends on container host
	Compiler: gcc (Ubuntu 11.4.0-1ubuntu1~22.04) 11.4.0

Alpine
	Kernel: Depends on container host
	Compiler: gcc (Alpine 14.2.0) 14.2.0

Ubuntu 24.04
	Kernel: Depends on container host
	Compiler: gcc (Ubuntu 13.3.0-6ubuntu2~24.04) 13.3.0

Ubuntu 20.04
	Kernel: Depends on container host
	Compiler: gcc (Ubuntu 9.4.0-1ubuntu1~20.04.2) 9.4.0

To view detailed results, visit:
https://lab.dpdk.org/results/dashboard/patchsets/32520/

UNH-IOL DPDK Community Lab

To manage your email subscriptions, visit: 
https://lab.dpdk.org/results/dashboard/preferences/subscriptions/

  parent reply	other threads:[~2025-02-07 18:51 UTC|newest]

Thread overview: 24+ messages / expand[flat|nested]  mbox.gz  Atom feed  top
     [not found] <20250207083252.3131588-11-david.marchand@redhat.com>
2025-02-07  7:59 ` |SUCCESS| pw151079-151088 [RFC 10/10] eal: deprecate weak symbols qemudev
2025-02-07  8:04 ` qemudev
2025-02-07  9:29 ` |SUCCESS| pw151088 " 0-day Robot
2025-02-07 11:29 ` |SUCCESS| pw151079-151088 [PATCH] [RFC,10/10] eal: deprecate weak sy dpdklab
2025-02-07 11:45 ` dpdklab
2025-02-07 11:50 ` dpdklab
2025-02-07 12:17 ` |PENDING| " dpdklab
2025-02-07 12:25 ` |SUCCESS| " dpdklab
2025-02-07 12:27 ` dpdklab
2025-02-07 12:28 ` |PENDING| " dpdklab
2025-02-07 13:13 ` |SUCCESS| " dpdklab
2025-02-07 14:41 ` |PENDING| " dpdklab
2025-02-07 15:46 ` dpdklab
2025-02-07 16:04 ` |SUCCESS| " dpdklab
2025-02-07 16:07 ` dpdklab
2025-02-07 18:16 ` |FAILURE| " dpdklab
2025-02-07 18:17 ` dpdklab
2025-02-07 18:26 ` dpdklab
2025-02-07 18:28 ` dpdklab
2025-02-07 18:39 ` dpdklab
2025-02-07 18:51 ` dpdklab [this message]
2025-02-07 18:51 ` |SUCCESS| " dpdklab
2025-02-07 19:08 ` |WARNING| " dpdklab
2025-02-07 21:59 ` |FAILURE| " dpdklab

Reply instructions:

You may reply publicly to this message via plain-text email
using any one of the following methods:

* Save the following mbox file, import it into your mail client,
  and reply-to-all from there: mbox

  Avoid top-posting and favor interleaved quoting:
  https://en.wikipedia.org/wiki/Posting_style#Interleaved_style

* Reply using the --to, --cc, and --in-reply-to
  switches of git-send-email(1):

  git send-email \
    --in-reply-to=67a65649.050a0220.39cdb4.ef19SMTPIN_ADDED_MISSING@mx.google.com \
    --to=dpdklab@iol.unh.edu \
    --cc=dpdk-test-reports@iol.unh.edu \
    --cc=test-report@dpdk.org \
    /path/to/YOUR_REPLY

  https://kernel.org/pub/software/scm/git/docs/git-send-email.html

* If your mail client supports setting the In-Reply-To header
  via mailto: links, try the mailto: link
Be sure your reply has a Subject: header at the top and a blank line before the message body.
This is a public inbox, see mirroring instructions
for how to clone and mirror all data and code used for this inbox;
as well as URLs for NNTP newsgroup(s).