automatic DPDK test reports
 help / color / mirror / Atom feed
From: dpdklab@iol.unh.edu
To: Test Report <test-report@dpdk.org>
Cc: dpdk-test-reports@iol.unh.edu
Subject: |WARNING| pw151079-151088 [PATCH] [RFC,10/10] eal: deprecate weak sy
Date: Fri, 07 Feb 2025 11:08:53 -0800 (PST)	[thread overview]
Message-ID: <67a65a45.050a0220.b4044.c6a2SMTPIN_ADDED_MISSING@mx.google.com> (raw)
In-Reply-To: <20250207083252.3131588-11-david.marchand@redhat.com>

Test-Label: iol-unit-arm64-testing
Test-Status: WARNING
http://dpdk.org/patch/151088

_Testing issues_

Submitter: David Marchand <david.marchand@redhat.com>
Date: Friday, February 07 2025 08:32:50 
DPDK git baseline: Repo:dpdk
  Branch: master
  CommitID:1bf86800f7daf8d5c71a08a0776ff3b754ee6570

151079-151088 --> testing issues

Upstream job id: Generic-Unit-Test-DPDK#312750

Test environment and result as below:

+-----------------------------+----------------+--------------+---------------------------+------------------------------+
|         Environment         | dpdk_unit_test | lpm_autotest | cryptodev_sw_zuc_autotest | cryptodev_sw_snow3g_autotest |
+=============================+================+==============+===========================+==============================+
| 32-bit Ubuntu 22.04.4 (ARM) | PASS           | SKIPPED      | SKIPPED                   | SKIPPED                      |
+-----------------------------+----------------+--------------+---------------------------+------------------------------+
| Debian 11 (Buster) (ARM)    | PASS           | SKIPPED      | SKIPPED                   | SKIPPED                      |
+-----------------------------+----------------+--------------+---------------------------+------------------------------+
| CentOS Stream 9 (ARM)       | PASS           | SKIPPED      | SKIPPED                   | SKIPPED                      |
+-----------------------------+----------------+--------------+---------------------------+------------------------------+
| Debian 12 (arm)             | PASS           | SKIPPED      | PASS                      | PASS                         |
+-----------------------------+----------------+--------------+---------------------------+------------------------------+
| Fedora 40 (ARM)             | PASS           | SKIPPED      | SKIPPED                   | SKIPPED                      |
+-----------------------------+----------------+--------------+---------------------------+------------------------------+
| Fedora 41 (ARM)             | PASS           | SKIPPED      | SKIPPED                   | SKIPPED                      |
+-----------------------------+----------------+--------------+---------------------------+------------------------------+
| Fedora 40 (ARM Clang)       | PASS           | SKIPPED      | SKIPPED                   | SKIPPED                      |
+-----------------------------+----------------+--------------+---------------------------+------------------------------+
| Fedora 41 (ARM Clang)       | PASS           | SKIPPED      | SKIPPED                   | SKIPPED                      |
+-----------------------------+----------------+--------------+---------------------------+------------------------------+
| RHEL9 (ARM)                 | PASS           | SKIPPED      | SKIPPED                   | SKIPPED                      |
+-----------------------------+----------------+--------------+---------------------------+------------------------------+
| Ubuntu 20.04 (ARM)          | WARN           | SKIPPED      | SKIPPED                   | SKIPPED                      |
+-----------------------------+----------------+--------------+---------------------------+------------------------------+
| Ubuntu 22.04 (ARM)          | PASS           | SKIPPED      | SKIPPED                   | SKIPPED                      |
+-----------------------------+----------------+--------------+---------------------------+------------------------------+
| Ubuntu 24.04 (ARM)          | PASS           | SKIPPED      | SKIPPED                   | SKIPPED                      |
+-----------------------------+----------------+--------------+---------------------------+------------------------------+
| Ubuntu 20.04 ARM SVE        | SKIPPED        | PASS         | SKIPPED                   | SKIPPED                      |
+-----------------------------+----------------+--------------+---------------------------+------------------------------+

==== 20 line log output for Ubuntu 20.04 (ARM) (dpdk_unit_test): ====
/usr/bin/ld: drivers/libtmp_rte_net_hns3.a.p/net_hns3_hns3_rxtx.c.o: in function `hns3_dev_supported_ptypes_get':
hns3_rxtx.c:(.text+0xa33c): undefined reference to `hns3_recv_pkts_vec_sve'
/usr/bin/ld: hns3_rxtx.c:(.text+0xa340): undefined reference to `hns3_recv_pkts_vec_sve'
/usr/bin/ld: drivers/libtmp_rte_net_hns3.a.p/net_hns3_hns3_rxtx.c.o: in function `hns3_rx_burst_mode_get':
hns3_rxtx.c:(.text+0xa684): undefined reference to `hns3_recv_pkts_vec_sve'
/usr/bin/ld: drivers/libtmp_rte_net_hns3.a.p/net_hns3_hns3_rxtx.c.o:hns3_rxtx.c:(.text+0xa688): more undefined references to `hns3_recv_pkts_vec_sve' follow
/usr/bin/ld: drivers/libtmp_rte_net_hns3.a.p/net_hns3_hns3_rxtx.c.o: in function `hns3_tx_burst_mode_get':
hns3_rxtx.c:(.text+0xae84): undefined reference to `hns3_xmit_pkts_vec_sve'
/usr/bin/ld: hns3_rxtx.c:(.text+0xae88): undefined reference to `hns3_xmit_pkts_vec_sve'
/usr/bin/ld: drivers/libtmp_rte_net_hns3.a.p/net_hns3_hns3_rxtx.c.o: in function `hns3_rx_queue_count':
hns3_rxtx.c:(.text+0xc2f0): undefined reference to `hns3_recv_pkts_vec_sve'
/usr/bin/ld: hns3_rxtx.c:(.text+0xc2f8): undefined reference to `hns3_recv_pkts_vec_sve'
/usr/bin/ld: drivers/libtmp_rte_net_hns3.a.p/net_hns3_hns3_dump.c.o: in function `hns3_eth_dev_priv_dump':
hns3_dump.c:(.text+0x748): undefined reference to `hns3_recv_pkts_vec_sve'
/usr/bin/ld: hns3_dump.c:(.text+0x754): undefined reference to `hns3_recv_pkts_vec_sve'
collect2: error: ld returned 1 exit status
[1675/3378] Linking target drivers/librte_net_cnxk.so.25.1
[1676/3378] Compiling C object drivers/libtmp_rte_net_cpfl.a.p/net_intel_cpfl_cpfl_rxtx.c.o
[1677/3378] Compiling C object drivers/libtmp_rte_net_cpfl.a.p/net_intel_cpfl_cpfl_ethdev.c.o
ninja: build stopped: subcommand failed.
==== End log output ====

32-bit Ubuntu 22.04.4 (ARM)
	Kernel: 5.15.83+ aarch64
	Compiler: gcc (Ubuntu 11.4.0-1ubuntu1~22.04) 11.4.0

Debian 11 (Buster) (ARM)
	Kernel: Depends on container host
	Compiler: gcc (Debian 10.2.1-6) 10.2.1 20210110

CentOS Stream 9 (ARM)
	Kernel: Depends on container host
	Compiler: gcc 11.5.0 20240719 (Red Hat 11.5.0-2)

Debian 12 (arm)
	Kernel: Depends on container host
	Compiler: gcc (Debian 12.2.0-14) 12.2.0

Fedora 40 (ARM)
	Kernel: Depends on container host
	Compiler: gcc 14.2.1 20240912 (Red Hat 14.2.1-3)

Fedora 41 (ARM)
	Kernel: Depends on container host
	Compiler: gcc 14.2.1 20240912 (Red Hat 14.2.1-3)

Fedora 40 (ARM Clang)
	Kernel: Depends on container host
	Compiler: clang 18.1.8 (Fedora 18.1.8-1.fc40)

Fedora 41 (ARM Clang)
	Kernel: Depends on container host
	Compiler: clang 19.1.5 (Fedora 19.1.5-1.fc41)

RHEL9 (ARM)
	Kernel: Depends on container host
	Compiler: gcc 11.5.0 20240719 (Red Hat 11.5.0-2)

Ubuntu 20.04 (ARM)
	Kernel: Depends on container host
	Compiler: gcc (Ubuntu 9.4.0-1ubuntu1~20.04.2) 9.4.0

Ubuntu 22.04 (ARM)
	Kernel: Depends on container host
	Compiler: gcc (Ubuntu 11.4.0-1ubuntu1~22.04) 11.4.0

Ubuntu 24.04 (ARM)
	Kernel: Depends on container host
	Compiler: gcc (Ubuntu 13.3.0-6ubuntu2~24.04) 13.3.0

Ubuntu 20.04 ARM SVE
	Kernel: Depends on container host
	Compiler: gcc (Ubuntu 10.5.0-1ubuntu1~20.04) 10.5.0

To view detailed results, visit:
https://lab.dpdk.org/results/dashboard/patchsets/32520/

UNH-IOL DPDK Community Lab

To manage your email subscriptions, visit: 
https://lab.dpdk.org/results/dashboard/preferences/subscriptions/

  parent reply	other threads:[~2025-02-07 19:08 UTC|newest]

Thread overview: 24+ messages / expand[flat|nested]  mbox.gz  Atom feed  top
     [not found] <20250207083252.3131588-11-david.marchand@redhat.com>
2025-02-07  7:59 ` |SUCCESS| pw151079-151088 [RFC 10/10] eal: deprecate weak symbols qemudev
2025-02-07  8:04 ` qemudev
2025-02-07  9:29 ` |SUCCESS| pw151088 " 0-day Robot
2025-02-07 11:29 ` |SUCCESS| pw151079-151088 [PATCH] [RFC,10/10] eal: deprecate weak sy dpdklab
2025-02-07 11:45 ` dpdklab
2025-02-07 11:50 ` dpdklab
2025-02-07 12:17 ` |PENDING| " dpdklab
2025-02-07 12:25 ` |SUCCESS| " dpdklab
2025-02-07 12:27 ` dpdklab
2025-02-07 12:28 ` |PENDING| " dpdklab
2025-02-07 13:13 ` |SUCCESS| " dpdklab
2025-02-07 14:41 ` |PENDING| " dpdklab
2025-02-07 15:46 ` dpdklab
2025-02-07 16:04 ` |SUCCESS| " dpdklab
2025-02-07 16:07 ` dpdklab
2025-02-07 18:16 ` |FAILURE| " dpdklab
2025-02-07 18:17 ` dpdklab
2025-02-07 18:26 ` dpdklab
2025-02-07 18:28 ` dpdklab
2025-02-07 18:39 ` dpdklab
2025-02-07 18:51 ` |SUCCESS| " dpdklab
2025-02-07 18:51 ` dpdklab
2025-02-07 19:08 ` dpdklab [this message]
2025-02-07 21:59 ` |FAILURE| " dpdklab

Reply instructions:

You may reply publicly to this message via plain-text email
using any one of the following methods:

* Save the following mbox file, import it into your mail client,
  and reply-to-all from there: mbox

  Avoid top-posting and favor interleaved quoting:
  https://en.wikipedia.org/wiki/Posting_style#Interleaved_style

* Reply using the --to, --cc, and --in-reply-to
  switches of git-send-email(1):

  git send-email \
    --in-reply-to=67a65a45.050a0220.b4044.c6a2SMTPIN_ADDED_MISSING@mx.google.com \
    --to=dpdklab@iol.unh.edu \
    --cc=dpdk-test-reports@iol.unh.edu \
    --cc=test-report@dpdk.org \
    /path/to/YOUR_REPLY

  https://kernel.org/pub/software/scm/git/docs/git-send-email.html

* If your mail client supports setting the In-Reply-To header
  via mailto: links, try the mailto: link
Be sure your reply has a Subject: header at the top and a blank line before the message body.
This is a public inbox, see mirroring instructions
for how to clone and mirror all data and code used for this inbox;
as well as URLs for NNTP newsgroup(s).