From mboxrd@z Thu Jan 1 00:00:00 1970 Return-Path: Received: from mails.dpdk.org (mails.dpdk.org [217.70.189.124]) by inbox.dpdk.org (Postfix) with ESMTP id 8D953461BF for ; Fri, 7 Feb 2025 20:47:30 +0100 (CET) Received: from mails.dpdk.org (localhost [127.0.0.1]) by mails.dpdk.org (Postfix) with ESMTP id 873E64029A; Fri, 7 Feb 2025 20:47:30 +0100 (CET) Received: from mail-pl1-f226.google.com (mail-pl1-f226.google.com [209.85.214.226]) by mails.dpdk.org (Postfix) with ESMTP id 6A6164026C for ; Fri, 7 Feb 2025 20:47:29 +0100 (CET) Received: by mail-pl1-f226.google.com with SMTP id d9443c01a7336-21f3e2b4eceso41619775ad.2 for ; Fri, 07 Feb 2025 11:47:29 -0800 (PST) DKIM-Signature: v=1; a=rsa-sha256; c=relaxed/relaxed; d=iol.unh.edu; s=unh-iol; t=1738957648; x=1739562448; darn=dpdk.org; h=references:in-reply-to:cc:to:from:subject:message-id:date:from:to :cc:subject:date:message-id:reply-to; bh=97E5dwqWFEXJIS4bckn9b+JTAj3eCV/WdFz+KCNDQX4=; b=FGYtUAbyHiKITnSLWV9w44+FM40ehlEAqRIRf5b2Dg858jyyls2uv5y3zYfk+9wtWs +mJZ445hlzHh+WbR5kZ0xFEQ6kJCD7ZOEXoRg6JE8AWu2sm6mU5hHRE6fN3uqNlKNJMN O+CQKP7gVIOO55OhCSlNDubadbegF+bGkpSdo= X-Google-DKIM-Signature: v=1; a=rsa-sha256; c=relaxed/relaxed; d=1e100.net; s=20230601; t=1738957648; x=1739562448; h=references:in-reply-to:cc:to:from:subject:message-id:date :x-gm-message-state:from:to:cc:subject:date:message-id:reply-to; bh=97E5dwqWFEXJIS4bckn9b+JTAj3eCV/WdFz+KCNDQX4=; b=b2eJIBbvd9PJ8KE6+V03CX0FnSjPIq9w+NCmHvLW5paUAWt52gWbqIRYaOUkNPs3rt rakqmoEv0mEKrEIIHCjQuoD99/dfByxHbQEObk+zWn53Mj27DDecmasXz0iAPpF6NC/n IVM6sDU+Ljck1H4hFCx2r0KRRFtYdTffw0sXmJte53bBbr23aqr1SH7bWzQ7IYqP3DJz ehSdQ73AnDCkDBEwQcYo1VRMTy3in3fCz28vTZoE45Z+W/DSE0yJWXArfeyTeHYdKfhJ nSvQv9wu5K5V5k8sdACEwyeaYaJSScmCOOWhN16hoLgK0kot69kMr1ACEK+HG2oaiYl4 sdNg== X-Gm-Message-State: AOJu0Yysyip17Hu9iFsZ/DgL0AiTdQaqLYEFi1WZgqusuOjHIJkWIGe2 MRn7ngPig8BebyACFvgGewnW3KY+dDK1vtm6XrApMN+G0teXjVADVfZU8hHZ5KenPHJn4+IZP0a eDgNPswEkrgI/2H9k2pTQF+Vg2/gAH88a X-Gm-Gg: ASbGncv4P0E214iRLj33usACwGu+Ivn6KxT6w+2nQvJpaUCHCwwRp8GD94sHIqSTzM+ RdWsVFZIUdLA1gEbfKfoqSy9JGiNzLWJ0aKfR1wALtWAepYjZ9PvLO0DhMaA4CPWErb1XIhh7kd 1epyqvuLpvEIl6pC2Vn19QcNG57NwyA64YJcNEHdpQgaHMaKTx/q/iniTksXSPfVE9Vz97IWQb+ VVMNdFCz4QXatiUvIUfAXlmkDhK3LumlTRwU5370iy0QDHuPW7EgxSITF7NvrcDYHKOrwIhbKz2 /I0nE5rQptVhxQ40Ec5vqsXCpE3sdg== X-Google-Smtp-Source: AGHT+IEEndi1lTfD4AqqG8UTUyNUaBRNwNxC2UGpLpMS2Zy8U5GNyi1jP2LqlVR1kZKlViyXnh6o3gBmt3lp X-Received: by 2002:a17:902:f60d:b0:21f:db8:261e with SMTP id d9443c01a7336-21f4e6a1679mr64122185ad.7.1738957648396; Fri, 07 Feb 2025 11:47:28 -0800 (PST) Received: from postal.iol.unh.edu (postal.iol.unh.edu. [132.177.123.84]) by smtp-relay.gmail.com with ESMTPS id d9443c01a7336-21f3650cee6sm2170645ad.15.2025.02.07.11.47.28 (version=TLS1_2 cipher=ECDHE-ECDSA-AES128-GCM-SHA256 bits=128/128); Fri, 07 Feb 2025 11:47:28 -0800 (PST) X-Relaying-Domain: iol.unh.edu Date: Fri, 07 Feb 2025 11:47:28 -0800 (PST) Message-ID: <67a66350.170a0220.117970.af35SMTPIN_ADDED_MISSING@mx.google.com> Received: from [172.21.0.7] (unknown [172.18.0.240]) by postal.iol.unh.edu (Postfix) with ESMTP id 888746052472; Fri, 7 Feb 2025 14:47:27 -0500 (EST) Subject: |FAILURE| pw149634 [PATCH] ring: add the second version of the RTS i From: dpdklab@iol.unh.edu To: Test Report Cc: dpdk-test-reports@iol.unh.edu, Huichao Cai In-Reply-To: <20250105095746.2727-1-chcchc88@163.com> References: <20250105095746.2727-1-chcchc88@163.com> Content-Type: text/plain X-BeenThere: test-report@dpdk.org X-Mailman-Version: 2.1.29 Precedence: list List-Id: automatic DPDK test reports List-Unsubscribe: , List-Archive: List-Post: List-Help: List-Subscribe: , Errors-To: test-report-bounces@dpdk.org Test-Label: iol-compile-amd64-testing Test-Status: FAILURE http://dpdk.org/patch/149634 _Testing issues_ Submitter: Huichao Cai Date: Sunday, January 05 2025 09:57:46 DPDK git baseline: Repo:dpdk Branch: master CommitID:fd51012de5369679e807be1d6a81d63ef15015ce 149634 --> testing issues Test environment and result as below: +---------------------+--------------------+------------------+-------------------+-------------------------+-------------------+----------------------+ | Environment | dpdk_meson_compile | dpdk_compile_ovs | dpdk_compile_spdk | dpdk_llvm_clang_compile | dpdk_msvc_compile | dpdk_mingw64_compile | +=====================+====================+==================+===================+=========================+===================+======================+ | CentOS Stream 9 | PASS | PASS | PASS | SKIPPED | SKIPPED | SKIPPED | +---------------------+--------------------+------------------+-------------------+-------------------------+-------------------+----------------------+ | Debian Bullseye | PASS | PASS | PASS | SKIPPED | SKIPPED | SKIPPED | +---------------------+--------------------+------------------+-------------------+-------------------------+-------------------+----------------------+ | Debian 12 | PASS | PASS | PASS | SKIPPED | SKIPPED | SKIPPED | +---------------------+--------------------+------------------+-------------------+-------------------------+-------------------+----------------------+ | Fedora 40 | PASS | PASS | PASS | SKIPPED | SKIPPED | SKIPPED | +---------------------+--------------------+------------------+-------------------+-------------------------+-------------------+----------------------+ | Fedora 41 (Clang) | FAIL | WARN | WARN | SKIPPED | SKIPPED | SKIPPED | +---------------------+--------------------+------------------+-------------------+-------------------------+-------------------+----------------------+ | Fedora 41 | PASS | PASS | PASS | SKIPPED | SKIPPED | SKIPPED | +---------------------+--------------------+------------------+-------------------+-------------------------+-------------------+----------------------+ | RHEL8 | PASS | PASS | SKIPPED | SKIPPED | SKIPPED | SKIPPED | +---------------------+--------------------+------------------+-------------------+-------------------------+-------------------+----------------------+ | openSUSE Leap 15 | PASS | SKIPPED | SKIPPED | SKIPPED | SKIPPED | SKIPPED | +---------------------+--------------------+------------------+-------------------+-------------------------+-------------------+----------------------+ | RHEL9 | PASS | PASS | SKIPPED | SKIPPED | SKIPPED | SKIPPED | +---------------------+--------------------+------------------+-------------------+-------------------------+-------------------+----------------------+ | Ubuntu 22.04 | PASS | PASS | PASS | SKIPPED | SKIPPED | SKIPPED | +---------------------+--------------------+------------------+-------------------+-------------------------+-------------------+----------------------+ | Ubuntu 24.04 | PASS | PASS | PASS | SKIPPED | SKIPPED | SKIPPED | +---------------------+--------------------+------------------+-------------------+-------------------------+-------------------+----------------------+ | Alpine | PASS | PASS | SKIPPED | SKIPPED | SKIPPED | SKIPPED | +---------------------+--------------------+------------------+-------------------+-------------------------+-------------------+----------------------+ | FreeBSD 13.4 | FAIL | SKIPPED | SKIPPED | SKIPPED | SKIPPED | SKIPPED | +---------------------+--------------------+------------------+-------------------+-------------------------+-------------------+----------------------+ | FreeBSD 14.2 | FAIL | SKIPPED | SKIPPED | SKIPPED | SKIPPED | SKIPPED | +---------------------+--------------------+------------------+-------------------+-------------------------+-------------------+----------------------+ | Fedora 40 (Clang) | FAIL | WARN | WARN | SKIPPED | SKIPPED | SKIPPED | +---------------------+--------------------+------------------+-------------------+-------------------------+-------------------+----------------------+ | Ubuntu 20.04 | PASS | SKIPPED | SKIPPED | SKIPPED | SKIPPED | SKIPPED | +---------------------+--------------------+------------------+-------------------+-------------------------+-------------------+----------------------+ | Windows Server 2022 | SKIPPED | SKIPPED | SKIPPED | FAIL | PASS | PASS | +---------------------+--------------------+------------------+-------------------+-------------------------+-------------------+----------------------+ ==== 20 line log output for Windows Server 2022 (dpdk_llvm_clang_compile): ==== [360/868] Compiling C object lib/librte_ring.a.p/ring_rte_ring.c.obj FAILED: lib/librte_ring.a.p/ring_rte_ring.c.obj "clang" "-Ilib\librte_ring.a.p" "-Ilib" "-I..\lib" "-Ilib\ring" "-I..\lib\ring" "-I." "-I.." "-Iconfig" "-I..\config" "-Ilib\eal\include" "-I..\lib\eal\include" "-Ilib\eal\windows\include" "-I..\lib\eal\windows\include" "-Ilib\eal\x86\include" "-I..\lib\eal\x86\include" "-Ilib\eal\common" "-I..\lib\eal\common" "-Ilib\eal" "-I..\lib\eal" "-Ilib\log" "-I..\lib\log" "-Ilib\kvargs" "-I..\lib\kvargs" "-Ilib\metrics" "-I..\lib\metrics" "-Ilib\telemetry" "-I..\lib\telemetry" "-IC:\Program Files\Mellanox\MLNX_WinOF2_DevX_SDK\inc" "-Xclang" "-fcolor-diagnostics" "-pipe" "-D_FILE_OFFSET_BITS=64" "-Wall" "-Winvalid-pch" "-Wextra" "-Werror" "-std=c11" "-O3" "-include" "rte_config.h" "-Wcast-qual" "-Wdeprecated" "-Wformat" "-Wformat-nonliteral" "-Wformat-security" "-Wmissing-declarations" "-Wmissing-prototypes" "-Wnested-externs" "-Wold-style-definition" "-Wpointer-arith" "-Wsign-compare" "-Wstrict-prototypes" "-Wundef" "-Wwrite-strings" "-Wno-missing-field-initializers" "-D_GNU_SOURCE" "-D_WIN32 _WINNT=0x0A00" "-D_CRT_SECURE_NO_WARNINGS" "-march=native" "-mrtm" "-DALLOW_EXPERIMENTAL_API" "-DALLOW_INTERNAL_API" "-DRTE_LOG_DEFAULT_LOGTYPE=lib.ring" "-DRTE_ANNOTATE_LOCKS" "-Wthread-safety" -MD -MQ lib/librte_ring.a.p/ring_rte_ring.c.obj -MF "lib\librte_ring.a.p\ring_rte_ring.c.obj.d" -o lib/librte_ring.a.p/ring_rte_ring.c.obj "-c" ../lib/ring/rte_ring.c ../lib/ring/rte_ring.c:348:1: error: mutex 'rte_mcfg_tailq_get_lock()' is not held on every path through here [-Werror,-Wthread-safety-analysis] } ^ ../lib/ring/rte_ring.c:318:2: note: mutex acquired here rte_mcfg_tailq_write_lock(); ^ 1 error generated. [361/868] Compiling C object lib/net/libnet_crc_avx512_lib.a.p/net_crc_avx512.c.obj [362/868] Generating rte_net_def with a custom command [363/868] Compiling C object lib/librte_eal.a.p/eal_windows_rte_thread.c.obj [364/868] Compiling C object lib/librte_net.a.p/net_rte_net_crc.c.obj [365/868] Compiling C object lib/librte_net.a.p/net_rte_arp.c.obj [366/868] Compiling C object lib/librte_net.a.p/net_net_crc_sse.c.obj [367/868] Compiling C object lib/librte_mempool.a.p/mempool_rte_mempool.c.obj [368/868] Compiling C object lib/librte_rcu.a.p/rcu_rte_rcu_qsbr.c.obj [369/868] Compiling C object lib/librte_net.a.p/net_rte_net.c.obj ninja: build stopped: subcommand failed. ==== End log output ==== CentOS Stream 9 Kernel: Depends on container host Compiler: gcc 11.5.0 20240719 (Red Hat 11.5.0-2) Debian Bullseye Kernel: Depends on container host Compiler: gcc (Debian 10.2.1-6) 10.2.1 20210110 Debian 12 Kernel: Depends on container host Compiler: gcc (Debian 12.2.0-14) 12.2.0 Fedora 40 Kernel: Depends on container host Compiler: gcc 14.2.1 20240912 (Red Hat 14.2.1-3) Fedora 41 (Clang) Kernel: Depends on container host Compiler: clang 19.1.5 (Fedora 19.1.5-1.fc41) Fedora 41 Kernel: Depends on container host Compiler: gcc 14.2.1 20240912 (Red Hat 14.2.1-3) RHEL8 Kernel: Depends on container host Compiler: gcc 8.5.0 20210514 (Red Hat 8.5.0-22) openSUSE Leap 15 Kernel: Depends on container host Compiler: gcc (SUSE Linux) 7.5.0 RHEL9 Kernel: Depends on container host Compiler: gcc 11.5.0 20240719 (Red Hat 11.5.0-2) Ubuntu 22.04 Kernel: Depends on container host Compiler: gcc (Ubuntu 11.4.0-1ubuntu1~22.04) 11.4.0 Ubuntu 24.04 Kernel: Depends on container host Compiler: gcc (Ubuntu 13.3.0-6ubuntu2~24.04) 13.3.0 Alpine Kernel: Depends on container host Compiler: gcc (Alpine 14.2.0) 14.2.0 FreeBSD 13.4 Kernel: 13.4-RELEASE-p1 Compiler: clang 18.1.6 FreeBSD 14.2 Kernel: 14.2-RELEASE Compiler: clang 18.1.6 Fedora 40 (Clang) Kernel: Depends on container host Compiler: clang 18.1.8 (Fedora 18.1.8-1.fc40) Ubuntu 20.04 Kernel: Depends on container host Compiler: gcc (Ubuntu 9.4.0-1ubuntu1~20.04.2) 9.4.0 Windows Server 2022 Kernel: 10.0.20348.2031 Compiler: clang 15.0.7, gcc 14.1.0 (MinGW), and MSVC VS 19.39.33521 To view detailed results, visit: https://lab.dpdk.org/results/dashboard/patchsets/32253/ UNH-IOL DPDK Community Lab To manage your email subscriptions, visit: https://lab.dpdk.org/results/dashboard/preferences/subscriptions/