From mboxrd@z Thu Jan 1 00:00:00 1970 Return-Path: Received: from mails.dpdk.org (mails.dpdk.org [217.70.189.124]) by inbox.dpdk.org (Postfix) with ESMTP id E1494461BF for ; Fri, 7 Feb 2025 21:00:45 +0100 (CET) Received: from mails.dpdk.org (localhost [127.0.0.1]) by mails.dpdk.org (Postfix) with ESMTP id D8E6E40290; Fri, 7 Feb 2025 21:00:45 +0100 (CET) Received: from mail-io1-f100.google.com (mail-io1-f100.google.com [209.85.166.100]) by mails.dpdk.org (Postfix) with ESMTP id F1F4A402B3 for ; Fri, 7 Feb 2025 21:00:43 +0100 (CET) Received: by mail-io1-f100.google.com with SMTP id ca18e2360f4ac-844cd85f5ebso187655739f.3 for ; Fri, 07 Feb 2025 12:00:43 -0800 (PST) DKIM-Signature: v=1; a=rsa-sha256; c=relaxed/relaxed; d=iol.unh.edu; s=unh-iol; t=1738958443; x=1739563243; darn=dpdk.org; h=references:in-reply-to:cc:to:from:subject:message-id:date:from:to :cc:subject:date:message-id:reply-to; bh=Z94ktWoQ2B/C7y72b9VtQOhLtevtF7fpL/eNE/Wa790=; b=HgElgwsh1HbLkKyDkXqx9rENEnWIH9yvePTGkvOiBlyLfLJZUWdaHCk2SZ7qguIPzN AtLj+mJjke/KyBmFcUX4m4q9YRNQN0+j50F7Zx1saj4KI39lfQpuz/+qQI09YN7kDHXY HzBBkIpcrbCnLJH3+dzCFeIFpHf1yJnxr43gs= X-Google-DKIM-Signature: v=1; a=rsa-sha256; c=relaxed/relaxed; d=1e100.net; s=20230601; t=1738958443; x=1739563243; h=references:in-reply-to:cc:to:from:subject:message-id:date :x-gm-message-state:from:to:cc:subject:date:message-id:reply-to; bh=Z94ktWoQ2B/C7y72b9VtQOhLtevtF7fpL/eNE/Wa790=; b=VC8Jb7FcgsRar8GLlqqYrAa8yCbaegg8kEoYtHz9Xs3PGV/XLaujq7L1pArlNBRNGh e4zfweqpBlKCUQqLE6x1KCugRwI3YbEvideb0VLUbPZvT/QGGMUUm03UhLGFNrbR0Qx6 d9wN9WgKzTvNdyjH4WQZpYCU4CSiVojfVKNzuPoN47vs3Wga9ZHgXYeraRrfN/EoghfT 6DpiU1LIAAz6dag63QkF4JWdCve8LoLQ/xfw00/s+V5THqQacrA64c3LDGNaXxcz2z76 R6lZZZt3PNxua3GOZcxE/qhoiILQo9iHe0UJ5/TUTATT+domZWxgcuV/8YpNJ0QY6b6c UGrA== X-Gm-Message-State: AOJu0Yy9TIIwt7VrcDzO+noa8lW4ng56nsC0P3uTXWlL0n5ZjLBFT6CL g4ja73GGAEYDAN78/qhbl0eba/DrZoFS3pUHlGNmqdAfKBwlBYVqrqF6wTXI1W+H8tvM2VsQHy6 hyx9otsNYs8jZvQOnwyUgx0KDD5ZZ3IsMuvKfUtQ7 X-Gm-Gg: ASbGncs4e+JOCCPgapneJUeiY8Xk3QcICN/VZSSk3RTHBe4nLR5cDXu7OKpR+nUvESA mWk17LSIPdn1SZh97QbN4cq8mpQAhIz0WzQrRsSwrUUxlLQvq6DYrlyVmEVz3vXW3WI3jbHvZj+ ey5ZOcdI460Lts/++pxoskUvFV0JHTFCDzOwBf8v42ls/jubaMrz72Gt2aJH7ZcBMa9ZGJxL6QG sG/wH56yrHfkscZnhe8fXaSyHHhUvRq1JVpWh7JMJomUd84fx+HyHFZjPLMTFwcipcZ3Y5llAzW flO3RwmI66dNnCdJxHqmOE5bWz+myw== X-Google-Smtp-Source: AGHT+IGQxwOWBTpFswTb9sz/t1E/oaXr/0vWF5/E0RnahX5vtwRvBT39DgwLpM1mFXN22DGar70nmlEGGOaZ X-Received: by 2002:a05:6602:3991:b0:849:a2bb:ffde with SMTP id ca18e2360f4ac-854fd89a878mr566164539f.4.1738958443374; Fri, 07 Feb 2025 12:00:43 -0800 (PST) Received: from postal.iol.unh.edu (postal.iol.unh.edu. [132.177.123.84]) by smtp-relay.gmail.com with ESMTPS id ca18e2360f4ac-854f6760775sm24896039f.29.2025.02.07.12.00.43 (version=TLS1_2 cipher=ECDHE-ECDSA-AES128-GCM-SHA256 bits=128/128); Fri, 07 Feb 2025 12:00:43 -0800 (PST) X-Relaying-Domain: iol.unh.edu Date: Fri, 07 Feb 2025 12:00:43 -0800 (PST) Message-ID: <67a6666b.050a0220.b4044.cb55SMTPIN_ADDED_MISSING@mx.google.com> Received: from [172.21.0.11] (unknown [172.18.0.240]) by postal.iol.unh.edu (Postfix) with ESMTP id E260E605247D; Fri, 7 Feb 2025 15:00:41 -0500 (EST) Subject: |FAILURE| pw149266-149277 [PATCH] [v3,15/15] net/zxdh: mtu update op From: dpdklab@iol.unh.edu To: Test Report Cc: dpdk-test-reports@iol.unh.edu, Junlong Wang In-Reply-To: <20241217114133.1171174-16-wang.junlong1@zte.com.cn> References: <20241217114133.1171174-16-wang.junlong1@zte.com.cn> Content-Type: text/plain X-BeenThere: test-report@dpdk.org X-Mailman-Version: 2.1.29 Precedence: list List-Id: automatic DPDK test reports List-Unsubscribe: , List-Archive: List-Post: List-Help: List-Subscribe: , Errors-To: test-report-bounces@dpdk.org Test-Label: iol-compile-amd64-testing Test-Status: FAILURE http://dpdk.org/patch/149277 _Testing issues_ Submitter: Junlong Wang Date: Tuesday, December 17 2024 11:41:33 DPDK git baseline: Repo:dpdk Branch: master CommitID:78d0246a2e2fb14cba220d507192d12d2ce896ac 149266-149277 --> testing issues Test environment and result as below: +---------------------+--------------------+------------------+-------------------+-------------------+-------------------------+----------------------+ | Environment | dpdk_meson_compile | dpdk_compile_ovs | dpdk_compile_spdk | dpdk_msvc_compile | dpdk_llvm_clang_compile | dpdk_mingw64_compile | +=====================+====================+==================+===================+===================+=========================+======================+ | CentOS Stream 9 | PASS | PASS | PASS | SKIPPED | SKIPPED | SKIPPED | +---------------------+--------------------+------------------+-------------------+-------------------+-------------------------+----------------------+ | Fedora 39 | PASS | PASS | PASS | SKIPPED | SKIPPED | SKIPPED | +---------------------+--------------------+------------------+-------------------+-------------------+-------------------------+----------------------+ | RHEL8 | PASS | PASS | SKIPPED | SKIPPED | SKIPPED | SKIPPED | +---------------------+--------------------+------------------+-------------------+-------------------+-------------------------+----------------------+ | RHEL9 | PASS | PASS | SKIPPED | SKIPPED | SKIPPED | SKIPPED | +---------------------+--------------------+------------------+-------------------+-------------------+-------------------------+----------------------+ | Ubuntu 20.04 | PASS | SKIPPED | SKIPPED | SKIPPED | SKIPPED | SKIPPED | +---------------------+--------------------+------------------+-------------------+-------------------+-------------------------+----------------------+ | Ubuntu 22.04 | PASS | PASS | PASS | SKIPPED | SKIPPED | SKIPPED | +---------------------+--------------------+------------------+-------------------+-------------------+-------------------------+----------------------+ | Ubuntu 24.04 | PASS | PASS | PASS | SKIPPED | SKIPPED | SKIPPED | +---------------------+--------------------+------------------+-------------------+-------------------+-------------------------+----------------------+ | FreeBSD 13.4 | PASS | SKIPPED | SKIPPED | SKIPPED | SKIPPED | SKIPPED | +---------------------+--------------------+------------------+-------------------+-------------------+-------------------------+----------------------+ | FreeBSD 14.2 | PASS | SKIPPED | SKIPPED | SKIPPED | SKIPPED | SKIPPED | +---------------------+--------------------+------------------+-------------------+-------------------+-------------------------+----------------------+ | Debian 12 | PASS | PASS | PASS | SKIPPED | SKIPPED | SKIPPED | +---------------------+--------------------+------------------+-------------------+-------------------+-------------------------+----------------------+ | Fedora 39 (Clang) | PASS | PASS | PASS | SKIPPED | SKIPPED | SKIPPED | +---------------------+--------------------+------------------+-------------------+-------------------+-------------------------+----------------------+ | Fedora 40 | FAIL | WARN | WARN | SKIPPED | SKIPPED | SKIPPED | +---------------------+--------------------+------------------+-------------------+-------------------+-------------------------+----------------------+ | openSUSE Leap 15 | PASS | SKIPPED | SKIPPED | SKIPPED | SKIPPED | SKIPPED | +---------------------+--------------------+------------------+-------------------+-------------------+-------------------------+----------------------+ | Alpine | PASS | PASS | SKIPPED | SKIPPED | SKIPPED | SKIPPED | +---------------------+--------------------+------------------+-------------------+-------------------+-------------------------+----------------------+ | Windows Server 2022 | SKIPPED | SKIPPED | SKIPPED | PASS | PASS | PASS | +---------------------+--------------------+------------------+-------------------+-------------------+-------------------------+----------------------+ ==== 20 line log output for Fedora 40 (dpdk_compile_spdk): ==== --- Failed to get log output --- ==== End log output ==== CentOS Stream 9 Kernel: Depends on container host Compiler: gcc 11.5.0 20240719 (Red Hat 11.5.0-2) Fedora 39 Kernel: Depends on container host Compiler: gcc 13.3.1 20240522 (Red Hat 13.3.1-1) RHEL8 Kernel: Depends on container host Compiler: gcc 8.5.0 20210514 (Red Hat 8.5.0-22) RHEL9 Kernel: Depends on container host Compiler: gcc 11.5.0 20240719 (Red Hat 11.5.0-2) Ubuntu 20.04 Kernel: Depends on container host Compiler: gcc (Ubuntu 9.4.0-1ubuntu1~20.04.2) 9.4.0 Ubuntu 22.04 Kernel: Depends on container host Compiler: gcc (Ubuntu 11.4.0-1ubuntu1~22.04) 11.4.0 Ubuntu 24.04 Kernel: Depends on container host Compiler: gcc (Ubuntu 13.3.0-6ubuntu2~24.04) 13.3.0 FreeBSD 13.4 Kernel: 13.4-RELEASE-p1 Compiler: clang 18.1.6 FreeBSD 14.2 Kernel: 14.2-RELEASE Compiler: clang 18.1.6 Debian 12 Kernel: Depends on container host Compiler: gcc (Debian 12.2.0-14) 12.2.0 Fedora 39 (Clang) Kernel: Depends on container host Compiler: clang 17.0.6 (Fedora 17.0.6-2.fc39) Fedora 40 Kernel: Depends on container host Compiler: gcc 14.2.1 20240912 (Red Hat 14.2.1-3) openSUSE Leap 15 Kernel: Depends on container host Compiler: gcc (SUSE Linux) 7.5.0 Alpine Kernel: Depends on container host Compiler: gcc (Alpine 14.2.0) 14.2.0 Windows Server 2022 Kernel: 10.0.20348.2031 Compiler: clang 15.0.7, gcc 14.1.0 (MinGW), and MSVC VS 19.39.33521 To view detailed results, visit: https://lab.dpdk.org/results/dashboard/patchsets/32152/ UNH-IOL DPDK Community Lab To manage your email subscriptions, visit: https://lab.dpdk.org/results/dashboard/preferences/subscriptions/