automatic DPDK test reports
 help / color / mirror / Atom feed
From: dpdklab@iol.unh.edu
To: Test Report <test-report@dpdk.org>
Cc: dpdk-test-reports@iol.unh.edu,
	Stephen Hemminger <stephen@networkplumber.org>
Subject: |FAILURE| pw149237-149241 [PATCH] [5/5] net/virtio: remove unneeded
Date: Fri, 07 Feb 2025 12:05:01 -0800 (PST)	[thread overview]
Message-ID: <67a6676d.050a0220.2ad576.28bcSMTPIN_ADDED_MISSING@mx.google.com> (raw)
In-Reply-To: <20241213214929.817688-6-stephen@networkplumber.org>

Test-Label: iol-compile-amd64-testing
Test-Status: FAILURE
http://dpdk.org/patch/149241

_Testing issues_

Submitter: Stephen Hemminger <stephen@networkplumber.org>
Date: Friday, December 13 2024 21:48:18 
DPDK git baseline: Repo:dpdk
  Branch: master
  CommitID:f1e0472368d4dbb1da33ae68b18ca21bc8a55259

149237-149241 --> testing issues

Test environment and result as below:

+---------------------+--------------------+------------------+-------------------+-------------------------+----------------------+-------------------+
|     Environment     | dpdk_meson_compile | dpdk_compile_ovs | dpdk_compile_spdk | dpdk_llvm_clang_compile | dpdk_mingw64_compile | dpdk_msvc_compile |
+=====================+====================+==================+===================+=========================+======================+===================+
| Debian 12           | FAIL               | WARN             | WARN              | SKIPPED                 | SKIPPED              | SKIPPED           |
+---------------------+--------------------+------------------+-------------------+-------------------------+----------------------+-------------------+
| CentOS Stream 9     | FAIL               | WARN             | WARN              | SKIPPED                 | SKIPPED              | SKIPPED           |
+---------------------+--------------------+------------------+-------------------+-------------------------+----------------------+-------------------+
| Fedora 40           | FAIL               | WARN             | WARN              | SKIPPED                 | SKIPPED              | SKIPPED           |
+---------------------+--------------------+------------------+-------------------+-------------------------+----------------------+-------------------+
| Fedora 39 (Clang)   | FAIL               | WARN             | WARN              | SKIPPED                 | SKIPPED              | SKIPPED           |
+---------------------+--------------------+------------------+-------------------+-------------------------+----------------------+-------------------+
| Fedora 40 (Clang)   | FAIL               | WARN             | WARN              | SKIPPED                 | SKIPPED              | SKIPPED           |
+---------------------+--------------------+------------------+-------------------+-------------------------+----------------------+-------------------+
| Fedora 39           | FAIL               | WARN             | WARN              | SKIPPED                 | SKIPPED              | SKIPPED           |
+---------------------+--------------------+------------------+-------------------+-------------------------+----------------------+-------------------+
| RHEL8               | FAIL               | WARN             | SKIPPED           | SKIPPED                 | SKIPPED              | SKIPPED           |
+---------------------+--------------------+------------------+-------------------+-------------------------+----------------------+-------------------+
| Ubuntu 24.04        | FAIL               | WARN             | WARN              | SKIPPED                 | SKIPPED              | SKIPPED           |
+---------------------+--------------------+------------------+-------------------+-------------------------+----------------------+-------------------+
| RHEL9               | FAIL               | WARN             | SKIPPED           | SKIPPED                 | SKIPPED              | SKIPPED           |
+---------------------+--------------------+------------------+-------------------+-------------------------+----------------------+-------------------+
| Ubuntu 22.04        | FAIL               | WARN             | WARN              | SKIPPED                 | SKIPPED              | SKIPPED           |
+---------------------+--------------------+------------------+-------------------+-------------------------+----------------------+-------------------+
| Ubuntu 20.04        | FAIL               | SKIPPED          | SKIPPED           | SKIPPED                 | SKIPPED              | SKIPPED           |
+---------------------+--------------------+------------------+-------------------+-------------------------+----------------------+-------------------+
| Alpine              | FAIL               | WARN             | SKIPPED           | SKIPPED                 | SKIPPED              | SKIPPED           |
+---------------------+--------------------+------------------+-------------------+-------------------------+----------------------+-------------------+
| FreeBSD 13.4        | PASS               | SKIPPED          | SKIPPED           | SKIPPED                 | SKIPPED              | SKIPPED           |
+---------------------+--------------------+------------------+-------------------+-------------------------+----------------------+-------------------+
| FreeBSD 14.2        | PASS               | SKIPPED          | SKIPPED           | SKIPPED                 | SKIPPED              | SKIPPED           |
+---------------------+--------------------+------------------+-------------------+-------------------------+----------------------+-------------------+
| openSUSE Leap 15    | FAIL               | SKIPPED          | SKIPPED           | SKIPPED                 | SKIPPED              | SKIPPED           |
+---------------------+--------------------+------------------+-------------------+-------------------------+----------------------+-------------------+
| Windows Server 2022 | SKIPPED            | SKIPPED          | SKIPPED           | PASS                    | PASS                 | PASS              |
+---------------------+--------------------+------------------+-------------------+-------------------------+----------------------+-------------------+

==== 20 line log output for openSUSE Leap 15 (dpdk_meson_compile): ====
[1466/3153] Linking target drivers/librte_net_ena.so.25.1
[1467/3153] Compiling C object drivers/libtmp_rte_net_enetc.a.p/net_enetc_enetc_rxtx.c.o
[1468/3153] Linking static target drivers/libtmp_rte_net_enetc.a
[1469/3153] Generating rte_net_enetc.pmd.c with a custom command
[1470/3153] Compiling C object drivers/librte_net_enetc.a.p/meson-generated_.._rte_net_enetc.pmd.c.o
[1471/3153] Linking static target drivers/librte_net_enetc.a
[1472/3153] Compiling C object drivers/librte_net_enetc.so.25.1.p/meson-generated_.._rte_net_enetc.pmd.c.o
[1473/3153] Compiling C object drivers/libtmp_rte_net_enetfec.a.p/net_enetfec_enet_ethdev.c.o
FAILED: drivers/libtmp_rte_net_enetfec.a.p/net_enetfec_enet_ethdev.c.o
ccache cc -Idrivers/libtmp_rte_net_enetfec.a.p -Idrivers -I../drivers -Idrivers/net/enetfec -I../drivers/net/enetfec -Ilib/ethdev -I../lib/ethdev -I. -I.. -Iconfig -I../config -Ilib/eal/include -I../lib/eal/include -Ilib/eal/linux/include -I../lib/eal/linux/include -Ilib/eal/x86/include -I../lib/eal/x86/include -I../kernel/linux -Ilib/eal/common -I../lib/eal/common -Ilib/eal -I../lib/eal -Ilib/kvargs -I../lib/kvargs -Ilib/log -I../lib/log -Ilib/metrics -I../lib/metrics -Ilib/telemetry -I../lib/telemetry -Ilib/net -I../lib/net -Ilib/mbuf -I../lib/mbuf -Ilib/mempool -I../lib/mempool -Ilib/ring -I../lib/ring -Ilib/meter -I../lib/meter -Idrivers/bus/pci -I../drivers/bus/pci -I../drivers/bus/pci/linux -Ilib/pci -I../lib/pci -Idrivers/bus/vdev -I../drivers/bus/vdev -fdiagnostics-color=always -pipe -D_FILE_OFFSET_BITS=64 -Wall -Winvalid-pch -Wextra -Werror -std=c11 -O3 -include rte_config.h -Wcast-qual -Wdeprecated -Wformat -Wformat-nonliteral -Wformat-security -Wmissing-declarations -Wmiss
 ing-prototypes -Wnested-externs -Wold-style-definition -Wpointer-arith -Wsign-compare -Wstrict-prototypes -Wundef -Wwrite-strings -Wno-missing-field-initializers -D_GNU_SOURCE -fPIC -march=native -mrtm -DALLOW_EXPERIMENTAL_API -DALLOW_INTERNAL_API -Wno-format-truncation -DRTE_LOG_DEFAULT_LOGTYPE=pmd.net.enetfec -MD -MQ drivers/libtmp_rte_net_enetfec.a.p/net_enetfec_enet_ethdev.c.o -MF drivers/libtmp_rte_net_enetfec.a.p/net_enetfec_enet_ethdev.c.o.d -o drivers/libtmp_rte_net_enetfec.a.p/net_enetfec_enet_ethdev.c.o -c ../drivers/net/enetfec/enet_ethdev.c
../drivers/net/enetfec/enet_ethdev.c: In function 'enetfec_tx_queue_setup':
../drivers/net/enetfec/enet_ethdev.c:369:33: error: unused parameter 'tx_conf' [-Werror=unused-parameter]
const struct rte_eth_txconf *tx_conf)
^~~~~~~
../drivers/net/enetfec/enet_ethdev.c: In function 'enetfec_rx_queue_setup':
../drivers/net/enetfec/enet_ethdev.c:440:33: error: unused parameter 'rx_conf' [-Werror=unused-parameter]
const struct rte_eth_rxconf *rx_conf,
^~~~~~~
cc1: all warnings being treated as errors
ninja: build stopped: subcommand failed.
==== End log output ====

Debian 12
	Kernel: Depends on container host
	Compiler: gcc (Debian 12.2.0-14) 12.2.0

CentOS Stream 9
	Kernel: Depends on container host
	Compiler: gcc 11.5.0 20240719 (Red Hat 11.5.0-2)

Fedora 40
	Kernel: Depends on container host
	Compiler: gcc 14.2.1 20240912 (Red Hat 14.2.1-3)

Fedora 39 (Clang)
	Kernel: Depends on container host
	Compiler: clang 17.0.6 (Fedora 17.0.6-2.fc39)

Fedora 40 (Clang)
	Kernel: Depends on container host
	Compiler: clang 18.1.8 (Fedora 18.1.8-1.fc40)

Fedora 39
	Kernel: Depends on container host
	Compiler: gcc 13.3.1 20240522 (Red Hat 13.3.1-1)

RHEL8
	Kernel: Depends on container host
	Compiler: gcc 8.5.0 20210514 (Red Hat 8.5.0-22)

Ubuntu 24.04
	Kernel: Depends on container host
	Compiler: gcc (Ubuntu 13.3.0-6ubuntu2~24.04) 13.3.0

RHEL9
	Kernel: Depends on container host
	Compiler: gcc 11.5.0 20240719 (Red Hat 11.5.0-2)

Ubuntu 22.04
	Kernel: Depends on container host
	Compiler: gcc (Ubuntu 11.4.0-1ubuntu1~22.04) 11.4.0

Ubuntu 20.04
	Kernel: Depends on container host
	Compiler: gcc (Ubuntu 9.4.0-1ubuntu1~20.04.2) 9.4.0

Alpine
	Kernel: Depends on container host
	Compiler: gcc (Alpine 14.2.0) 14.2.0

FreeBSD 13.4
	Kernel: 13.4-RELEASE-p1
	Compiler: clang 18.1.6

FreeBSD 14.2
	Kernel: 14.2-RELEASE
	Compiler: clang 18.1.6

openSUSE Leap 15
	Kernel: Depends on container host
	Compiler: gcc (SUSE Linux) 7.5.0

Windows Server 2022
	Kernel: 10.0.20348.2031
	Compiler: clang 15.0.7, gcc 14.1.0 (MinGW), and MSVC VS 19.39.33521

To view detailed results, visit:
https://lab.dpdk.org/results/dashboard/patchsets/32143/

UNH-IOL DPDK Community Lab

To manage your email subscriptions, visit: 
https://lab.dpdk.org/results/dashboard/preferences/subscriptions/

      parent reply	other threads:[~2025-02-07 20:05 UTC|newest]

Thread overview: 34+ messages / expand[flat|nested]  mbox.gz  Atom feed  top
     [not found] <20241213214929.817688-6-stephen@networkplumber.org>
2024-12-13 21:25 ` |SUCCESS| pw149237-149241 [PATCH 5/5] net/virtio: remove unneeded deferred start check qemudev
2024-12-13 21:29 ` qemudev
2024-12-13 21:51 ` |SUCCESS| pw149241 " checkpatch
2024-12-13 22:22 ` |FAILURE| " 0-day Robot
2024-12-14  3:13 ` |SUCCESS| pw149237-149241 [PATCH] [5/5] net/virtio: remove unneeded dpdklab
2024-12-14  3:19 ` dpdklab
2024-12-14  3:24 ` dpdklab
2024-12-14  3:27 ` dpdklab
2024-12-14  3:29 ` dpdklab
2024-12-14  3:36 ` dpdklab
2024-12-14  3:49 ` dpdklab
2024-12-14  3:51 ` dpdklab
2024-12-14  3:55 ` dpdklab
2024-12-14  4:01 ` |FAILURE| " dpdklab
2024-12-14  4:01 ` |WARNING| " dpdklab
2024-12-14  4:38 ` dpdklab
2024-12-14  4:43 ` |FAILURE| " dpdklab
2024-12-14  4:47 ` dpdklab
2024-12-14  4:48 ` |SUCCESS| " dpdklab
2024-12-14  4:51 ` |FAILURE| " dpdklab
2024-12-14  4:54 ` dpdklab
2024-12-14  5:00 ` dpdklab
2024-12-14  5:12 ` |SUCCESS| " dpdklab
2024-12-14  5:19 ` |FAILURE| " dpdklab
2024-12-14  5:39 ` |WARNING| " dpdklab
2024-12-14  6:13 ` |FAILURE| " dpdklab
2024-12-14  8:05 ` |WARNING| " dpdklab
2024-12-14 12:20 ` dpdklab
2024-12-14 23:05 ` |FAILURE| " dpdklab
2024-12-14 23:13 ` dpdklab
2024-12-16 20:07 ` dpdklab
2025-01-08 22:44 ` |PENDING| " dpdklab
2025-02-07 18:29 ` |FAILURE| " dpdklab
2025-02-07 20:05 ` dpdklab [this message]

Reply instructions:

You may reply publicly to this message via plain-text email
using any one of the following methods:

* Save the following mbox file, import it into your mail client,
  and reply-to-all from there: mbox

  Avoid top-posting and favor interleaved quoting:
  https://en.wikipedia.org/wiki/Posting_style#Interleaved_style

* Reply using the --to, --cc, and --in-reply-to
  switches of git-send-email(1):

  git send-email \
    --in-reply-to=67a6676d.050a0220.2ad576.28bcSMTPIN_ADDED_MISSING@mx.google.com \
    --to=dpdklab@iol.unh.edu \
    --cc=dpdk-test-reports@iol.unh.edu \
    --cc=stephen@networkplumber.org \
    --cc=test-report@dpdk.org \
    /path/to/YOUR_REPLY

  https://kernel.org/pub/software/scm/git/docs/git-send-email.html

* If your mail client supports setting the In-Reply-To header
  via mailto: links, try the mailto: link
Be sure your reply has a Subject: header at the top and a blank line before the message body.
This is a public inbox, see mirroring instructions
for how to clone and mirror all data and code used for this inbox;
as well as URLs for NNTP newsgroup(s).