From mboxrd@z Thu Jan 1 00:00:00 1970 Return-Path: Received: from mails.dpdk.org (mails.dpdk.org [217.70.189.124]) by inbox.dpdk.org (Postfix) with ESMTP id DA798461BF for ; Fri, 7 Feb 2025 21:05:04 +0100 (CET) Received: from mails.dpdk.org (localhost [127.0.0.1]) by mails.dpdk.org (Postfix) with ESMTP id D4E6B40270; Fri, 7 Feb 2025 21:05:04 +0100 (CET) Received: from mail-yw1-f226.google.com (mail-yw1-f226.google.com [209.85.128.226]) by mails.dpdk.org (Postfix) with ESMTP id AA3D04026C for ; Fri, 7 Feb 2025 21:05:01 +0100 (CET) Received: by mail-yw1-f226.google.com with SMTP id 00721157ae682-6f6715734d9so22836097b3.3 for ; Fri, 07 Feb 2025 12:05:01 -0800 (PST) DKIM-Signature: v=1; a=rsa-sha256; c=relaxed/relaxed; d=iol.unh.edu; s=unh-iol; t=1738958701; x=1739563501; darn=dpdk.org; h=references:in-reply-to:cc:to:from:subject:message-id:date:from:to :cc:subject:date:message-id:reply-to; bh=si3hZDEmXsFru6IXBnbr4pgadxAUw1F90SVDRVV4qGw=; b=M+8eSlq/XZSaS6cP+8Qwz47XuYIXdghetb30JRo6Ek3sr2/gjeH9Q4QT/k6SuY4OAT HCvTleEA5rlHKEadYKZslkA7MudveihjYBTTrXBdR53hMssIokuFTdWjLf/9dxksUeOU GC+Bj5HGEhLDndcRSrHbRo6sbC4hyY/PmiGM4= X-Google-DKIM-Signature: v=1; a=rsa-sha256; c=relaxed/relaxed; d=1e100.net; s=20230601; t=1738958701; x=1739563501; h=references:in-reply-to:cc:to:from:subject:message-id:date :x-gm-message-state:from:to:cc:subject:date:message-id:reply-to; bh=si3hZDEmXsFru6IXBnbr4pgadxAUw1F90SVDRVV4qGw=; b=wuGrkTPQegCR2CLXs8FBKS2YTnYOPA0xzw1F0EsUJ/HN/vl5aRZzIu/5bbUfQtkruc nAgvnKqXaigg6ZUMoJRGNsiD1yJAIQwmxLF6p4I6iKCDxwphzD64CtyuSY/gbvN8VHLW jPHiQB2KvCxhomfTDBxIg3K2b45coUP6zUJv97pDQiyVdgfpNuOxm5NIUk4EdgkqtAYg +zjq9/oQOtqT5YlPi99UzgLnJX1PKEKDRfDo3pz4ie9jdCyO4jKwhqKNbCIa0k+dyXVr Zlj21F8ZpFDXHnLWUCqod4Ch+UbCAnwOjyB4A0gXa9dmbig/CEW8fOGr5icQJzUJ1Hhe mEiw== X-Gm-Message-State: AOJu0Yz/JIJJlJLcjYVZpxF3flG7vC+md+NZ9aI3OKILp38yQImQzg7+ leUtZzJJDoF2UPjwsmEDtDouxDMYMkywAA82U/XWPj0WihpKesa6GabS9vsfsNhmGmubdIpR0qP nVEtw2Zo+1vZ1IUtmcO/o4lFbBLNwhJxcftnC7+vi X-Gm-Gg: ASbGncvbNJJtrtPs1V2JcugtkJbgFH04LrB9MLuKxnNpzqbFNev3qq5xdJ5JruR83iG T7Fb9d5fmZVt32DxZUD/w/TgGBBhfSCNKobrE/r+3zu0EEZhU+iHQL65aIYgbrjBxD2lO5aq+Jb /cEgcQCOlC+peBcPLe3dtsxiL0rwNXi6tH5E3annZ+X/dwQVHrUp/Rcphm8V3fmOy/n4EgbwTVj 99IfzYnIQr8XwVRRn4w+sz8tOi2/GpvwuCpZtwu7Xvs9OTF7qYdD1SeLkLJklu3Os9rj4ZMIsyh dkiHcQFqbgMuKmtQ2KvPf/wo3j4Rcg== X-Google-Smtp-Source: AGHT+IH1Won7thxRy7eLiElmvUrT6ytbW37nR0gQUGTXFjQmRh8eHYKPXup1QGRokF4Qx6LzEVIBrOTBdg3R X-Received: by 2002:a05:690c:6488:b0:6f9:aeee:8f10 with SMTP id 00721157ae682-6f9b29e35bfmr37494207b3.24.1738958701088; Fri, 07 Feb 2025 12:05:01 -0800 (PST) Received: from postal.iol.unh.edu (postal.iol.unh.edu. [132.177.123.84]) by smtp-relay.gmail.com with ESMTPS id 00721157ae682-6f99fe93331sm535307b3.39.2025.02.07.12.05.00 (version=TLS1_2 cipher=ECDHE-ECDSA-AES128-GCM-SHA256 bits=128/128); Fri, 07 Feb 2025 12:05:01 -0800 (PST) X-Relaying-Domain: iol.unh.edu Date: Fri, 07 Feb 2025 12:05:01 -0800 (PST) Message-ID: <67a6676d.050a0220.2ad576.28bcSMTPIN_ADDED_MISSING@mx.google.com> Received: from [172.21.0.11] (unknown [172.18.0.240]) by postal.iol.unh.edu (Postfix) with ESMTP id C34676052483; Fri, 7 Feb 2025 15:05:00 -0500 (EST) Subject: |FAILURE| pw149237-149241 [PATCH] [5/5] net/virtio: remove unneeded From: dpdklab@iol.unh.edu To: Test Report Cc: dpdk-test-reports@iol.unh.edu, Stephen Hemminger In-Reply-To: <20241213214929.817688-6-stephen@networkplumber.org> References: <20241213214929.817688-6-stephen@networkplumber.org> Content-Type: text/plain X-BeenThere: test-report@dpdk.org X-Mailman-Version: 2.1.29 Precedence: list List-Id: automatic DPDK test reports List-Unsubscribe: , List-Archive: List-Post: List-Help: List-Subscribe: , Errors-To: test-report-bounces@dpdk.org Test-Label: iol-compile-amd64-testing Test-Status: FAILURE http://dpdk.org/patch/149241 _Testing issues_ Submitter: Stephen Hemminger Date: Friday, December 13 2024 21:48:18 DPDK git baseline: Repo:dpdk Branch: master CommitID:f1e0472368d4dbb1da33ae68b18ca21bc8a55259 149237-149241 --> testing issues Test environment and result as below: +---------------------+--------------------+------------------+-------------------+-------------------------+----------------------+-------------------+ | Environment | dpdk_meson_compile | dpdk_compile_ovs | dpdk_compile_spdk | dpdk_llvm_clang_compile | dpdk_mingw64_compile | dpdk_msvc_compile | +=====================+====================+==================+===================+=========================+======================+===================+ | Debian 12 | FAIL | WARN | WARN | SKIPPED | SKIPPED | SKIPPED | +---------------------+--------------------+------------------+-------------------+-------------------------+----------------------+-------------------+ | CentOS Stream 9 | FAIL | WARN | WARN | SKIPPED | SKIPPED | SKIPPED | +---------------------+--------------------+------------------+-------------------+-------------------------+----------------------+-------------------+ | Fedora 40 | FAIL | WARN | WARN | SKIPPED | SKIPPED | SKIPPED | +---------------------+--------------------+------------------+-------------------+-------------------------+----------------------+-------------------+ | Fedora 39 (Clang) | FAIL | WARN | WARN | SKIPPED | SKIPPED | SKIPPED | +---------------------+--------------------+------------------+-------------------+-------------------------+----------------------+-------------------+ | Fedora 40 (Clang) | FAIL | WARN | WARN | SKIPPED | SKIPPED | SKIPPED | +---------------------+--------------------+------------------+-------------------+-------------------------+----------------------+-------------------+ | Fedora 39 | FAIL | WARN | WARN | SKIPPED | SKIPPED | SKIPPED | +---------------------+--------------------+------------------+-------------------+-------------------------+----------------------+-------------------+ | RHEL8 | FAIL | WARN | SKIPPED | SKIPPED | SKIPPED | SKIPPED | +---------------------+--------------------+------------------+-------------------+-------------------------+----------------------+-------------------+ | Ubuntu 24.04 | FAIL | WARN | WARN | SKIPPED | SKIPPED | SKIPPED | +---------------------+--------------------+------------------+-------------------+-------------------------+----------------------+-------------------+ | RHEL9 | FAIL | WARN | SKIPPED | SKIPPED | SKIPPED | SKIPPED | +---------------------+--------------------+------------------+-------------------+-------------------------+----------------------+-------------------+ | Ubuntu 22.04 | FAIL | WARN | WARN | SKIPPED | SKIPPED | SKIPPED | +---------------------+--------------------+------------------+-------------------+-------------------------+----------------------+-------------------+ | Ubuntu 20.04 | FAIL | SKIPPED | SKIPPED | SKIPPED | SKIPPED | SKIPPED | +---------------------+--------------------+------------------+-------------------+-------------------------+----------------------+-------------------+ | Alpine | FAIL | WARN | SKIPPED | SKIPPED | SKIPPED | SKIPPED | +---------------------+--------------------+------------------+-------------------+-------------------------+----------------------+-------------------+ | FreeBSD 13.4 | PASS | SKIPPED | SKIPPED | SKIPPED | SKIPPED | SKIPPED | +---------------------+--------------------+------------------+-------------------+-------------------------+----------------------+-------------------+ | FreeBSD 14.2 | PASS | SKIPPED | SKIPPED | SKIPPED | SKIPPED | SKIPPED | +---------------------+--------------------+------------------+-------------------+-------------------------+----------------------+-------------------+ | openSUSE Leap 15 | FAIL | SKIPPED | SKIPPED | SKIPPED | SKIPPED | SKIPPED | +---------------------+--------------------+------------------+-------------------+-------------------------+----------------------+-------------------+ | Windows Server 2022 | SKIPPED | SKIPPED | SKIPPED | PASS | PASS | PASS | +---------------------+--------------------+------------------+-------------------+-------------------------+----------------------+-------------------+ ==== 20 line log output for openSUSE Leap 15 (dpdk_meson_compile): ==== [1466/3153] Linking target drivers/librte_net_ena.so.25.1 [1467/3153] Compiling C object drivers/libtmp_rte_net_enetc.a.p/net_enetc_enetc_rxtx.c.o [1468/3153] Linking static target drivers/libtmp_rte_net_enetc.a [1469/3153] Generating rte_net_enetc.pmd.c with a custom command [1470/3153] Compiling C object drivers/librte_net_enetc.a.p/meson-generated_.._rte_net_enetc.pmd.c.o [1471/3153] Linking static target drivers/librte_net_enetc.a [1472/3153] Compiling C object drivers/librte_net_enetc.so.25.1.p/meson-generated_.._rte_net_enetc.pmd.c.o [1473/3153] Compiling C object drivers/libtmp_rte_net_enetfec.a.p/net_enetfec_enet_ethdev.c.o FAILED: drivers/libtmp_rte_net_enetfec.a.p/net_enetfec_enet_ethdev.c.o ccache cc -Idrivers/libtmp_rte_net_enetfec.a.p -Idrivers -I../drivers -Idrivers/net/enetfec -I../drivers/net/enetfec -Ilib/ethdev -I../lib/ethdev -I. -I.. -Iconfig -I../config -Ilib/eal/include -I../lib/eal/include -Ilib/eal/linux/include -I../lib/eal/linux/include -Ilib/eal/x86/include -I../lib/eal/x86/include -I../kernel/linux -Ilib/eal/common -I../lib/eal/common -Ilib/eal -I../lib/eal -Ilib/kvargs -I../lib/kvargs -Ilib/log -I../lib/log -Ilib/metrics -I../lib/metrics -Ilib/telemetry -I../lib/telemetry -Ilib/net -I../lib/net -Ilib/mbuf -I../lib/mbuf -Ilib/mempool -I../lib/mempool -Ilib/ring -I../lib/ring -Ilib/meter -I../lib/meter -Idrivers/bus/pci -I../drivers/bus/pci -I../drivers/bus/pci/linux -Ilib/pci -I../lib/pci -Idrivers/bus/vdev -I../drivers/bus/vdev -fdiagnostics-color=always -pipe -D_FILE_OFFSET_BITS=64 -Wall -Winvalid-pch -Wextra -Werror -std=c11 -O3 -include rte_config.h -Wcast-qual -Wdeprecated -Wformat -Wformat-nonliteral -Wformat-security -Wmissing-declarations -Wmiss ing-prototypes -Wnested-externs -Wold-style-definition -Wpointer-arith -Wsign-compare -Wstrict-prototypes -Wundef -Wwrite-strings -Wno-missing-field-initializers -D_GNU_SOURCE -fPIC -march=native -mrtm -DALLOW_EXPERIMENTAL_API -DALLOW_INTERNAL_API -Wno-format-truncation -DRTE_LOG_DEFAULT_LOGTYPE=pmd.net.enetfec -MD -MQ drivers/libtmp_rte_net_enetfec.a.p/net_enetfec_enet_ethdev.c.o -MF drivers/libtmp_rte_net_enetfec.a.p/net_enetfec_enet_ethdev.c.o.d -o drivers/libtmp_rte_net_enetfec.a.p/net_enetfec_enet_ethdev.c.o -c ../drivers/net/enetfec/enet_ethdev.c ../drivers/net/enetfec/enet_ethdev.c: In function 'enetfec_tx_queue_setup': ../drivers/net/enetfec/enet_ethdev.c:369:33: error: unused parameter 'tx_conf' [-Werror=unused-parameter] const struct rte_eth_txconf *tx_conf) ^~~~~~~ ../drivers/net/enetfec/enet_ethdev.c: In function 'enetfec_rx_queue_setup': ../drivers/net/enetfec/enet_ethdev.c:440:33: error: unused parameter 'rx_conf' [-Werror=unused-parameter] const struct rte_eth_rxconf *rx_conf, ^~~~~~~ cc1: all warnings being treated as errors ninja: build stopped: subcommand failed. ==== End log output ==== Debian 12 Kernel: Depends on container host Compiler: gcc (Debian 12.2.0-14) 12.2.0 CentOS Stream 9 Kernel: Depends on container host Compiler: gcc 11.5.0 20240719 (Red Hat 11.5.0-2) Fedora 40 Kernel: Depends on container host Compiler: gcc 14.2.1 20240912 (Red Hat 14.2.1-3) Fedora 39 (Clang) Kernel: Depends on container host Compiler: clang 17.0.6 (Fedora 17.0.6-2.fc39) Fedora 40 (Clang) Kernel: Depends on container host Compiler: clang 18.1.8 (Fedora 18.1.8-1.fc40) Fedora 39 Kernel: Depends on container host Compiler: gcc 13.3.1 20240522 (Red Hat 13.3.1-1) RHEL8 Kernel: Depends on container host Compiler: gcc 8.5.0 20210514 (Red Hat 8.5.0-22) Ubuntu 24.04 Kernel: Depends on container host Compiler: gcc (Ubuntu 13.3.0-6ubuntu2~24.04) 13.3.0 RHEL9 Kernel: Depends on container host Compiler: gcc 11.5.0 20240719 (Red Hat 11.5.0-2) Ubuntu 22.04 Kernel: Depends on container host Compiler: gcc (Ubuntu 11.4.0-1ubuntu1~22.04) 11.4.0 Ubuntu 20.04 Kernel: Depends on container host Compiler: gcc (Ubuntu 9.4.0-1ubuntu1~20.04.2) 9.4.0 Alpine Kernel: Depends on container host Compiler: gcc (Alpine 14.2.0) 14.2.0 FreeBSD 13.4 Kernel: 13.4-RELEASE-p1 Compiler: clang 18.1.6 FreeBSD 14.2 Kernel: 14.2-RELEASE Compiler: clang 18.1.6 openSUSE Leap 15 Kernel: Depends on container host Compiler: gcc (SUSE Linux) 7.5.0 Windows Server 2022 Kernel: 10.0.20348.2031 Compiler: clang 15.0.7, gcc 14.1.0 (MinGW), and MSVC VS 19.39.33521 To view detailed results, visit: https://lab.dpdk.org/results/dashboard/patchsets/32143/ UNH-IOL DPDK Community Lab To manage your email subscriptions, visit: https://lab.dpdk.org/results/dashboard/preferences/subscriptions/