From mboxrd@z Thu Jan 1 00:00:00 1970 Return-Path: Received: from mails.dpdk.org (mails.dpdk.org [217.70.189.124]) by inbox.dpdk.org (Postfix) with ESMTP id E4700461C0 for ; Fri, 7 Feb 2025 22:59:13 +0100 (CET) Received: from mails.dpdk.org (localhost [127.0.0.1]) by mails.dpdk.org (Postfix) with ESMTP id DB8CF40280; Fri, 7 Feb 2025 22:59:13 +0100 (CET) Received: from mail-pl1-f228.google.com (mail-pl1-f228.google.com [209.85.214.228]) by mails.dpdk.org (Postfix) with ESMTP id 77BD040270 for ; Fri, 7 Feb 2025 22:59:12 +0100 (CET) Received: by mail-pl1-f228.google.com with SMTP id d9443c01a7336-219f8263ae0so50313985ad.0 for ; Fri, 07 Feb 2025 13:59:12 -0800 (PST) DKIM-Signature: v=1; a=rsa-sha256; c=relaxed/relaxed; d=iol.unh.edu; s=unh-iol; t=1738965551; x=1739570351; darn=dpdk.org; h=references:in-reply-to:cc:to:from:subject:message-id:date:from:to :cc:subject:date:message-id:reply-to; bh=AsvNyH9Tpq0zpz/bNy1ssivPaoC3chnt+yp1Iu952I0=; b=FBueHQX9qQt4JRhQl/k079YtmEiGc9u2cPLjTvIaJ5PmjNShaQaXsEBdNLTmVVoQfm 9qoJaopXdHhsSxS/LdGqddeY0cq9SyDwidj/jkn6sHm/zTFwiQ4UJCliGF2FCxzkZLRB jLkzhq0B/XNMyj9SyfAAFEk6H1KbUkyxjdCuo= X-Google-DKIM-Signature: v=1; a=rsa-sha256; c=relaxed/relaxed; d=1e100.net; s=20230601; t=1738965551; x=1739570351; h=references:in-reply-to:cc:to:from:subject:message-id:date :x-gm-message-state:from:to:cc:subject:date:message-id:reply-to; bh=AsvNyH9Tpq0zpz/bNy1ssivPaoC3chnt+yp1Iu952I0=; b=TxV1n3GwvRBEahdnEeuRutdQHsbr3EF4HnKSK52jh8DX4Se0aiOMGCcinUvj0omCck VOiwPvXAK6HRRhJu9OgQaSNQXpQ7ffucF8+5MFMnmZGmFmdht2euGQz03M5l0Xe5WQ09 esKWDqpUA57sW5cG3N/J2RQZl7T4eGiyMXQNLOMmANOjwms7ooD0HKJeB66/vw63CuNa UVcVcFs5XIjjJzHUhzGAQsY4GhmRTxI7yqCteau23mA4gO1FeZ2pNJrqmK4QQBc1Q3U1 RSVhb92JS/sA8sodncZXhGPTLIEJ6qJ7oOQqjrCFI5dx2PRZB0crUxNftoQRv+UftXEt TrwA== X-Gm-Message-State: AOJu0YyMkFMk8BrBrjkTa+96qamC4J9AExwFLAHcjtE05aohid+qm+iU whUcyw5KqsG4D1qATz7ouPnnc9ClvalY3KazdHv/ld0jAbrO8i05zjwMyFda9CLOjG2vY8hlr0c qZDVIlroxdSkyOjYwwmLEpNnyvvKg70m89W46Xd1S X-Gm-Gg: ASbGncspqI461n44iXf0ySPDLCXRKgfed9EG6K4jDjR5z18507zJLIn5hOs8R4BFznl ow8JXbsDxQjZOD4L4pqp3jUILKpbYlnoitJLKgld+noULXxXdrDQJSe+8XJ8l3hWnLTQNoUorvs 25pd3psHMhn2ENKY595Up79jk1vmm1ss7bUbmw1bXHviL6ZyX91MPNfTnxZS5QhF91pOFslYMPX gkJyzZ37lX5MS1TG05iTbyVAsG/K2xA9pgNfef1Utl6L0pUSDzvXiGYzv0e2qO81zN9TgmPJIDy tAW56PPOkJqvlEeldOJUIUrSh2OCyg== X-Google-Smtp-Source: AGHT+IFsfoOlKBC3geElmFtReMTfZ3lUuDbCJ7k5P/+v1c3Sjdz84iXaJatNZA0+ZvvRZpjD50dpws5ANmq7 X-Received: by 2002:a17:90b:3f4d:b0:2ee:c9d8:d01a with SMTP id 98e67ed59e1d1-2fa24064713mr7014657a91.11.1738965551445; Fri, 07 Feb 2025 13:59:11 -0800 (PST) Received: from postal.iol.unh.edu (postal.iol.unh.edu. [132.177.123.84]) by smtp-relay.gmail.com with ESMTPS id 98e67ed59e1d1-2fa23eedb89sm183169a91.15.2025.02.07.13.59.11 (version=TLS1_2 cipher=ECDHE-ECDSA-AES128-GCM-SHA256 bits=128/128); Fri, 07 Feb 2025 13:59:11 -0800 (PST) X-Relaying-Domain: iol.unh.edu Date: Fri, 07 Feb 2025 13:59:11 -0800 (PST) Message-ID: <67a6822f.170a0220.2c7a6f.89d5SMTPIN_ADDED_MISSING@mx.google.com> Received: from [172.21.0.5] (unknown [172.18.0.240]) by postal.iol.unh.edu (Postfix) with ESMTP id 9D3016052471; Fri, 7 Feb 2025 16:58:40 -0500 (EST) Subject: |FAILURE| pw151079-151088 [PATCH] [RFC,10/10] eal: deprecate weak sy From: dpdklab@iol.unh.edu To: Test Report Cc: dpdk-test-reports@iol.unh.edu, David Marchand In-Reply-To: <20250207083252.3131588-11-david.marchand@redhat.com> References: <20250207083252.3131588-11-david.marchand@redhat.com> Content-Type: text/plain X-BeenThere: test-report@dpdk.org X-Mailman-Version: 2.1.29 Precedence: list List-Id: automatic DPDK test reports List-Unsubscribe: , List-Archive: List-Post: List-Help: List-Subscribe: , Errors-To: test-report-bounces@dpdk.org Test-Label: iol-compile-arm64-testing Test-Status: FAILURE http://dpdk.org/patch/151088 _Testing issues_ Submitter: David Marchand Date: Friday, February 07 2025 08:32:50 DPDK git baseline: Repo:dpdk Branch: master CommitID:1bf86800f7daf8d5c71a08a0776ff3b754ee6570 151079-151088 --> testing issues Upstream job id: Generic-DPDK-Compile-Meson#359112 Test environment and result as below: +----------------------------------------+--------------------+ | Environment | dpdk_meson_compile | +========================================+====================+ | RHEL9 (ARM) | PASS | +----------------------------------------+--------------------+ | Ubuntu 20.04 ARM GCC Cross Compile | FAIL | +----------------------------------------+--------------------+ | Ubuntu 20.04 ARM SVE | PASS | +----------------------------------------+--------------------+ | Debian 12 with MUSDK | PASS | +----------------------------------------+--------------------+ | Fedora 40 (ARM) | PASS | +----------------------------------------+--------------------+ | Fedora 40 (ARM Clang) | PASS | +----------------------------------------+--------------------+ | Fedora 41 (ARM) | PASS | +----------------------------------------+--------------------+ | Fedora 41 (ARM Clang) | PASS | +----------------------------------------+--------------------+ | Ubuntu 20.04 (ARM) | FAIL | +----------------------------------------+--------------------+ | Ubuntu 22.04 (ARM) | PASS | +----------------------------------------+--------------------+ | Ubuntu 24.04 (ARM) | PASS | +----------------------------------------+--------------------+ | CentOS Stream 9 (ARM) | PASS | +----------------------------------------+--------------------+ | Debian 11 (Buster) (ARM) | PASS | +----------------------------------------+--------------------+ | Debian 12 (arm) | PASS | +----------------------------------------+--------------------+ | Ubuntu 20.04 ARM Clang Cross Compile | FAIL | +----------------------------------------+--------------------+ | Ubuntu 20.04 aarch32 GCC Cross Compile | PASS | +----------------------------------------+--------------------+ ==== 20 line log output for Ubuntu 20.04 ARM Clang Cross Compile (dpdk_meson_compile): ==== >>> drivers/libtmp_rte_net_hns3.a.p/net_hns3_hns3_rxtx.c.o:(hns3_dev_rx_descriptor_status) >>> referenced 5 more times ld.lld: error: undefined symbol: hns3_xmit_pkts_vec_sve >>> referenced by hns3_rxtx.c >>> drivers/libtmp_rte_net_hns3.a.p/net_hns3_hns3_rxtx.c.o:(hns3_tx_burst_mode_get) >>> referenced by hns3_rxtx.c >>> drivers/libtmp_rte_net_hns3.a.p/net_hns3_hns3_rxtx.c.o:(hns3_tx_burst_mode_get) >>> referenced by hns3_rxtx.c >>> drivers/libtmp_rte_net_hns3.a.p/net_hns3_hns3_rxtx.c.o:(hns3_set_rxtx_function) >>> referenced by hns3_rxtx.c >>> drivers/libtmp_rte_net_hns3.a.p/net_hns3_hns3_rxtx.c.o:(hns3_set_rxtx_function) >>> referenced by hns3_rxtx.c >>> drivers/libtmp_rte_net_hns3.a.p/net_hns3_hns3_rxtx.c.o:(hns3_dev_tx_descriptor_status) >>> referenced by hns3_rxtx.c >>> drivers/libtmp_rte_net_hns3.a.p/net_hns3_hns3_rxtx.c.o:(hns3_dev_tx_descriptor_status) >>> referenced by hns3_rxtx.c >>> drivers/libtmp_rte_net_hns3.a.p/net_hns3_hns3_rxtx.c.o:(hns3_tx_burst_mode_get.burst_infos) clang: error: linker command failed with exit code 1 (use -v to see invocation) ninja: build stopped: subcommand failed. ==== End log output ==== RHEL9 (ARM) Kernel: Depends on container host Compiler: gcc 11.5.0 20240719 (Red Hat 11.5.0-2) Ubuntu 20.04 ARM GCC Cross Compile Kernel: Depends on container host Compiler: aarch64-linux-gnu-gcc (Ubuntu 9.4.0-1ubuntu1~20.04.2) 9.4.0 Ubuntu 20.04 ARM SVE Kernel: Depends on container host Compiler: gcc (Ubuntu 10.5.0-1ubuntu1~20.04) 10.5.0 Debian 12 with MUSDK Kernel: Depends on container host Compiler: gcc (Debian 12.2.0-14) 12.2.0 Fedora 40 (ARM) Kernel: Depends on container host Compiler: gcc 14.2.1 20240912 (Red Hat 14.2.1-3) Fedora 40 (ARM Clang) Kernel: Depends on container host Compiler: clang 18.1.8 (Fedora 18.1.8-1.fc40) Fedora 41 (ARM) Kernel: Depends on container host Compiler: gcc 14.2.1 20240912 (Red Hat 14.2.1-3) Fedora 41 (ARM Clang) Kernel: Depends on container host Compiler: clang 19.1.5 (Fedora 19.1.5-1.fc41) Ubuntu 20.04 (ARM) Kernel: Depends on container host Compiler: gcc (Ubuntu 9.4.0-1ubuntu1~20.04.2) 9.4.0 Ubuntu 22.04 (ARM) Kernel: Depends on container host Compiler: gcc (Ubuntu 11.4.0-1ubuntu1~22.04) 11.4.0 Ubuntu 24.04 (ARM) Kernel: Depends on container host Compiler: gcc (Ubuntu 13.3.0-6ubuntu2~24.04) 13.3.0 CentOS Stream 9 (ARM) Kernel: Depends on container host Compiler: gcc 11.5.0 20240719 (Red Hat 11.5.0-2) Debian 11 (Buster) (ARM) Kernel: Depends on container host Compiler: gcc (Debian 10.2.1-6) 10.2.1 20210110 Debian 12 (arm) Kernel: Depends on container host Compiler: gcc (Debian 12.2.0-14) 12.2.0 Ubuntu 20.04 ARM Clang Cross Compile Kernel: Depends on container host Compiler: clang 10.0.0-4ubuntu1 Ubuntu 20.04 aarch32 GCC Cross Compile Kernel: Depends on container host Compiler: gcc 9.4.0 To view detailed results, visit: https://lab.dpdk.org/results/dashboard/patchsets/32520/ UNH-IOL DPDK Community Lab To manage your email subscriptions, visit: https://lab.dpdk.org/results/dashboard/preferences/subscriptions/