From mboxrd@z Thu Jan 1 00:00:00 1970 Return-Path: Received: from mails.dpdk.org (mails.dpdk.org [217.70.189.124]) by inbox.dpdk.org (Postfix) with ESMTP id 24558461C6 for ; Sat, 8 Feb 2025 09:43:25 +0100 (CET) Received: from mails.dpdk.org (localhost [127.0.0.1]) by mails.dpdk.org (Postfix) with ESMTP id 20DDE40280; Sat, 8 Feb 2025 09:43:25 +0100 (CET) Received: from mail-qv1-f98.google.com (mail-qv1-f98.google.com [209.85.219.98]) by mails.dpdk.org (Postfix) with ESMTP id 43B2740279 for ; Sat, 8 Feb 2025 09:43:24 +0100 (CET) Received: by mail-qv1-f98.google.com with SMTP id 6a1803df08f44-6dcd4f1aaccso44631916d6.2 for ; Sat, 08 Feb 2025 00:43:24 -0800 (PST) DKIM-Signature: v=1; a=rsa-sha256; c=relaxed/relaxed; d=iol.unh.edu; s=unh-iol; t=1739004203; x=1739609003; darn=dpdk.org; h=cc:to:from:subject:message-id:date:from:to:cc:subject:date :message-id:reply-to; bh=0pDUOAoC9Hzi6cmYaLW/daVMx3/kjWNvDjewfElvG/I=; b=esHOglZGeQOwejvuaDto6AK3xjWnRyQ2mhFKWxfl1QbOITTXb4vAX9gRGvm/8hmuat R0seNpWIH9dO0Ew6o5e6vJ5MLIMmHej+cCRUJ6tCbS6TRIc3ShMoVLWjq98v++GpKaZS RpjgL0v6YcRnJWBpY3Tc1Y81WIygKFK5cl/4c= X-Google-DKIM-Signature: v=1; a=rsa-sha256; c=relaxed/relaxed; d=1e100.net; s=20230601; t=1739004203; x=1739609003; h=cc:to:from:subject:message-id:date:x-gm-message-state:from:to:cc :subject:date:message-id:reply-to; bh=0pDUOAoC9Hzi6cmYaLW/daVMx3/kjWNvDjewfElvG/I=; b=Am3lqlpv5E+LRQRVRaqflfnfO/cZWrPWFZx6KGlJ3bRIieobjSt++jC1aa2/Sp0CVF b0As62Z0srj3tjHWHOiL3BTUPOz5cbLUAGtWAod9rpBJKesgsHmeRtsL4UoLWT0fCRT0 JYMqgNiWIH6GqFr8S/ywln2RTkWWQZTXDm8LqtjYx1GvTa0P6CCN2UnVuhsTcFIYmmBw IuWJ6+A6GHnzA/pBnPd6QAI1pUQA2zopqfmfIIgjUz531dS+RKGTBZwzXRoajd5avPos 4GsUCiIt37viJE5vpOH/7ASQnO2hmRxy6Bms+wMbbLFcqkVlaVt0G6I6tX6IuMiysWvS UWXA== X-Gm-Message-State: AOJu0Yw3QFIaFvmpVgXcYLyW4BBRCBmT3Ovm50sgZGVKncRj6YqRAUhZ Ktm4L+3aVyxuSxSwARxHRcWCtLshgyYpCDXP2pYqAs6TTO5NlBYdmmW2/naccg4edGYiaYtO4we GYwr0pSudPqoa/uBpdQFzypi87/DQyGjz X-Gm-Gg: ASbGncs28CfEahvn2ptEd0qnQe0lEEhVvdlmIgCRZAhyrR84NBIBZjCiQLdeNAC5qJx F3J9Voybs1BJtIHRZVD7CBCuuFW1fxNdBjKWkWbVnb+OMrdSI3BhNWjjV6SNBgjeigRG3CCBAWm yKcQWL1EoPeT7vQ/aUFMi3D9roxhTSTwemGKYCvjFG1Zf2m7CaSqMzKHvaohC9oC5FwRKAvDWoj ybfkl/knQBJaCBPDzhnFHK72BcdTeJh3+oyfGFV/6GarKR87ByzwDfOjdICHqIhAcK597aanoVU ny53md616CXm3i5BL8NpDX3XR8yW7Q== X-Google-Smtp-Source: AGHT+IGGxModzpzWP/b3nCSByWy/zZJMgV9DZZfptvV4I+HnrrnRJey5WC/nmmDnuRwmgeR5BAPjrjloIflA X-Received: by 2002:ad4:5c64:0:b0:6d8:9124:8795 with SMTP id 6a1803df08f44-6e4455d2fb8mr80470336d6.1.1739004203702; Sat, 08 Feb 2025 00:43:23 -0800 (PST) Received: from postal.iol.unh.edu (postal.iol.unh.edu. [132.177.123.84]) by smtp-relay.gmail.com with ESMTPS id 6a1803df08f44-6e454ab4895sm273966d6.13.2025.02.08.00.43.23 (version=TLS1_2 cipher=ECDHE-ECDSA-AES128-GCM-SHA256 bits=128/128); Sat, 08 Feb 2025 00:43:23 -0800 (PST) X-Relaying-Domain: iol.unh.edu Date: Sat, 08 Feb 2025 00:43:23 -0800 (PST) Message-ID: <67a7192b.d40a0220.c4db0.12c4SMTPIN_ADDED_MISSING@mx.google.com> Received: from [172.21.0.5] (unknown [172.18.0.240]) by postal.iol.unh.edu (Postfix) with ESMTP id 4F74E6052471; Sat, 8 Feb 2025 03:42:53 -0500 (EST) Subject: |WARNING| [GIT MASTER] 7ce7d3341d7e21c2a81f2fea8e451681d7306d77 From: dpdklab@iol.unh.edu To: Test Report Cc: dpdk-test-reports@iol.unh.edu, Xueming Li , Christian Ehrhardt , Kevin Traynor , Luca Boccassi Content-Type: text/plain X-BeenThere: test-report@dpdk.org X-Mailman-Version: 2.1.29 Precedence: list List-Id: automatic DPDK test reports List-Unsubscribe: , List-Archive: List-Post: List-Help: List-Subscribe: , Errors-To: test-report-bounces@dpdk.org _Testing issues_ Branch: tags/v22.11 7ce7d3341d7e21c2a81f2fea8e451681d7306d77 --> testing issues Upstream job id: Windows-Compile-DPDK-Native#26552 Test environment and result as below: +---------------------+--------------------+-------------------------+ | Environment | dpdk_meson_compile | dpdk_llvm_clang_compile | +=====================+====================+=========================+ | FreeBSD 13.4 | PASS | SKIPPED | +---------------------+--------------------+-------------------------+ | FreeBSD 14.2 | PASS | SKIPPED | +---------------------+--------------------+-------------------------+ | Windows Server 2022 | SKIPPED | FAIL | +---------------------+--------------------+-------------------------+ ==== 20 line log output for Windows Server 2022 (dpdk_llvm_clang_compile): ==== ..\lib\eal\include/rte_common.h:850:32: note: expanded from macro 'RTE_FMT_TAIL' #define RTE_FMT_TAIL(fmt, ...) __VA_ARGS__ ^~~~~~~~~~~ ..\lib\eal\include/rte_common.h:848:39: note: expanded from macro 'RTE_FMT' #define RTE_FMT(fmt, ...) fmt "%.0s", __VA_ARGS__ "" ^~~~~~~~~~~ ../drivers/crypto/mlx5/mlx5_crypto.c:463:18: note: forward declaration of 'struct mlx5_err_cqe' volatile struct mlx5_err_cqe *cqe = (volatile struct mlx5_err_cqe *) ^ 3 errors generated. [618/788] Compiling C object drivers/libtmp_rte_crypto_mlx5.a.p/crypto_mlx5_mlx5_crypto_dek.c.obj [619/788] Compiling C object drivers/libtmp_rte_net_vmxnet3.a.p/net_vmxnet3_vmxnet3_ethdev.c.obj [620/788] Compiling C object drivers/libtmp_rte_net_vmxnet3.a.p/net_vmxnet3_vmxnet3_rxtx.c.obj [621/788] Generating rte_net_octeon_ep.pmd.c with a custom command (wrapped by meson to set PATH) [622/788] Compiling C object app/dpdk-testpmd.exe.p/test-pmd_cmd_flex_item.c.obj [623/788] Compiling C object app/dpdk-testpmd.exe.p/test-pmd_cmdline.c.obj [624/788] Compiling C object drivers/libtmp_rte_net_mlx5.a.p/net_mlx5_mlx5_tx_nompw.c.obj [625/788] Compiling C object drivers/libtmp_rte_net_mlx5.a.p/net_mlx5_mlx5_tx_empw.c.obj [626/788] Compiling C object drivers/libtmp_rte_net_mlx5.a.p/net_mlx5_mlx5_tx_txpp.c.obj ninja: build stopped: subcommand failed. ==== End log output ==== FreeBSD 13.4 Kernel: 13.4-RELEASE-p1 Compiler: clang 18.1.6 FreeBSD 14.2 Kernel: 14.2-RELEASE Compiler: clang 18.1.6 Windows Server 2022 Kernel: 10.0.20348.2031 Compiler: clang 15.0.7, gcc 14.1.0 (MinGW), and MSVC VS 19.39.33521 To view detailed results, visit: https://lab.dpdk.org/results/dashboard/tarballs/32506/ UNH-IOL DPDK Community Lab To manage your email subscriptions, visit: https://lab.dpdk.org/results/dashboard/preferences/subscriptions/