automatic DPDK test reports
 help / color / mirror / Atom feed
From: dpdklab@iol.unh.edu
To: Test Report <test-report@dpdk.org>
Cc: dpdk-test-reports@iol.unh.edu, Long Li <longli@linuxonhyperv.com>
Subject: |FAILURE| pw151141 [PATCH] net/mana: use mana_local_data for trackin
Date: Sat, 08 Feb 2025 01:32:03 -0800 (PST)	[thread overview]
Message-ID: <67a72493.050a0220.ef325.39f2SMTPIN_ADDED_MISSING@mx.google.com> (raw)
In-Reply-To: <1738970505-7864-1-git-send-email-longli@linuxonhyperv.com>

Test-Label: iol-unit-arm64-testing
Test-Status: FAILURE
http://dpdk.org/patch/151141

_Testing issues_

Submitter: Long Li <longli@linuxonhyperv.com>
Date: Friday, February 07 2025 23:21:45 
DPDK git baseline: Repo:dpdk
  Branch: master
  CommitID:b82daa7d47bda76b3879ef6d715b2d3eb737793f

151141 --> testing issues

Upstream job id: Generic-Unit-Test-DPDK#313139

Test environment and result as below:

+-----------------------------+--------------+------------------------------+---------------------------+----------------+
|         Environment         | lpm_autotest | cryptodev_sw_snow3g_autotest | cryptodev_sw_zuc_autotest | dpdk_unit_test |
+=============================+==============+==============================+===========================+================+
| Ubuntu 20.04 ARM SVE        | PASS         | SKIPPED                      | SKIPPED                   | SKIPPED        |
+-----------------------------+--------------+------------------------------+---------------------------+----------------+
| Debian 12 (arm)             | SKIPPED      | PASS                         | PASS                      | PASS           |
+-----------------------------+--------------+------------------------------+---------------------------+----------------+
| CentOS Stream 9 (ARM)       | SKIPPED      | SKIPPED                      | SKIPPED                   | PASS           |
+-----------------------------+--------------+------------------------------+---------------------------+----------------+
| Fedora 40 (ARM)             | SKIPPED      | SKIPPED                      | SKIPPED                   | PASS           |
+-----------------------------+--------------+------------------------------+---------------------------+----------------+
| Fedora 40 (ARM Clang)       | SKIPPED      | SKIPPED                      | SKIPPED                   | PASS           |
+-----------------------------+--------------+------------------------------+---------------------------+----------------+
| Debian 11 (Buster) (ARM)    | SKIPPED      | SKIPPED                      | SKIPPED                   | FAIL           |
+-----------------------------+--------------+------------------------------+---------------------------+----------------+
| Fedora 41 (ARM Clang)       | SKIPPED      | SKIPPED                      | SKIPPED                   | PASS           |
+-----------------------------+--------------+------------------------------+---------------------------+----------------+
| Fedora 41 (ARM)             | SKIPPED      | SKIPPED                      | SKIPPED                   | PASS           |
+-----------------------------+--------------+------------------------------+---------------------------+----------------+
| Ubuntu 20.04 (ARM)          | SKIPPED      | SKIPPED                      | SKIPPED                   | PASS           |
+-----------------------------+--------------+------------------------------+---------------------------+----------------+
| RHEL9 (ARM)                 | SKIPPED      | SKIPPED                      | SKIPPED                   | PASS           |
+-----------------------------+--------------+------------------------------+---------------------------+----------------+
| Ubuntu 24.04 (ARM)          | SKIPPED      | SKIPPED                      | SKIPPED                   | PASS           |
+-----------------------------+--------------+------------------------------+---------------------------+----------------+
| Ubuntu 22.04 (ARM)          | SKIPPED      | SKIPPED                      | SKIPPED                   | PASS           |
+-----------------------------+--------------+------------------------------+---------------------------+----------------+
| 32-bit Ubuntu 22.04.4 (ARM) | SKIPPED      | SKIPPED                      | SKIPPED                   | PASS           |
+-----------------------------+--------------+------------------------------+---------------------------+----------------+

==== Unit test summary for Debian 11 (Buster) (ARM) (dpdk_unit_test): ====
ninja: Entering directory `/home-local/jenkins-local/jenkins-agent/workspace/Generic-Unit-Test-DPDK/dpdk/build'
ninja: no work to do.
  1/119 DPDK:fast-tests / acl_autotest                   OK               4.26s
  2/119 DPDK:fast-tests / alarm_autotest                 OK               1.16s
  3/119 DPDK:fast-tests / argparse_autotest              OK               0.16s
  4/119 DPDK:fast-tests / atomic_autotest                OK               4.60s
  5/119 DPDK:fast-tests / bitcount_autotest              OK               0.18s
  6/119 DPDK:fast-tests / bitmap_autotest                OK               0.16s
  7/119 DPDK:fast-tests / bitops_autotest                OK               1.66s
  8/119 DPDK:fast-tests / bitratestats_autotest          OK               0.17s
  9/119 DPDK:fast-tests / bitset_autotest                OK               2.71s
 10/119 DPDK:fast-tests / bpf_autotest                   OK               0.16s
 11/119 DPDK:fast-tests / bpf_convert_autotest           OK               0.17s
 12/119 DPDK:fast-tests / byteorder_autotest             OK               0.16s
 13/119 DPDK:fast-tests / cfgfile_autotest               OK               0.16s
 14/119 DPDK:fast-tests / cksum_autotest                 OK               0.16s
 15/119 DPDK:fast-tests / cmdline_autotest               OK               0.16s
 16/119 DPDK:fast-tests / common_autotest                OK               0.88s
 17/119 DPDK:fast-tests / compressdev_autotest           SKIP             0.09s   exit status 77
 18/119 DPDK:fast-tests / cpuflags_autotest              OK               0.18s
 19/119 DPDK:fast-tests / crc_autotest                   OK               0.16s
 20/119 DPDK:fast-tests / user_delay_us                  OK               0.16s
 21/119 DPDK:fast-tests / debug_autotest                 OK               0.88s
 22/119 DPDK:fast-tests / devargs_autotest               OK               0.16s
 23/119 DPDK:fast-tests / dispatcher_autotest            FAIL             2.42s   (exit status 255 or signal 127 SIGinvalid)
>>> MALLOC_PERTURB_=10 DPDK_TEST=dispatcher_autotest /home-local/jenkins-local/jenkins-agent/workspace/Generic-Unit-Test-DPDK/dpdk/build/app/dpdk-test

 24/119 DPDK:fast-tests / distributor_autotest           OK               0.81s
 25/119 DPDK:fast-tests / eal_flags_c_opt_autotest       OK               1.74s
 26/119 DPDK:fast-tests / eal_flags_main_opt_autotest    OK               0.46s
 27/119 DPDK:fast-tests / eal_flags_n_opt_autotest       OK               0.41s
 28/119 DPDK:fast-tests / eal_flags_hpet_autotest        OK               0.24s
 29/119 DPDK:fast-tests / eal_flags_no_huge_autotest     OK               0.48s
 30/119 DPDK:fast-tests / eal_flags_a_opt_autotest       OK               0.66s
 31/119 DPDK:fast-tests / eal_flags_b_opt_autotest       OK               0.52s
 32/119 DPDK:fast-tests / eal_flags_vdev_opt_autotest    OK               0.39s
 33/119 DPDK:fast-tests / eal_flags_r_opt_autotest       OK               0.39s
 34/119 DPDK:fast-tests / eal_flags_mem_autotest         OK               0.59s
 35/119 DPDK:fast-tests / eal_flags_file_prefix_autotest OK               1.59s
 36/119 DPDK:fast-tests / eal_flags_misc_autotest        OK               2.09s
 37/119 DPDK:fast-tests / eal_fs_autotest                OK               0.20s
 38/119 DPDK:fast-tests / errno_autotest                 OK               0.16s
 39/119 DPDK:fast-tests / ethdev_link_status             OK               0.17s
 40/119 DPDK:fast-tests / event_eth_tx_adapter_autotest  OK               1.21s
 41/119 DPDK:fast-tests / event_ring_autotest            OK               0.18s
 42/119 DPDK:fast-tests / eventdev_common_autotest       OK               0.17s
 43/119 DPDK:fast-tests / eventdev_selftest_sw           OK               6.90s
 44/119 DPDK:fast-tests / fbarray_autotest               OK               0.17s
 45/119 DPDK:fast-tests / fib_autotest                   OK               0.91s
 46/119 DPDK:fast-tests / fib6_autotest                  OK               0.84s
 47/119 DPDK:fast-tests / func_reentrancy_autotest       OK               0.76s
 48/119 DPDK:fast-tests / graph_autotest                 OK               0.18s
 49/119 DPDK:fast-tests / node_list_dump                 OK               0.16s
 50/119 DPDK:fast-tests / hash_autotest                  OK               0.49s
 51/119 DPDK:fast-tests / hash_readwrite_func_autotest   OK               7.07s
 52/119 DPDK:fast-tests / interrupt_autotest             OK               1.20s
 53/119 DPDK:fast-tests / ipfrag_autotest                OK               0.09s
 54/119 DPDK:fast-tests / ipsec_autotest                 SKIP             0.18s   exit status 77
 55/119 DPDK:fast-tests / kvargs_autotest                OK               0.16s
 56/119 DPDK:fast-tests / latencystats_autotest          OK               0.17s
 57/119 DPDK:fast-tests / lcore_var_autotest             OK               0.68s
 58/119 DPDK:fast-tests / lcores_autotest                OK              95.92s
 59/119 DPDK:fast-tests / logs_autotest                  OK               0.16s
 60/119 DPDK:fast-tests / lpm_autotest                   OK               1.62s
 61/119 DPDK:fast-tests / lpm6_autotest                  OK               4.88s
 62/119 DPDK:fast-tests / malloc_autotest                OK               0.43s
 63/119 DPDK:fast-tests / mbuf_autotest                  OK               5.03s
 64/119 DPDK:fast-tests / mcslock_autotest               OK               0.78s
 65/119 DPDK:fast-tests / member_autotest                OK               1.36s
 66/119 DPDK:fast-tests / memcpy_autotest                OK               5.16s
 67/119 DPDK:fast-tests / memory_autotest                OK               0.09s
 68/119 DPDK:fast-tests / mempool_autotest               OK               0.44s
 69/119 DPDK:fast-tests / memzone_autotest               OK               0.11s
 70/119 DPDK:fast-tests / meter_autotest                 OK               0.18s
 71/119 DPDK:fast-tests / metrics_autotest               OK               0.16s
 72/119 DPDK:fast-tests / multiprocess_autotest          OK               0.36s
 73/119 DPDK:fast-tests / net_ether_autotest             OK               1.12s
 74/119 DPDK:fast-tests / net_ipv6_autotest              OK               0.16s
 75/119 DPDK:fast-tests / pcapng_autotest                OK               6.78s
 76/119 DPDK:fast-tests / pdcp_autotest                  SKIP             0.09s   exit status 77
 77/119 DPDK:fast-tests / pdump_autotest                 OK               0.46s
 78/119 DPDK:fast-tests / per_lcore_autotest             OK               0.26s
 79/119 DPDK:fast-tests / pflock_autotest                OK               0.49s
 80/119 DPDK:fast-tests / pie_autotest                   OK               0.16s
 81/119 DPDK:fast-tests / ring_pmd_autotest              OK               0.17s
 82/119 DPDK:fast-tests / power_autotest                 OK               0.16s
 83/119 DPDK:fast-tests / power_cpufreq_autotest         SKIP             0.09s   exit status 77
 84/119 DPDK:fast-tests / power_intel_uncore_autotest    SKIP             0.18s   exit status 77
 85/119 DPDK:fast-tests / power_kvm_vm_autotest          SKIP             0.09s   exit status 77
 86/119 DPDK:fast-tests / prefetch_autotest              OK               0.18s
 87/119 DPDK:fast-tests / ptr_compress_autotest          OK               0.16s
 88/119 DPDK:fast-tests / rawdev_autotest                OK               0.16s
 89/119 DPDK:fast-tests / rcu_qsbr_autotest              OK               0.63s
 90/119 DPDK:fast-tests / reorder_autotest               OK               0.42s
 91/119 DPDK:fast-tests / rib_autotest                   OK               3.95s
 92/119 DPDK:fast-tests / rib6_autotest                  OK               3.96s
 93/119 DPDK:fast-tests / ring_autotest                  OK               0.19s
 94/119 DPDK:fast-tests / rwlock_test1_autotest          OK               0.48s
 95/119 DPDK:fast-tests / rwlock_rda_autotest            OK               5.16s
 96/119 DPDK:fast-tests / rwlock_rds_wrm_autotest        OK               5.16s
 97/119 DPDK:fast-tests / rwlock_rde_wro_autotest        OK               5.16s
 98/119 DPDK:fast-tests / sched_autotest                 OK               0.17s
 99/119 DPDK:fast-tests / security_autotest              OK               0.09s
100/119 DPDK:fast-tests / seqlock_autotest               OK               2.18s
101/119 DPDK:fast-tests / service_autotest               OK               2.89s
102/119 DPDK:fast-tests / soring_autotest                OK               0.16s
103/119 DPDK:fast-tests / spinlock_autotest              OK               0.19s
104/119 DPDK:fast-tests / stack_autotest                 OK               0.30s
105/119 DPDK:fast-tests / stack_lf_autotest              OK               0.33s
106/119 DPDK:fast-tests / string_autotest                OK               0.18s
107/119 DPDK:fast-tests / table_autotest                 OK               7.06s
108/119 DPDK:fast-tests / tailq_autotest                 OK               0.16s
109/119 DPDK:fast-tests / telemetry_data_autotest        OK               0.16s
110/119 DPDK:fast-tests / telemetry_json_autotest        OK               0.16s
111/119 DPDK:fast-tests / thash_autotest                 OK               0.17s
112/119 DPDK:fast-tests / threads_autotest               OK               0.34s
113/119 DPDK:fast-tests / ticketlock_autotest            OK               0.20s
114/119 DPDK:fast-tests / timer_autotest                 OK               2.83s
115/119 DPDK:fast-tests / trace_autotest                 OK               0.18s
116/119 DPDK:fast-tests / trace_autotest_with_traces     OK               0.17s
117/119 DPDK:fast-tests / vdev_autotest                  OK               0.16s
118/119 DPDK:fast-tests / version_autotest               OK               0.16s
119/119 DPDK:fast-tests / telemetry_all                  SKIP             0.01s   exit status 77


Ok:                 111 
Expected Fail:      0   
Fail:               1   
Unexpected Pass:    0   
Skipped:            7   
Timeout:            0   

Full log written to /home-local/jenkins-local/jenkins-agent/workspace/Generic-Unit-Test-DPDK/dpdk/build/meson-logs/testlog.txt



Test log output from the failed test dispatcher_autotest:

Sorry, we were not able to find the logs for this test.
Download the log output from the CI site for this test run.
==== End log output ====

Ubuntu 20.04 ARM SVE
	Kernel: Depends on container host
	Compiler: gcc (Ubuntu 10.5.0-1ubuntu1~20.04) 10.5.0

Debian 12 (arm)
	Kernel: Depends on container host
	Compiler: gcc (Debian 12.2.0-14) 12.2.0

CentOS Stream 9 (ARM)
	Kernel: Depends on container host
	Compiler: gcc 11.5.0 20240719 (Red Hat 11.5.0-2)

Fedora 40 (ARM)
	Kernel: Depends on container host
	Compiler: gcc 14.2.1 20240912 (Red Hat 14.2.1-3)

Fedora 40 (ARM Clang)
	Kernel: Depends on container host
	Compiler: clang 18.1.8 (Fedora 18.1.8-1.fc40)

Debian 11 (Buster) (ARM)
	Kernel: Depends on container host
	Compiler: gcc (Debian 10.2.1-6) 10.2.1 20210110

Fedora 41 (ARM Clang)
	Kernel: Depends on container host
	Compiler: clang 19.1.5 (Fedora 19.1.5-1.fc41)

Fedora 41 (ARM)
	Kernel: Depends on container host
	Compiler: gcc 14.2.1 20240912 (Red Hat 14.2.1-3)

Ubuntu 20.04 (ARM)
	Kernel: Depends on container host
	Compiler: gcc (Ubuntu 9.4.0-1ubuntu1~20.04.2) 9.4.0

RHEL9 (ARM)
	Kernel: Depends on container host
	Compiler: gcc 11.5.0 20240719 (Red Hat 11.5.0-2)

Ubuntu 24.04 (ARM)
	Kernel: Depends on container host
	Compiler: gcc (Ubuntu 13.3.0-6ubuntu2~24.04) 13.3.0

Ubuntu 22.04 (ARM)
	Kernel: Depends on container host
	Compiler: gcc (Ubuntu 11.4.0-1ubuntu1~22.04) 11.4.0

32-bit Ubuntu 22.04.4 (ARM)
	Kernel: 5.15.83+ aarch64
	Compiler: gcc (Ubuntu 11.4.0-1ubuntu1~22.04) 11.4.0

To view detailed results, visit:
https://lab.dpdk.org/results/dashboard/patchsets/32533/

UNH-IOL DPDK Community Lab

To manage your email subscriptions, visit: 
https://lab.dpdk.org/results/dashboard/preferences/subscriptions/

  parent reply	other threads:[~2025-02-08  9:32 UTC|newest]

Thread overview: 23+ messages / expand[flat|nested]  mbox.gz  Atom feed  top
     [not found] <1738970505-7864-1-git-send-email-longli@linuxonhyperv.com>
2025-02-07 22:47 ` |SUCCESS| pw151141 [PATCH] net/mana: use mana_local_data for tracking usage data for primary process qemudev
2025-02-07 22:52 ` qemudev
2025-02-07 23:21 ` checkpatch
2025-02-08  0:24 ` 0-day Robot
2025-02-08  2:57 ` |SUCCESS| pw151141 [PATCH] net/mana: use mana_local_data for trackin dpdklab
2025-02-08  3:20 ` dpdklab
2025-02-08  3:26 ` dpdklab
2025-02-08  3:28 ` |PENDING| " dpdklab
2025-02-08  3:31 ` |SUCCESS| " dpdklab
2025-02-08  3:31 ` dpdklab
2025-02-08  3:49 ` dpdklab
2025-02-08  4:05 ` |PENDING| " dpdklab
2025-02-08  4:13 ` dpdklab
2025-02-08  4:28 ` |SUCCESS| " dpdklab
2025-02-08  4:43 ` dpdklab
2025-02-08  4:50 ` dpdklab
2025-02-08  6:37 ` |PENDING| " dpdklab
2025-02-08  6:44 ` dpdklab
2025-02-08  8:10 ` |SUCCESS| " dpdklab
2025-02-08  8:39 ` dpdklab
2025-02-08  9:32 ` dpdklab [this message]
2025-02-08 10:38 ` dpdklab
2025-02-08 12:24 ` dpdklab

Reply instructions:

You may reply publicly to this message via plain-text email
using any one of the following methods:

* Save the following mbox file, import it into your mail client,
  and reply-to-all from there: mbox

  Avoid top-posting and favor interleaved quoting:
  https://en.wikipedia.org/wiki/Posting_style#Interleaved_style

* Reply using the --to, --cc, and --in-reply-to
  switches of git-send-email(1):

  git send-email \
    --in-reply-to=67a72493.050a0220.ef325.39f2SMTPIN_ADDED_MISSING@mx.google.com \
    --to=dpdklab@iol.unh.edu \
    --cc=dpdk-test-reports@iol.unh.edu \
    --cc=longli@linuxonhyperv.com \
    --cc=test-report@dpdk.org \
    /path/to/YOUR_REPLY

  https://kernel.org/pub/software/scm/git/docs/git-send-email.html

* If your mail client supports setting the In-Reply-To header
  via mailto: links, try the mailto: link
Be sure your reply has a Subject: header at the top and a blank line before the message body.
This is a public inbox, see mirroring instructions
for how to clone and mirror all data and code used for this inbox;
as well as URLs for NNTP newsgroup(s).