From mboxrd@z Thu Jan 1 00:00:00 1970 Return-Path: Received: from mails.dpdk.org (mails.dpdk.org [217.70.189.124]) by inbox.dpdk.org (Postfix) with ESMTP id 2E40D461CA for ; Sat, 8 Feb 2025 15:25:02 +0100 (CET) Received: from mails.dpdk.org (localhost [127.0.0.1]) by mails.dpdk.org (Postfix) with ESMTP id 10B7B40280; Sat, 8 Feb 2025 15:25:02 +0100 (CET) Received: from mail-il1-f225.google.com (mail-il1-f225.google.com [209.85.166.225]) by mails.dpdk.org (Postfix) with ESMTP id 0A5B340279 for ; Sat, 8 Feb 2025 15:25:01 +0100 (CET) Received: by mail-il1-f225.google.com with SMTP id e9e14a558f8ab-3d04fc1ea14so27810095ab.2 for ; Sat, 08 Feb 2025 06:25:00 -0800 (PST) DKIM-Signature: v=1; a=rsa-sha256; c=relaxed/relaxed; d=iol.unh.edu; s=unh-iol; t=1739024700; x=1739629500; darn=dpdk.org; h=cc:to:from:subject:message-id:date:from:to:cc:subject:date :message-id:reply-to; bh=hpD3659MFAQkpTZb9/pgMHMaHQA9WlFMhZjHADcs5AQ=; b=f4eh9GMlcU1howkW6fnjWhZGi1QE476JyQbvF0RCAITTa+OkSiKLUDq7OYQAM3lc+2 TFOgT1T9ehSFIwE28pdytR/1+uigVAhscX4uN0Pw6LWUm/jP4xh7HjXofTfRDf5ehVAI 21ATnjpdzabcBPZPhhtJxbpUF+EdH2Ski+AUw= X-Google-DKIM-Signature: v=1; a=rsa-sha256; c=relaxed/relaxed; d=1e100.net; s=20230601; t=1739024700; x=1739629500; h=cc:to:from:subject:message-id:date:x-gm-message-state:from:to:cc :subject:date:message-id:reply-to; bh=hpD3659MFAQkpTZb9/pgMHMaHQA9WlFMhZjHADcs5AQ=; b=Ub58APMZBEL+46J1cOnWAA+Z5ym3cheflzBo4mFedJs8xThjXXiYH+F9+szTctzQJp QT5TcB2mdkSVbx8wsl65bAZVUTaK5AQ55wBoBpWQHsbjdPuhuEZBx6uuAUmSeZvyFoDI nOsBRXZsebml6cylhPxDNpvF63JbV/yekbk2rJAA2vW6hQ3CaxFsqwxB7/wJulKCb+UX RZwxZSxBOYSNMC5ekk83m6o0f/O+2zNJ7FD8djPDbzHYb0/U1/12exaPDqy9yLdsB4Fh BLH5cdElsk8hqNiTvEYe3/GQLbtryPm5tGQvDu4vVncyw94pz7jef7aXZrhut6aFflGi X+dA== X-Gm-Message-State: AOJu0YwD473FZTNiaM8Bgv1hl6QbpQAseRzLtJMLAxGjv4AqDa11DUpW +ZNSgDV9gGjA1fIw054THq0fVYjpYlvYPfkME9+5EuiehrfPB4O3cyHjbG8y2w1vsPgFNTywMNa v58ok6arNq8S6G5JpI1OFACgacf8/MJZX X-Gm-Gg: ASbGnctR04goJTM3mcA7EpwuoWPDW3DnDI7yApuK95cGDyUmTs7bHfNYMxcAkg2IABf q3nnb87a9NxyGmcAAGcNGgeKV5bXacYAR7pM8kXEc7iL8rcLyyGbIxQyjcZXFhQwE/IE37A0okn 1PUC8c7BbmP+w/ONnn1fQoZK6XwYkF5BHWmYEgDKrnJErUXdnqgJAIa8Qm7xkx+hGKj20ALspJY ul76lGci6kmRvEI/94qIlrufbbiSCZ1JnuJ3aAH9dQEyuqfbFBrLOWnosmrdZI0KVkjDOQ0JQAN j6qjhKrQxyUMecTIl/V3kwq4ebpz2Q== X-Google-Smtp-Source: AGHT+IFWPkoy5tpEx5wtcM+RMmbuY1kiyfLTY6YYR7kzlVngIJ0GhxVb2sS3w6X03j09J8flDbUn0tjG6EGf X-Received: by 2002:a05:6e02:b49:b0:3d0:4bce:cfa8 with SMTP id e9e14a558f8ab-3d13dd0a69amr59406195ab.3.1739024700253; Sat, 08 Feb 2025 06:25:00 -0800 (PST) Received: from postal.iol.unh.edu (postal.iol.unh.edu. [132.177.123.84]) by smtp-relay.gmail.com with ESMTPS id e9e14a558f8ab-3d05e921397sm3979465ab.40.2025.02.08.06.25.00 (version=TLS1_2 cipher=ECDHE-ECDSA-AES128-GCM-SHA256 bits=128/128); Sat, 08 Feb 2025 06:25:00 -0800 (PST) X-Relaying-Domain: iol.unh.edu Date: Sat, 08 Feb 2025 06:25:00 -0800 (PST) Message-ID: <67a7693c.050a0220.36ef3a.4311SMTPIN_ADDED_MISSING@mx.google.com> Received: from [172.21.0.6] (unknown [172.18.0.240]) by postal.iol.unh.edu (Postfix) with ESMTP id D0A796052471; Sat, 8 Feb 2025 09:24:59 -0500 (EST) Subject: |FAILURE| [GIT MASTER] 7ce7d3341d7e21c2a81f2fea8e451681d7306d77 From: dpdklab@iol.unh.edu To: Test Report Cc: dpdk-test-reports@iol.unh.edu, Xueming Li , Christian Ehrhardt , Kevin Traynor , Luca Boccassi Content-Type: text/plain X-BeenThere: test-report@dpdk.org X-Mailman-Version: 2.1.29 Precedence: list List-Id: automatic DPDK test reports List-Unsubscribe: , List-Archive: List-Post: List-Help: List-Subscribe: , Errors-To: test-report-bounces@dpdk.org _Testing issues_ Branch: tags/v22.11 7ce7d3341d7e21c2a81f2fea8e451681d7306d77 --> testing issues Upstream job id: Generic-Unit-Test-DPDK#313204 Test environment and result as below: +---------------------+----------------+ | Environment | dpdk_unit_test | +=====================+================+ | Fedora 41 | FAIL | +---------------------+----------------+ | Fedora 40 (Clang) | FAIL | +---------------------+----------------+ | Ubuntu 20.04 | FAIL | +---------------------+----------------+ | Ubuntu 24.04 | FAIL | +---------------------+----------------+ | Debian Bullseye | FAIL | +---------------------+----------------+ | Fedora 41 (Clang) | FAIL | +---------------------+----------------+ | RHEL8 | FAIL | +---------------------+----------------+ | Ubuntu 22.04 | FAIL | +---------------------+----------------+ | RHEL9 | FAIL | +---------------------+----------------+ | Fedora 40 | FAIL | +---------------------+----------------+ | Debian 12 | FAIL | +---------------------+----------------+ | CentOS Stream 9 | FAIL | +---------------------+----------------+ | Windows Server 2022 | FAIL | +---------------------+----------------+ ==== Unit test summary for Windows Server 2022 (dpdk_unit_test): ==== Failed to get the unit test results. Displaying the unit test results is not supported for some environments, such as our aarch32 testing, where meson is not used to run the tests. Download the logs available on our CI site. ==== End log output ==== Fedora 41 Kernel: Depends on container host Compiler: gcc 14.2.1 20240912 (Red Hat 14.2.1-3) Fedora 40 (Clang) Kernel: Depends on container host Compiler: clang 18.1.8 (Fedora 18.1.8-1.fc40) Ubuntu 20.04 Kernel: Depends on container host Compiler: gcc (Ubuntu 9.4.0-1ubuntu1~20.04.2) 9.4.0 Ubuntu 24.04 Kernel: Depends on container host Compiler: gcc (Ubuntu 13.3.0-6ubuntu2~24.04) 13.3.0 Debian Bullseye Kernel: Depends on container host Compiler: gcc (Debian 10.2.1-6) 10.2.1 20210110 Fedora 41 (Clang) Kernel: Depends on container host Compiler: clang 19.1.5 (Fedora 19.1.5-1.fc41) RHEL8 Kernel: Depends on container host Compiler: gcc 8.5.0 20210514 (Red Hat 8.5.0-22) Ubuntu 22.04 Kernel: Depends on container host Compiler: gcc (Ubuntu 11.4.0-1ubuntu1~22.04) 11.4.0 RHEL9 Kernel: Depends on container host Compiler: gcc 11.5.0 20240719 (Red Hat 11.5.0-2) Fedora 40 Kernel: Depends on container host Compiler: gcc 14.2.1 20240912 (Red Hat 14.2.1-3) Debian 12 Kernel: Depends on container host Compiler: gcc (Debian 12.2.0-14) 12.2.0 CentOS Stream 9 Kernel: Depends on container host Compiler: gcc 11.5.0 20240719 (Red Hat 11.5.0-2) Windows Server 2022 Kernel: 10.0.20348.2031 Compiler: clang 15.0.7, gcc 14.1.0 (MinGW), and MSVC VS 19.39.33521 To view detailed results, visit: https://lab.dpdk.org/results/dashboard/tarballs/32506/ UNH-IOL DPDK Community Lab To manage your email subscriptions, visit: https://lab.dpdk.org/results/dashboard/preferences/subscriptions/