From mboxrd@z Thu Jan 1 00:00:00 1970 Return-Path: Received: from mails.dpdk.org (mails.dpdk.org [217.70.189.124]) by inbox.dpdk.org (Postfix) with ESMTP id 79AD1461D3 for ; Sun, 9 Feb 2025 07:30:39 +0100 (CET) Received: from mails.dpdk.org (localhost [127.0.0.1]) by mails.dpdk.org (Postfix) with ESMTP id 5FD7E402A4; Sun, 9 Feb 2025 07:30:39 +0100 (CET) Received: from mail-pj1-f98.google.com (mail-pj1-f98.google.com [209.85.216.98]) by mails.dpdk.org (Postfix) with ESMTP id 1F46F40280 for ; Sun, 9 Feb 2025 07:30:38 +0100 (CET) Received: by mail-pj1-f98.google.com with SMTP id 98e67ed59e1d1-2fa21145217so4771825a91.3 for ; Sat, 08 Feb 2025 22:30:38 -0800 (PST) DKIM-Signature: v=1; a=rsa-sha256; c=relaxed/relaxed; d=iol.unh.edu; s=unh-iol; t=1739082637; x=1739687437; darn=dpdk.org; h=cc:to:from:subject:message-id:date:from:to:cc:subject:date :message-id:reply-to; bh=TJxyCLrdYv9cxVSKe/455UiegrG49NEIEiMadS2WXj0=; b=Ra1j8R7SF9aqGgemLWLfQTd6EgvlA1nCajM77N0ZJGsdwB+tSP3W0dK5KsztyYCa8Y dWaaOvIkheUv7a4MzCQ2iRxFwPMpmzI1mGKVHfZaAiTu+yQUNykjD9plQyoeJUMzjRNo QQHQ+GqZskzaSnjTV9gqORK4fzC2paI0mxq7k= X-Google-DKIM-Signature: v=1; a=rsa-sha256; c=relaxed/relaxed; d=1e100.net; s=20230601; t=1739082637; x=1739687437; h=cc:to:from:subject:message-id:date:x-gm-message-state:from:to:cc :subject:date:message-id:reply-to; bh=TJxyCLrdYv9cxVSKe/455UiegrG49NEIEiMadS2WXj0=; b=aMwCL9f2f0808KqQaJbYTHpOqJ7a3zdOTFGKmcBbc2NJCuFnbREkCd31ZMuZ7QCoWn OadoNM+OvUcPJz5taHDJVivpS+m1aRy0LBaEkQxdpTQDV76gCCW0B2F7mohudl8/zT27 zomLZczZkgnrhZqPWvk/QMSTAacOxy79M6KwZwycGVtxBX3m1ZclwDWPL57I5AgnC8ja ++qid+Mk1yqffIBJoPcD4YzfygUC72KbJ2gczVcidK/PN5eFtRG8qRPZC2cZbPUFKrcm fIcwyKcshSD4K7fOMRmUNKLzor1f16/g+YianuwMa9wI3LjbXtXd2DrbJNloEeQ5nZu1 v75g== X-Gm-Message-State: AOJu0YwruO2aqZxfqbn/Vlxie94EwRRHsfGb/E9/ult6rMK5583mABfp gFlDptVHU1o/0CZT5HY6k2mpIij3eOrqZKA3rMqi2BrmjSwK2YVDy3KMCqFCxKlU0YgJpYIC10R 5e00/avlmsNBt4yJJgly9b7qvpYlPXuMM X-Gm-Gg: ASbGncuhYjGPajChPyxBOlBbeXR5pBFx1TKljokGblLfFHZPUiUKhJzqbDqdHaO4MTt hF6t3s9osrdHVOjqBClW2lNt+rwW4oW3sK7RF0qlsT4g21Tcgmyc8zafAWyl3UP1K2Lby+6b1E9 2PLhjf+Z1KWfIoHdTp3S31uwBGaFfXXRvZbQMALn1PMSuloKERfypDCj7YQ7Qmdf7uhPLGmVMVt QhXvdebmPTtZ1VOgkdKc4zVgaY+UNA9ChQZazYMQo22gFddlOk6b58ELu5LAmR0Is5dRuffMkm9 XpyOXAceZKCXhRt2CL9rem/rRLOm3w== X-Google-Smtp-Source: AGHT+IFyYWntEa97JiPaVlQfGgnl1Mf/LFQwoH9kdjOFHugykckf6jrao1OQG4TrIQKtzN3cXi+rA6cctgiz X-Received: by 2002:a17:90b:2fce:b0:2ee:dcf6:1c8f with SMTP id 98e67ed59e1d1-2fa2417bed3mr15833424a91.16.1739082636998; Sat, 08 Feb 2025 22:30:36 -0800 (PST) Received: from postal.iol.unh.edu (postal.iol.unh.edu. [132.177.123.84]) by smtp-relay.gmail.com with ESMTPS id 98e67ed59e1d1-2fa1821601asm77473a91.0.2025.02.08.22.30.36 (version=TLS1_2 cipher=ECDHE-ECDSA-AES128-GCM-SHA256 bits=128/128); Sat, 08 Feb 2025 22:30:36 -0800 (PST) X-Relaying-Domain: iol.unh.edu Date: Sat, 08 Feb 2025 22:30:36 -0800 (PST) Message-ID: <67a84b8c.170a0220.4e772.328fSMTPIN_ADDED_MISSING@mx.google.com> Received: from [172.21.0.5] (unknown [172.18.0.240]) by postal.iol.unh.edu (Postfix) with ESMTP id 24C346052471; Sun, 9 Feb 2025 01:30:36 -0500 (EST) Subject: |WARNING| [GIT MASTER] 7ce7d3341d7e21c2a81f2fea8e451681d7306d77 From: dpdklab@iol.unh.edu To: Test Report Cc: dpdk-test-reports@iol.unh.edu, Xueming Li , Christian Ehrhardt , Kevin Traynor , Luca Boccassi Content-Type: text/plain X-BeenThere: test-report@dpdk.org X-Mailman-Version: 2.1.29 Precedence: list List-Id: automatic DPDK test reports List-Unsubscribe: , List-Archive: List-Post: List-Help: List-Subscribe: , Errors-To: test-report-bounces@dpdk.org _Testing issues_ Branch: tags/v22.11 7ce7d3341d7e21c2a81f2fea8e451681d7306d77 --> testing issues Upstream job id: Windows-Compile-DPDK-Native#26562 Test environment and result as below: +---------------------+--------------------+-------------------------+ | Environment | dpdk_meson_compile | dpdk_llvm_clang_compile | +=====================+====================+=========================+ | CentOS Stream 9 | PEND | SKIPPED | +---------------------+--------------------+-------------------------+ | Debian Bullseye | PEND | SKIPPED | +---------------------+--------------------+-------------------------+ | Debian 12 | PEND | SKIPPED | +---------------------+--------------------+-------------------------+ | Fedora 40 (Clang) | PEND | SKIPPED | +---------------------+--------------------+-------------------------+ | Fedora 40 | PEND | SKIPPED | +---------------------+--------------------+-------------------------+ | Fedora 41 | PEND | SKIPPED | +---------------------+--------------------+-------------------------+ | openSUSE Leap 15 | PEND | SKIPPED | +---------------------+--------------------+-------------------------+ | RHEL8 | PEND | SKIPPED | +---------------------+--------------------+-------------------------+ | RHEL9 | PEND | SKIPPED | +---------------------+--------------------+-------------------------+ | Ubuntu 20.04 | PEND | SKIPPED | +---------------------+--------------------+-------------------------+ | Ubuntu 22.04 | PEND | SKIPPED | +---------------------+--------------------+-------------------------+ | Ubuntu 24.04 | PEND | SKIPPED | +---------------------+--------------------+-------------------------+ | FreeBSD 13.4 | PASS | SKIPPED | +---------------------+--------------------+-------------------------+ | FreeBSD 14.2 | PASS | SKIPPED | +---------------------+--------------------+-------------------------+ | Fedora 41 (Clang) | PEND | SKIPPED | +---------------------+--------------------+-------------------------+ | Windows Server 2022 | SKIPPED | FAIL | +---------------------+--------------------+-------------------------+ ==== 20 line log output for Windows Server 2022 (dpdk_llvm_clang_compile): ==== ..\lib\eal\include/rte_common.h:850:32: note: expanded from macro 'RTE_FMT_TAIL' #define RTE_FMT_TAIL(fmt, ...) __VA_ARGS__ ^~~~~~~~~~~ ..\lib\eal\include/rte_common.h:848:39: note: expanded from macro 'RTE_FMT' #define RTE_FMT(fmt, ...) fmt "%.0s", __VA_ARGS__ "" ^~~~~~~~~~~ ../drivers/crypto/mlx5/mlx5_crypto.c:463:18: note: forward declaration of 'struct mlx5_err_cqe' volatile struct mlx5_err_cqe *cqe = (volatile struct mlx5_err_cqe *) ^ 3 errors generated. [617/788] Compiling C object app/dpdk-test-gpudev.exe.p/test-gpudev_main.c.obj [618/788] Linking static target drivers/libtmp_rte_net_octeon_ep.a [619/788] Compiling C object drivers/libtmp_rte_net_vmxnet3.a.p/net_vmxnet3_vmxnet3_ethdev.c.obj [620/788] Compiling C object drivers/libtmp_rte_crypto_mlx5.a.p/crypto_mlx5_mlx5_crypto_dek.c.obj [621/788] Compiling C object drivers/libtmp_rte_net_vmxnet3.a.p/net_vmxnet3_vmxnet3_rxtx.c.obj [622/788] Compiling C object app/dpdk-testpmd.exe.p/test-pmd_5tswap.c.obj [623/788] Compiling C object drivers/libtmp_rte_net_mlx5.a.p/net_mlx5_mlx5_tx_nompw.c.obj [624/788] Compiling C object drivers/libtmp_rte_net_mlx5.a.p/net_mlx5_mlx5_tx_empw.c.obj [625/788] Compiling C object drivers/libtmp_rte_net_mlx5.a.p/net_mlx5_mlx5_tx_txpp.c.obj ninja: build stopped: subcommand failed. ==== End log output ==== CentOS Stream 9 Kernel: Depends on container host Compiler: gcc 11.5.0 20240719 (Red Hat 11.5.0-2) Debian Bullseye Kernel: Depends on container host Compiler: gcc (Debian 10.2.1-6) 10.2.1 20210110 Debian 12 Kernel: Depends on container host Compiler: gcc (Debian 12.2.0-14) 12.2.0 Fedora 40 (Clang) Kernel: Depends on container host Compiler: clang 18.1.8 (Fedora 18.1.8-1.fc40) Fedora 40 Kernel: Depends on container host Compiler: gcc 14.2.1 20240912 (Red Hat 14.2.1-3) Fedora 41 Kernel: Depends on container host Compiler: gcc 14.2.1 20240912 (Red Hat 14.2.1-3) openSUSE Leap 15 Kernel: Depends on container host Compiler: gcc (SUSE Linux) 7.5.0 RHEL8 Kernel: Depends on container host Compiler: gcc 8.5.0 20210514 (Red Hat 8.5.0-22) RHEL9 Kernel: Depends on container host Compiler: gcc 11.5.0 20240719 (Red Hat 11.5.0-2) Ubuntu 20.04 Kernel: Depends on container host Compiler: gcc (Ubuntu 9.4.0-1ubuntu1~20.04.2) 9.4.0 Ubuntu 22.04 Kernel: Depends on container host Compiler: gcc (Ubuntu 11.4.0-1ubuntu1~22.04) 11.4.0 Ubuntu 24.04 Kernel: Depends on container host Compiler: gcc (Ubuntu 13.3.0-6ubuntu2~24.04) 13.3.0 FreeBSD 13.4 Kernel: 13.4-RELEASE-p1 Compiler: clang 18.1.6 FreeBSD 14.2 Kernel: 14.2-RELEASE Compiler: clang 18.1.6 Fedora 41 (Clang) Kernel: Depends on container host Compiler: clang 19.1.5 (Fedora 19.1.5-1.fc41) Windows Server 2022 Kernel: 10.0.20348.2031 Compiler: clang 15.0.7, gcc 14.1.0 (MinGW), and MSVC VS 19.39.33521 To view detailed results, visit: https://lab.dpdk.org/results/dashboard/tarballs/32513/ UNH-IOL DPDK Community Lab To manage your email subscriptions, visit: https://lab.dpdk.org/results/dashboard/preferences/subscriptions/