From mboxrd@z Thu Jan 1 00:00:00 1970 Return-Path: Received: from mails.dpdk.org (mails.dpdk.org [217.70.189.124]) by inbox.dpdk.org (Postfix) with ESMTP id C92C1461D6 for ; Sun, 9 Feb 2025 08:07:45 +0100 (CET) Received: from mails.dpdk.org (localhost [127.0.0.1]) by mails.dpdk.org (Postfix) with ESMTP id A2354402A4; Sun, 9 Feb 2025 08:07:45 +0100 (CET) Received: from mail-qv1-f100.google.com (mail-qv1-f100.google.com [209.85.219.100]) by mails.dpdk.org (Postfix) with ESMTP id 214D040280 for ; Sun, 9 Feb 2025 08:07:44 +0100 (CET) Received: by mail-qv1-f100.google.com with SMTP id 6a1803df08f44-6e4562aa221so6455696d6.0 for ; Sat, 08 Feb 2025 23:07:43 -0800 (PST) DKIM-Signature: v=1; a=rsa-sha256; c=relaxed/relaxed; d=iol.unh.edu; s=unh-iol; t=1739084863; x=1739689663; darn=dpdk.org; h=cc:to:from:subject:message-id:date:from:to:cc:subject:date :message-id:reply-to; bh=g9Von3vBRy5nZsu0k566mgDA4Ws76671zKpx8mxs75Y=; b=VUiZA/XcpfxBk8BnOwg485AgBKp4b7jIraGcJyF3jtxnVQbyi4o6q243DoUdzjjDEF 00SugZECEl29mlpFY4SH0hyLjHf8dErpuWGFx7cdHVJucN27nthsOUjE0EGsNKIaD5y+ hivF+50XTQojhgn5I9howi1J5CqLi0m6d6L2Y= X-Google-DKIM-Signature: v=1; a=rsa-sha256; c=relaxed/relaxed; d=1e100.net; s=20230601; t=1739084863; x=1739689663; h=cc:to:from:subject:message-id:date:x-gm-message-state:from:to:cc :subject:date:message-id:reply-to; bh=g9Von3vBRy5nZsu0k566mgDA4Ws76671zKpx8mxs75Y=; b=AD6HMW6N9C/10wrOsN+rybHf3Iz2g0LakuoRjcz0eLKCj9asaAhM/hISZHMx0APPC6 WBeMCwo6azdheUbAKhVUolNEbJCDZ97nVRvMQjblOnv1lq018FuFtlmsu+AQo4cEaRtR Ez2ca90zUD+UHOakroZb9HJxeafxYb03yZ6NhjpaDtL+2WWg1ZAp9K1Ovmntvtyh660/ n1GFeUQbpXJvGe/KnPKGgKpM/2Dr06g+rM9kypOE+VRgk9F++VFYT4yOsTHqQixLyZNt UUz/29OHdei1aKEI9huRjAGK0ImgraSxPwAs+yE6b/AzbK+jkwLG0+apQsySTx5qIrdy QwqQ== X-Gm-Message-State: AOJu0YzhgnbxlqVDG3ZaRT9fIH6GXnwhqMpjjXXlEYnoG/Zxjz608qk5 CheJf/h0pR4nUxi/VzT3lGIRahsXU2PsizQakevLXR0SnHo9dVs40jd3EDz3ctQ7yJdRnUXb3WJ fMiJN5YTDspte/qvYh9aiyHQaw3SzUo2P X-Gm-Gg: ASbGncsK5rWeUwhVGXOollh5G0EUwN8BmJ0iECLuk/p+6UGBj+xeq/SgmNauvWjXNdn vGG5kWNyd1OBk4a45DPLHgG5yEqwXrvGvGFWDijwiJgXPAgRX+VYePXPNHPxlji0DNTmzyjHCOW gj1wNGCVFRtm1JXxXCTFfA+42aA4wPYa2oyc3UXglS7tKdIVxq4NxFS6nARDrmiQInFrNSLcIHH abddrgm6kJQ+8Enk4gv23P4e828umolJ2TLEwloD2e4U3yDA6hgf4jUhEU2kK3bUFQEmBJbbBYI 3g0qqAW2CfMvMDziEyfTEK3qFgEvZw== X-Google-Smtp-Source: AGHT+IGuIjJAuP4vt6G/ofgHwX0kyx7/bQjTuGP70DhxTBVj01AL7zXgl7w3VXc/LMhac0Qb/MNWk+h7s4l6 X-Received: by 2002:a05:6214:2486:b0:6e2:3721:f2c6 with SMTP id 6a1803df08f44-6e4456c513cmr143198946d6.33.1739084863366; Sat, 08 Feb 2025 23:07:43 -0800 (PST) Received: from postal.iol.unh.edu (postal.iol.unh.edu. [132.177.123.84]) by smtp-relay.gmail.com with ESMTPS id 6a1803df08f44-6e44a589398sm2749996d6.8.2025.02.08.23.07.43 (version=TLS1_2 cipher=ECDHE-ECDSA-AES128-GCM-SHA256 bits=128/128); Sat, 08 Feb 2025 23:07:43 -0800 (PST) X-Relaying-Domain: iol.unh.edu Date: Sat, 08 Feb 2025 23:07:43 -0800 (PST) Message-ID: <67a8543f.050a0220.29a057.e584SMTPIN_ADDED_MISSING@mx.google.com> Received: from [172.21.0.5] (unknown [172.18.0.240]) by postal.iol.unh.edu (Postfix) with ESMTP id 09AEF6052471; Sun, 9 Feb 2025 02:07:42 -0500 (EST) Subject: |FAILURE| [GIT MASTER] 7ce7d3341d7e21c2a81f2fea8e451681d7306d77 From: dpdklab@iol.unh.edu To: Test Report Cc: dpdk-test-reports@iol.unh.edu, Xueming Li , Christian Ehrhardt , Kevin Traynor , Luca Boccassi Content-Type: text/plain X-BeenThere: test-report@dpdk.org X-Mailman-Version: 2.1.29 Precedence: list List-Id: automatic DPDK test reports List-Unsubscribe: , List-Archive: List-Post: List-Help: List-Subscribe: , Errors-To: test-report-bounces@dpdk.org _Testing issues_ Branch: tags/v22.11 7ce7d3341d7e21c2a81f2fea8e451681d7306d77 --> testing issues Upstream job id: Generic-Unit-Test-DPDK#313315 Test environment and result as below: +---------------------+----------------+ | Environment | dpdk_unit_test | +=====================+================+ | Debian Bullseye | FAIL | +---------------------+----------------+ | CentOS Stream 9 | FAIL | +---------------------+----------------+ | RHEL9 | FAIL | +---------------------+----------------+ | Fedora 40 (Clang) | FAIL | +---------------------+----------------+ | Fedora 41 | FAIL | +---------------------+----------------+ | Ubuntu 20.04 | FAIL | +---------------------+----------------+ | Fedora 41 (Clang) | FAIL | +---------------------+----------------+ | RHEL8 | FAIL | +---------------------+----------------+ | Ubuntu 22.04 | FAIL | +---------------------+----------------+ | Fedora 40 | FAIL | +---------------------+----------------+ | Ubuntu 24.04 | FAIL | +---------------------+----------------+ | Debian 12 | FAIL | +---------------------+----------------+ | Windows Server 2022 | FAIL | +---------------------+----------------+ ==== Unit test summary for Windows Server 2022 (dpdk_unit_test): ==== Failed to get the unit test results. Displaying the unit test results is not supported for some environments, such as our aarch32 testing, where meson is not used to run the tests. Download the logs available on our CI site. ==== End log output ==== Debian Bullseye Kernel: Depends on container host Compiler: gcc (Debian 10.2.1-6) 10.2.1 20210110 CentOS Stream 9 Kernel: Depends on container host Compiler: gcc 11.5.0 20240719 (Red Hat 11.5.0-2) RHEL9 Kernel: Depends on container host Compiler: gcc 11.5.0 20240719 (Red Hat 11.5.0-2) Fedora 40 (Clang) Kernel: Depends on container host Compiler: clang 18.1.8 (Fedora 18.1.8-1.fc40) Fedora 41 Kernel: Depends on container host Compiler: gcc 14.2.1 20240912 (Red Hat 14.2.1-3) Ubuntu 20.04 Kernel: Depends on container host Compiler: gcc (Ubuntu 9.4.0-1ubuntu1~20.04.2) 9.4.0 Fedora 41 (Clang) Kernel: Depends on container host Compiler: clang 19.1.5 (Fedora 19.1.5-1.fc41) RHEL8 Kernel: Depends on container host Compiler: gcc 8.5.0 20210514 (Red Hat 8.5.0-22) Ubuntu 22.04 Kernel: Depends on container host Compiler: gcc (Ubuntu 11.4.0-1ubuntu1~22.04) 11.4.0 Fedora 40 Kernel: Depends on container host Compiler: gcc 14.2.1 20240912 (Red Hat 14.2.1-3) Ubuntu 24.04 Kernel: Depends on container host Compiler: gcc (Ubuntu 13.3.0-6ubuntu2~24.04) 13.3.0 Debian 12 Kernel: Depends on container host Compiler: gcc (Debian 12.2.0-14) 12.2.0 Windows Server 2022 Kernel: 10.0.20348.2031 Compiler: clang 15.0.7, gcc 14.1.0 (MinGW), and MSVC VS 19.39.33521 To view detailed results, visit: https://lab.dpdk.org/results/dashboard/tarballs/32513/ UNH-IOL DPDK Community Lab To manage your email subscriptions, visit: https://lab.dpdk.org/results/dashboard/preferences/subscriptions/