From mboxrd@z Thu Jan 1 00:00:00 1970 Return-Path: Received: from mails.dpdk.org (mails.dpdk.org [217.70.189.124]) by inbox.dpdk.org (Postfix) with ESMTP id 79597461E4 for ; Mon, 10 Feb 2025 08:57:40 +0100 (CET) Received: from mails.dpdk.org (localhost [127.0.0.1]) by mails.dpdk.org (Postfix) with ESMTP id 7590140268; Mon, 10 Feb 2025 08:57:40 +0100 (CET) Received: from mail-io1-f99.google.com (mail-io1-f99.google.com [209.85.166.99]) by mails.dpdk.org (Postfix) with ESMTP id 9CD8A40150 for ; Mon, 10 Feb 2025 08:57:39 +0100 (CET) Received: by mail-io1-f99.google.com with SMTP id ca18e2360f4ac-8553c938af2so2527439f.2 for ; Sun, 09 Feb 2025 23:57:39 -0800 (PST) DKIM-Signature: v=1; a=rsa-sha256; c=relaxed/relaxed; d=iol.unh.edu; s=unh-iol; t=1739174259; x=1739779059; darn=dpdk.org; h=cc:to:from:subject:message-id:date:from:to:cc:subject:date :message-id:reply-to; bh=THoTzyAE6a/4KmtG14jxdvEuln1EkoZJ+xgKHV86wL0=; b=b4oVXGTk+8MnRC0HmTmrylzjSq8UmddoV1mdPGXfU+zwGF68Nem3poNpW3bsqtgwUm f0+zpmh0AdcKUkSOOOjKup43jBMfN03RxMtm4j/qOMmQHY8P5uAK+O639fdL1kKNxDrk ucKNxo6Qp1QNXUnqf2C878ojVaQpqnTMJpn14= X-Google-DKIM-Signature: v=1; a=rsa-sha256; c=relaxed/relaxed; d=1e100.net; s=20230601; t=1739174259; x=1739779059; h=cc:to:from:subject:message-id:date:x-gm-message-state:from:to:cc :subject:date:message-id:reply-to; bh=THoTzyAE6a/4KmtG14jxdvEuln1EkoZJ+xgKHV86wL0=; b=Ui8XP3vBpH7tkAP5Epp2oNoTgNDhqw0+jK/JPFVOBcSDVow3QmEgpAe9F/+Y3BAjPW FS6K3+4e8QjXCGgmOdZtzs+ZIqpX3ljmKNGiccK2sC3g5Hd0AtVf/V7LDc/QEPPk5IjE EYMBXIeP1knQXa3hBQOTgXRqXjwJzpY/RDNMR6FylBUMUkP8Sccb7QAY4DRzriP6OH1m WguJDhr2Z2sWvM/3bKE/cjky4/1GMGPTJSetlQqGl39hlvtE0XCgciBAEI6e+h49gzj9 hfptlJb7IubMgG/p8nC+CqTEKu/0BQzVqVPQUOEu0oi2tZFs+JcRL1sP/jD+ETd7IP+1 d+iQ== X-Gm-Message-State: AOJu0YzUs1G5F2JlSpQmaE3s5FEk7FTfld8SfS+JhGiwjt2Rz8PdhnQR iJ1Rm6q2U1iGDbDHOC94Zsn7HyMYlIzwyQcsTbgian89C2q/cFqox3VoXXWlD1DjmswMsFynOHU vPji73hNf/9foW/cSdPMspx0RUY1FD5g7 X-Gm-Gg: ASbGncsL7ennbJWvciDQeAWlG1TmrcmniGM1Ns8TxPzsd2cj1J2VaULvo5sWGJ8qqgv rHPbKDY0yEANls4MxUOt+uWrIshNexaKPAXY/JILYPrsbL1kF4Iyb59DG989i60gWQUF/MN9Q6N 8rxV+KKl+IjgV8WRltBO1ZXDTXoZG0+Wzuk1fHuf7g54MWpAW5wfyjy3HeUBH63sUhwcdDgGKvv WE9+WXorqNcXGqagHc502kIQq9gWJsTXYHjQg/isS+QdKay2P97diqvmKMnUMBYIEpmDT+cFvmk Gk6gNn8bsT13UGCbR1m7nHi6eqVYJw== X-Google-Smtp-Source: AGHT+IG4or1tQYDbfkhLgnJG7Nj9mneWzoFFTfg8mZ2qwjsCbztLJM/EnoXW0tooA4PUnFYwrEd4mW7I14VH X-Received: by 2002:a05:6602:29ac:b0:835:4931:b110 with SMTP id ca18e2360f4ac-854fd899b5cmr1166027439f.5.1739174258968; Sun, 09 Feb 2025 23:57:38 -0800 (PST) Received: from postal.iol.unh.edu (postal.iol.unh.edu. [132.177.123.84]) by smtp-relay.gmail.com with ESMTPS id ca18e2360f4ac-854f675aeb7sm45172139f.25.2025.02.09.23.57.38 (version=TLS1_2 cipher=ECDHE-ECDSA-AES128-GCM-SHA256 bits=128/128); Sun, 09 Feb 2025 23:57:38 -0800 (PST) X-Relaying-Domain: iol.unh.edu Date: Sun, 09 Feb 2025 23:57:38 -0800 (PST) Message-ID: <67a9b172.050a0220.c9b8f.6e59SMTPIN_ADDED_MISSING@mx.google.com> Received: from [172.21.0.7] (unknown [172.18.0.240]) by postal.iol.unh.edu (Postfix) with ESMTP id 0817B6052471; Mon, 10 Feb 2025 02:57:08 -0500 (EST) Subject: |WARNING| [GIT MASTER] 7ce7d3341d7e21c2a81f2fea8e451681d7306d77 From: dpdklab@iol.unh.edu To: Test Report Cc: dpdk-test-reports@iol.unh.edu, Xueming Li , Christian Ehrhardt , Kevin Traynor , Luca Boccassi Content-Type: text/plain X-BeenThere: test-report@dpdk.org X-Mailman-Version: 2.1.29 Precedence: list List-Id: automatic DPDK test reports List-Unsubscribe: , List-Archive: List-Post: List-Help: List-Subscribe: , Errors-To: test-report-bounces@dpdk.org _Testing issues_ Branch: tags/v22.11 7ce7d3341d7e21c2a81f2fea8e451681d7306d77 --> testing issues Upstream job id: Windows-Compile-DPDK-Native#26584 Test environment and result as below: +---------------------+--------------------+-------------------------+ | Environment | dpdk_meson_compile | dpdk_llvm_clang_compile | +=====================+====================+=========================+ | Debian Bullseye | PEND | SKIPPED | +---------------------+--------------------+-------------------------+ | CentOS Stream 9 | PEND | SKIPPED | +---------------------+--------------------+-------------------------+ | Debian 12 | PEND | SKIPPED | +---------------------+--------------------+-------------------------+ | Fedora 40 (Clang) | PEND | SKIPPED | +---------------------+--------------------+-------------------------+ | Fedora 41 (Clang) | PEND | SKIPPED | +---------------------+--------------------+-------------------------+ | Fedora 40 | PEND | SKIPPED | +---------------------+--------------------+-------------------------+ | openSUSE Leap 15 | PEND | SKIPPED | +---------------------+--------------------+-------------------------+ | Fedora 41 | PEND | SKIPPED | +---------------------+--------------------+-------------------------+ | RHEL8 | PEND | SKIPPED | +---------------------+--------------------+-------------------------+ | RHEL9 | PEND | SKIPPED | +---------------------+--------------------+-------------------------+ | Ubuntu 20.04 | PEND | SKIPPED | +---------------------+--------------------+-------------------------+ | Ubuntu 22.04 | PEND | SKIPPED | +---------------------+--------------------+-------------------------+ | Ubuntu 24.04 | PEND | SKIPPED | +---------------------+--------------------+-------------------------+ | FreeBSD 13.4 | PASS | SKIPPED | +---------------------+--------------------+-------------------------+ | FreeBSD 14.2 | PASS | SKIPPED | +---------------------+--------------------+-------------------------+ | Windows Server 2022 | SKIPPED | FAIL | +---------------------+--------------------+-------------------------+ ==== 20 line log output for Windows Server 2022 (dpdk_llvm_clang_compile): ==== ..\lib\eal\include/rte_common.h:850:32: note: expanded from macro 'RTE_FMT_TAIL' #define RTE_FMT_TAIL(fmt, ...) __VA_ARGS__ ^~~~~~~~~~~ ..\lib\eal\include/rte_common.h:848:39: note: expanded from macro 'RTE_FMT' #define RTE_FMT(fmt, ...) fmt "%.0s", __VA_ARGS__ "" ^~~~~~~~~~~ ../drivers/crypto/mlx5/mlx5_crypto.c:463:18: note: forward declaration of 'struct mlx5_err_cqe' volatile struct mlx5_err_cqe *cqe = (volatile struct mlx5_err_cqe *) ^ 3 errors generated. [618/788] Compiling C object drivers/libtmp_rte_net_vmxnet3.a.p/net_vmxnet3_vmxnet3_ethdev.c.obj [619/788] Compiling C object drivers/libtmp_rte_crypto_mlx5.a.p/crypto_mlx5_mlx5_crypto_dek.c.obj [620/788] Compiling C object drivers/libtmp_rte_net_vmxnet3.a.p/net_vmxnet3_vmxnet3_rxtx.c.obj [621/788] Generating rte_net_octeon_ep.pmd.c with a custom command (wrapped by meson to set PATH) [622/788] Compiling C object app/dpdk-testpmd.exe.p/test-pmd_csumonly.c.obj [623/788] Compiling C object drivers/libtmp_rte_net_mlx5.a.p/net_mlx5_mlx5_tx_nompw.c.obj [624/788] Compiling C object app/dpdk-testpmd.exe.p/test-pmd_config.c.obj [625/788] Compiling C object drivers/libtmp_rte_net_mlx5.a.p/net_mlx5_mlx5_tx_empw.c.obj [626/788] Compiling C object drivers/libtmp_rte_net_mlx5.a.p/net_mlx5_mlx5_tx_txpp.c.obj ninja: build stopped: subcommand failed. ==== End log output ==== Debian Bullseye Kernel: Depends on container host Compiler: gcc (Debian 10.2.1-6) 10.2.1 20210110 CentOS Stream 9 Kernel: Depends on container host Compiler: gcc 11.5.0 20240719 (Red Hat 11.5.0-2) Debian 12 Kernel: Depends on container host Compiler: gcc (Debian 12.2.0-14) 12.2.0 Fedora 40 (Clang) Kernel: Depends on container host Compiler: clang 18.1.8 (Fedora 18.1.8-1.fc40) Fedora 41 (Clang) Kernel: Depends on container host Compiler: clang 19.1.5 (Fedora 19.1.5-1.fc41) Fedora 40 Kernel: Depends on container host Compiler: gcc 14.2.1 20240912 (Red Hat 14.2.1-3) openSUSE Leap 15 Kernel: Depends on container host Compiler: gcc (SUSE Linux) 7.5.0 Fedora 41 Kernel: Depends on container host Compiler: gcc 14.2.1 20240912 (Red Hat 14.2.1-3) RHEL8 Kernel: Depends on container host Compiler: gcc 8.5.0 20210514 (Red Hat 8.5.0-22) RHEL9 Kernel: Depends on container host Compiler: gcc 11.5.0 20240719 (Red Hat 11.5.0-2) Ubuntu 20.04 Kernel: Depends on container host Compiler: gcc (Ubuntu 9.4.0-1ubuntu1~20.04.2) 9.4.0 Ubuntu 22.04 Kernel: Depends on container host Compiler: gcc (Ubuntu 11.4.0-1ubuntu1~22.04) 11.4.0 Ubuntu 24.04 Kernel: Depends on container host Compiler: gcc (Ubuntu 13.3.0-6ubuntu2~24.04) 13.3.0 FreeBSD 13.4 Kernel: 13.4-RELEASE-p1 Compiler: clang 18.1.6 FreeBSD 14.2 Kernel: 14.2-RELEASE Compiler: clang 18.1.6 Windows Server 2022 Kernel: 10.0.20348.2031 Compiler: clang 15.0.7, gcc 14.1.0 (MinGW), and MSVC VS 19.39.33521 To view detailed results, visit: https://lab.dpdk.org/results/dashboard/tarballs/32524/ UNH-IOL DPDK Community Lab To manage your email subscriptions, visit: https://lab.dpdk.org/results/dashboard/preferences/subscriptions/