From mboxrd@z Thu Jan 1 00:00:00 1970 Return-Path: Received: from mails.dpdk.org (mails.dpdk.org [217.70.189.124]) by inbox.dpdk.org (Postfix) with ESMTP id C8265461EB for ; Mon, 10 Feb 2025 10:11:26 +0100 (CET) Received: from mails.dpdk.org (localhost [127.0.0.1]) by mails.dpdk.org (Postfix) with ESMTP id BED9840268; Mon, 10 Feb 2025 10:11:26 +0100 (CET) Received: from mail-qk1-f226.google.com (mail-qk1-f226.google.com [209.85.222.226]) by mails.dpdk.org (Postfix) with ESMTP id AC55D40150 for ; Mon, 10 Feb 2025 10:11:24 +0100 (CET) Received: by mail-qk1-f226.google.com with SMTP id af79cd13be357-7be8f281714so411827385a.1 for ; Mon, 10 Feb 2025 01:11:24 -0800 (PST) DKIM-Signature: v=1; a=rsa-sha256; c=relaxed/relaxed; d=iol.unh.edu; s=unh-iol; t=1739178684; x=1739783484; darn=dpdk.org; h=cc:to:from:subject:message-id:date:from:to:cc:subject:date :message-id:reply-to; bh=tfKrkvPt2wUHDqS1zZEpCPuzlE98dBBktSpOndiYv6s=; b=UxE9n6xaT4CLAnkPYKPcGbQYB11gj/kN63IvrV2AEdMLu4hgmvqLeUqOMZSckbLZ5y re/fkgiCTEcEllmgbfqww3UcvloXnreDL2mNlAM544efVgJH5qnEL1m0Uck/zetyExEr TJj290w9Bv1P82g3Ku3KDdNCBn05sweSkUhQ4= X-Google-DKIM-Signature: v=1; a=rsa-sha256; c=relaxed/relaxed; d=1e100.net; s=20230601; t=1739178684; x=1739783484; h=cc:to:from:subject:message-id:date:x-gm-message-state:from:to:cc :subject:date:message-id:reply-to; bh=tfKrkvPt2wUHDqS1zZEpCPuzlE98dBBktSpOndiYv6s=; b=oZWB9ompNZXQkHqSMtdk31PRYT+g5i6WB+SXnMYatg4HeTLx/sQmPfPJbmcByneAMt usAUnNM4Ym73q/LDLRuSZComIS8gKfInJa/jF+VBUHhF1l/xSz24fEgA2rxT95JchAIE LMRFg/AWqT8ZS6ADXBHskeTGX3GfzslVWPqZQQxv/wZ8nNEA0oMUYUPRecQ7KJVNPSgf rX4lgzLmUCdCT97lh5Ujqi9/QH5KG6Y785zyI+AXerMsP+W4la8ihinx32DRHvpe5Nli pNp1fVZRp6q/CRzT/iC4w1yryalU/2tSxGYZym60LIar7nNriiqw9wOEiB5b7lXyuco/ lBmg== X-Gm-Message-State: AOJu0YwE8CsyopvW3MJWmdo4pbazin4IyMW7isU3KXQTO04LOqz+VVJ0 dixAjXoIk1AVLBlZ0NoIOO1dGv1ivMzL1XDJQtPjm33g1wmOhipe7BEzpjscdbjCtYVO8SjuQxE eYmW9AJIp6U1Suy0i3o8c+g++htDFUnkQ X-Gm-Gg: ASbGncvT94nZlDAN9Q1YhA8joqIkTq6dc31/kvtx6uVhdcrR3rCn12o3vDUTgtlaCbi OsTydS+xajZRcbg2NSxKgpz7vZTixDAzWWO3SRNV5V9644O9cfPzBHeH4MAu92/Ag+QIdaIpTQ8 P0vuq75Bra8Obn63Llg1yDYbHYQQK6aRhSbwULxQHjeyZ5ArfTHMpvUAz+3AFJhMpVd85FV1p5+ C3tzN65l7isRSQWfOvGlFgeayJTGVkrj2YBcBRqenO6xL0zxnAA3tQ16Vo2UVZLjfYf15b93ATN 1tjNusCaZ6B/sdHZi/bUxDsDrfbeJw== X-Google-Smtp-Source: AGHT+IGud2IA7wuAmQ/mGM44ivtJvnO1p+BDLsezYdiu93KDSSW7PVYQZGQiEBBYJaX58JU6Z763IGp4/14A X-Received: by 2002:a05:6214:1c09:b0:6d8:adb8:4012 with SMTP id 6a1803df08f44-6e445737328mr203639646d6.45.1739178684100; Mon, 10 Feb 2025 01:11:24 -0800 (PST) Received: from postal.iol.unh.edu (postal.iol.unh.edu. [132.177.123.84]) by smtp-relay.gmail.com with ESMTPS id 6a1803df08f44-6e43ba40941sm5517136d6.20.2025.02.10.01.11.24 (version=TLS1_2 cipher=ECDHE-ECDSA-AES128-GCM-SHA256 bits=128/128); Mon, 10 Feb 2025 01:11:24 -0800 (PST) X-Relaying-Domain: iol.unh.edu Date: Mon, 10 Feb 2025 01:11:24 -0800 (PST) Message-ID: <67a9c2bc.050a0220.39bff0.c7f7SMTPIN_ADDED_MISSING@mx.google.com> Received: from [172.21.0.6] (unknown [172.18.0.240]) by postal.iol.unh.edu (Postfix) with ESMTP id C17F16052471; Mon, 10 Feb 2025 04:11:23 -0500 (EST) Subject: |FAILURE| [GIT MASTER] 7ce7d3341d7e21c2a81f2fea8e451681d7306d77 From: dpdklab@iol.unh.edu To: Test Report Cc: dpdk-test-reports@iol.unh.edu, Xueming Li , Christian Ehrhardt , Kevin Traynor , Luca Boccassi Content-Type: text/plain X-BeenThere: test-report@dpdk.org X-Mailman-Version: 2.1.29 Precedence: list List-Id: automatic DPDK test reports List-Unsubscribe: , List-Archive: List-Post: List-Help: List-Subscribe: , Errors-To: test-report-bounces@dpdk.org _Testing issues_ Branch: tags/v22.11 7ce7d3341d7e21c2a81f2fea8e451681d7306d77 --> testing issues Upstream job id: Generic-Unit-Test-DPDK#313589 Test environment and result as below: +---------------------+----------------+ | Environment | dpdk_unit_test | +=====================+================+ | RHEL8 | FAIL | +---------------------+----------------+ | Fedora 40 (Clang) | FAIL | +---------------------+----------------+ | Fedora 40 | FAIL | +---------------------+----------------+ | Debian Bullseye | FAIL | +---------------------+----------------+ | Ubuntu 20.04 | FAIL | +---------------------+----------------+ | Ubuntu 22.04 | FAIL | +---------------------+----------------+ | Fedora 41 | FAIL | +---------------------+----------------+ | CentOS Stream 9 | FAIL | +---------------------+----------------+ | Fedora 41 (Clang) | FAIL | +---------------------+----------------+ | Debian 12 | FAIL | +---------------------+----------------+ | RHEL9 | FAIL | +---------------------+----------------+ | Ubuntu 24.04 | FAIL | +---------------------+----------------+ | Windows Server 2022 | FAIL | +---------------------+----------------+ ==== Unit test summary for Windows Server 2022 (dpdk_unit_test): ==== Failed to get the unit test results. Displaying the unit test results is not supported for some environments, such as our aarch32 testing, where meson is not used to run the tests. Download the logs available on our CI site. ==== End log output ==== RHEL8 Kernel: Depends on container host Compiler: gcc 8.5.0 20210514 (Red Hat 8.5.0-22) Fedora 40 (Clang) Kernel: Depends on container host Compiler: clang 18.1.8 (Fedora 18.1.8-1.fc40) Fedora 40 Kernel: Depends on container host Compiler: gcc 14.2.1 20240912 (Red Hat 14.2.1-3) Debian Bullseye Kernel: Depends on container host Compiler: gcc (Debian 10.2.1-6) 10.2.1 20210110 Ubuntu 20.04 Kernel: Depends on container host Compiler: gcc (Ubuntu 9.4.0-1ubuntu1~20.04.2) 9.4.0 Ubuntu 22.04 Kernel: Depends on container host Compiler: gcc (Ubuntu 11.4.0-1ubuntu1~22.04) 11.4.0 Fedora 41 Kernel: Depends on container host Compiler: gcc 14.2.1 20240912 (Red Hat 14.2.1-3) CentOS Stream 9 Kernel: Depends on container host Compiler: gcc 11.5.0 20240719 (Red Hat 11.5.0-2) Fedora 41 (Clang) Kernel: Depends on container host Compiler: clang 19.1.5 (Fedora 19.1.5-1.fc41) Debian 12 Kernel: Depends on container host Compiler: gcc (Debian 12.2.0-14) 12.2.0 RHEL9 Kernel: Depends on container host Compiler: gcc 11.5.0 20240719 (Red Hat 11.5.0-2) Ubuntu 24.04 Kernel: Depends on container host Compiler: gcc (Ubuntu 13.3.0-6ubuntu2~24.04) 13.3.0 Windows Server 2022 Kernel: 10.0.20348.2031 Compiler: clang 15.0.7, gcc 14.1.0 (MinGW), and MSVC VS 19.39.33521 To view detailed results, visit: https://lab.dpdk.org/results/dashboard/tarballs/32524/ UNH-IOL DPDK Community Lab To manage your email subscriptions, visit: https://lab.dpdk.org/results/dashboard/preferences/subscriptions/