From: dpdklab@iol.unh.edu
To: Test Report <test-report@dpdk.org>
Cc: dpdk-test-reports@iol.unh.edu
Subject: |SUCCESS| pw151273 [PATCH] examples/ipsec-secgw: fix iv len in ctr 1
Date: Mon, 10 Feb 2025 07:16:34 -0800 (PST) [thread overview]
Message-ID: <67aa1852.170a0220.26f185.9213SMTPIN_ADDED_MISSING@mx.google.com> (raw)
In-Reply-To: <20250207132016.62482-1-nkaithakadan@marvell.com>
Test-Label: iol-unit-amd64-testing
Test-Status: SUCCESS
http://dpdk.org/patch/151273
_Testing PASS_
Submitter: Nithinsen Kaithakadan <nkaithakadan@marvell.com>
Date: Friday, February 07 2025 13:18:37
DPDK git baseline: Repo:dpdk
Branch: master
CommitID:3553897d84d8b54a1b1136cbf04dd7f1a40fd85b
151273 --> testing pass
Upstream job id: Generic-VM-Unit-Test-DPDK#27183
Test environment and result as below:
+---------------------+----------------+
| Environment | dpdk_unit_test |
+=====================+================+
| Debian Bullseye | PASS |
+---------------------+----------------+
| CentOS Stream 9 | PASS |
+---------------------+----------------+
| Fedora 40 (Clang) | PASS |
+---------------------+----------------+
| Fedora 40 | PASS |
+---------------------+----------------+
| Debian 12 | PASS |
+---------------------+----------------+
| Fedora 41 (Clang) | PASS |
+---------------------+----------------+
| Fedora 41 | PASS |
+---------------------+----------------+
| RHEL8 | PASS |
+---------------------+----------------+
| RHEL9 | PASS |
+---------------------+----------------+
| Ubuntu 22.04 | PASS |
+---------------------+----------------+
| Ubuntu 20.04 | PASS |
+---------------------+----------------+
| Ubuntu 24.04 | PASS |
+---------------------+----------------+
| Windows Server 2022 | PASS |
+---------------------+----------------+
Debian Bullseye
Kernel: Depends on container host
Compiler: gcc (Debian 10.2.1-6) 10.2.1 20210110
CentOS Stream 9
Kernel: Depends on container host
Compiler: gcc 11.5.0 20240719 (Red Hat 11.5.0-2)
Fedora 40 (Clang)
Kernel: Depends on container host
Compiler: clang 18.1.8 (Fedora 18.1.8-1.fc40)
Fedora 40
Kernel: Depends on container host
Compiler: gcc 14.2.1 20240912 (Red Hat 14.2.1-3)
Debian 12
Kernel: Depends on container host
Compiler: gcc (Debian 12.2.0-14) 12.2.0
Fedora 41 (Clang)
Kernel: Depends on container host
Compiler: clang 19.1.5 (Fedora 19.1.5-1.fc41)
Fedora 41
Kernel: Depends on container host
Compiler: gcc 14.2.1 20240912 (Red Hat 14.2.1-3)
RHEL8
Kernel: Depends on container host
Compiler: gcc 8.5.0 20210514 (Red Hat 8.5.0-22)
RHEL9
Kernel: Depends on container host
Compiler: gcc 11.5.0 20240719 (Red Hat 11.5.0-2)
Ubuntu 22.04
Kernel: Depends on container host
Compiler: gcc (Ubuntu 11.4.0-1ubuntu1~22.04) 11.4.0
Ubuntu 20.04
Kernel: Depends on container host
Compiler: gcc (Ubuntu 9.4.0-1ubuntu1~20.04.2) 9.4.0
Ubuntu 24.04
Kernel: Depends on container host
Compiler: gcc (Ubuntu 13.3.0-6ubuntu2~24.04) 13.3.0
Windows Server 2022
Kernel: 10.0.20348.2031
Compiler: clang 15.0.7, gcc 14.1.0 (MinGW), and MSVC VS 19.39.33521
To view detailed results, visit:
https://lab.dpdk.org/results/dashboard/patchsets/32545/
UNH-IOL DPDK Community Lab
To manage your email subscriptions, visit:
https://lab.dpdk.org/results/dashboard/preferences/subscriptions/
next prev parent reply other threads:[~2025-02-10 15:16 UTC|newest]
Thread overview: 24+ messages / expand[flat|nested] mbox.gz Atom feed top
[not found] <20250207132016.62482-1-nkaithakadan@marvell.com>
2025-02-10 7:21 ` |SUCCESS| pw151273 [PATCH] examples/ipsec-secgw: fix iv len in ctr 192/256 qemudev
2025-02-10 7:27 ` |FAILURE| " qemudev
2025-02-10 7:56 ` |SUCCESS| " checkpatch
2025-02-10 12:59 ` |SUCCESS| pw151273 [PATCH] examples/ipsec-secgw: fix iv len in ctr 1 dpdklab
2025-02-10 13:14 ` dpdklab
2025-02-10 13:16 ` dpdklab
2025-02-10 13:20 ` dpdklab
2025-02-10 13:25 ` dpdklab
2025-02-10 13:29 ` dpdklab
2025-02-10 13:41 ` |PENDING| " dpdklab
2025-02-10 13:42 ` |SUCCESS| " dpdklab
2025-02-10 13:51 ` |PENDING| " dpdklab
2025-02-10 14:04 ` |SUCCESS| " dpdklab
2025-02-10 14:16 ` dpdklab
2025-02-10 14:25 ` dpdklab
2025-02-10 14:25 ` dpdklab
2025-02-10 14:28 ` |PENDING| " dpdklab
2025-02-10 14:29 ` |SUCCESS| " dpdklab
2025-02-10 14:52 ` |PENDING| " dpdklab
2025-02-10 15:16 ` dpdklab [this message]
2025-02-10 15:38 ` |SUCCESS| " dpdklab
2025-02-10 15:57 ` dpdklab
2025-02-10 15:57 ` dpdklab
2025-02-10 16:08 ` dpdklab
Reply instructions:
You may reply publicly to this message via plain-text email
using any one of the following methods:
* Save the following mbox file, import it into your mail client,
and reply-to-all from there: mbox
Avoid top-posting and favor interleaved quoting:
https://en.wikipedia.org/wiki/Posting_style#Interleaved_style
* Reply using the --to, --cc, and --in-reply-to
switches of git-send-email(1):
git send-email \
--in-reply-to=67aa1852.170a0220.26f185.9213SMTPIN_ADDED_MISSING@mx.google.com \
--to=dpdklab@iol.unh.edu \
--cc=dpdk-test-reports@iol.unh.edu \
--cc=test-report@dpdk.org \
/path/to/YOUR_REPLY
https://kernel.org/pub/software/scm/git/docs/git-send-email.html
* If your mail client supports setting the In-Reply-To header
via mailto: links, try the mailto: link
Be sure your reply has a Subject: header at the top and a blank line
before the message body.
This is a public inbox, see mirroring instructions
for how to clone and mirror all data and code used for this inbox;
as well as URLs for NNTP newsgroup(s).