automatic DPDK test reports
 help / color / mirror / Atom feed
* |SUCCESS| pw151290 [PATCH v6] net: add thread-safe crc api
       [not found] <20250210212710.708809-1-arkadiuszx.kusztal@intel.com>
@ 2025-02-10 21:12 ` qemudev
  2025-02-10 21:17 ` qemudev
                   ` (17 subsequent siblings)
  18 siblings, 0 replies; 19+ messages in thread
From: qemudev @ 2025-02-10 21:12 UTC (permalink / raw)
  To: test-report

Test-Label: loongarch-compilation
Test-Status: SUCCESS
http://dpdk.org/patch/151290

_Compilation OK_

Submitter: Arkadiusz Kusztal <arkadiuszx.kusztal@intel.com>
Date: Mon, 10 Feb 2025 21:27:10 +0000
DPDK git baseline: Repo:dpdk-next-crypto
  Branch: for-main
  CommitID: 7125636162d67b1c40ba6802a3ff4466d125d243

151290 --> meson & ninja build successfully

Test environment and result as below:

+---------------------+----------------+
|     Environment     | compilation    |
+---------------------+----------------+
| Loongnix-Server 8.3 | PASS           |
+---------------------+----------------+

Loongnix-Server 8.3
    Kernel: 4.19.190+
    Compiler: gcc 8.3


^ permalink raw reply	[flat|nested] 19+ messages in thread

* |SUCCESS| pw151290 [PATCH v6] net: add thread-safe crc api
       [not found] <20250210212710.708809-1-arkadiuszx.kusztal@intel.com>
  2025-02-10 21:12 ` |SUCCESS| pw151290 [PATCH v6] net: add thread-safe crc api qemudev
@ 2025-02-10 21:17 ` qemudev
  2025-02-10 21:27 ` |WARNING| " checkpatch
                   ` (16 subsequent siblings)
  18 siblings, 0 replies; 19+ messages in thread
From: qemudev @ 2025-02-10 21:17 UTC (permalink / raw)
  To: test-report

Test-Label: loongarch-unit-testing
Test-Status: SUCCESS
http://dpdk.org/patch/151290

_Unit Testing PASS_

Submitter: Arkadiusz Kusztal <arkadiuszx.kusztal@intel.com>
Date: Mon, 10 Feb 2025 21:27:10 +0000
DPDK git baseline: Repo:dpdk-next-crypto
  Branch: for-main
  CommitID: 7125636162d67b1c40ba6802a3ff4466d125d243

151290 --> testing pass

Test environment and result as below:

+---------------------+----------------+
|     Environment     | dpdk_unit_test |
+---------------------+----------------+
| Loongnix-Server 8.3 | PASS           |
+---------------------+----------------+

Loongnix-Server 8.3
    Kernel: 4.19.190+
    Compiler: gcc 8.3


Test result details:
  1/119 DPDK:fast-tests / acl_autotest                            OK              3.32s
  2/119 DPDK:fast-tests / alarm_autotest                          OK              1.53s
  3/119 DPDK:fast-tests / argparse_autotest                       OK              0.52s
  4/119 DPDK:fast-tests / atomic_autotest                         OK              6.86s
  5/119 DPDK:fast-tests / bitcount_autotest                       OK              0.20s
  6/119 DPDK:fast-tests / bitmap_autotest                         OK              0.20s
  7/119 DPDK:fast-tests / bitops_autotest                         OK              1.70s
  8/119 DPDK:fast-tests / bitratestats_autotest                   OK              0.20s
  9/119 DPDK:fast-tests / bitset_autotest                         OK              2.81s
 10/119 DPDK:fast-tests / bpf_autotest                            OK              0.20s
 11/119 DPDK:fast-tests / bpf_convert_autotest                    OK              0.20s
 12/119 DPDK:fast-tests / byteorder_autotest                      OK              0.20s
 13/119 DPDK:fast-tests / cfgfile_autotest                        OK              0.20s
 14/119 DPDK:fast-tests / cksum_autotest                          OK              0.20s
 15/119 DPDK:fast-tests / cmdline_autotest                        OK              0.20s
 16/119 DPDK:fast-tests / common_autotest                         OK              1.08s
 17/119 DPDK:fast-tests / compressdev_autotest                    SKIP            0.06s   exit status 77
 18/119 DPDK:fast-tests / cpuflags_autotest                       OK              0.20s
 19/119 DPDK:fast-tests / crc_autotest                            OK              0.44s
 20/119 DPDK:fast-tests / user_delay_us                           OK              0.43s
 21/119 DPDK:fast-tests / debug_autotest                          OK             15.53s
 22/119 DPDK:fast-tests / devargs_autotest                        OK              0.48s
 23/119 DPDK:fast-tests / dispatcher_autotest                     OK              2.52s
 24/119 DPDK:fast-tests / distributor_autotest                    OK              1.20s
 25/119 DPDK:fast-tests / eal_flags_c_opt_autotest                OK              0.83s
 26/119 DPDK:fast-tests / eal_flags_main_opt_autotest             OK              0.23s
 27/119 DPDK:fast-tests / eal_flags_n_opt_autotest                OK              0.21s
 28/119 DPDK:fast-tests / eal_flags_hpet_autotest                 OK              0.14s
 29/119 DPDK:fast-tests / eal_flags_no_huge_autotest              OK              0.23s
 30/119 DPDK:fast-tests / eal_flags_a_opt_autotest                OK              0.31s
 31/119 DPDK:fast-tests / eal_flags_b_opt_autotest                OK              0.26s
 32/119 DPDK:fast-tests / eal_flags_vdev_opt_autotest             OK              0.20s
 33/119 DPDK:fast-tests / eal_flags_r_opt_autotest                OK              0.20s
 34/119 DPDK:fast-tests / eal_flags_mem_autotest                  OK              0.61s
 35/119 DPDK:fast-tests / eal_flags_file_prefix_autotest          OK             22.26s
 36/119 DPDK:fast-tests / eal_flags_misc_autotest                 OK              1.08s
 37/119 DPDK:fast-tests / eal_fs_autotest                         OK              0.43s
 38/119 DPDK:fast-tests / errno_autotest                          OK              0.43s
 39/119 DPDK:fast-tests / ethdev_link_status                      OK              0.43s
 40/119 DPDK:fast-tests / event_eth_tx_adapter_autotest           OK              1.69s
 41/119 DPDK:fast-tests / event_ring_autotest                     OK              0.43s
 42/119 DPDK:fast-tests / eventdev_common_autotest                OK              0.43s
 43/119 DPDK:fast-tests / eventdev_selftest_sw                    OK              7.20s
 44/119 DPDK:fast-tests / fbarray_autotest                        OK              0.43s
 45/119 DPDK:fast-tests / fib_autotest                            OK              1.26s
 46/119 DPDK:fast-tests / fib6_autotest                           OK              1.06s
 47/119 DPDK:fast-tests / func_reentrancy_autotest                OK              2.19s
 48/119 DPDK:fast-tests / graph_autotest                          OK              0.43s
 49/119 DPDK:fast-tests / node_list_dump                          OK              0.53s
 50/119 DPDK:fast-tests / hash_autotest                           OK              1.05s
 51/119 DPDK:fast-tests / hash_readwrite_func_autotest            OK              6.44s
 52/119 DPDK:fast-tests / interrupt_autotest                      OK              1.73s
 53/119 DPDK:fast-tests / ipfrag_autotest                         OK              0.08s
 54/119 DPDK:fast-tests / ipsec_autotest                          SKIP            0.43s   exit status 77
 55/119 DPDK:fast-tests / kvargs_autotest                         OK              0.43s
 56/119 DPDK:fast-tests / latencystats_autotest                   OK              0.43s
 57/119 DPDK:fast-tests / lcore_var_autotest                      OK              0.58s
 58/119 DPDK:fast-tests / lcores_autotest                         OK              5.24s
 59/119 DPDK:fast-tests / logs_autotest                           OK              0.43s
 60/119 DPDK:fast-tests / lpm_autotest                            OK              2.50s
 61/119 DPDK:fast-tests / lpm6_autotest                           OK              5.66s
 62/119 DPDK:fast-tests / malloc_autotest                         OK             61.20s
 63/119 DPDK:fast-tests / mbuf_autotest                           OK              4.86s
 64/119 DPDK:fast-tests / mcslock_autotest                        OK              3.27s
 65/119 DPDK:fast-tests / member_autotest                         OK              1.62s
 66/119 DPDK:fast-tests / memcpy_autotest                         OK              6.80s
 67/119 DPDK:fast-tests / memory_autotest                         OK              0.10s
 68/119 DPDK:fast-tests / mempool_autotest                        OK              0.44s
 69/119 DPDK:fast-tests / memzone_autotest                        OK              0.14s
 70/119 DPDK:fast-tests / meter_autotest                          OK              0.42s
 71/119 DPDK:fast-tests / metrics_autotest                        OK              0.43s
 72/119 DPDK:fast-tests / multiprocess_autotest                   OK              0.20s
 73/119 DPDK:fast-tests / net_ether_autotest                      OK              1.09s
 74/119 DPDK:fast-tests / net_ipv6_autotest                       OK              0.43s
 75/119 DPDK:fast-tests / pcapng_autotest                         OK              7.26s
 76/119 DPDK:fast-tests / pdcp_autotest                           SKIP            0.07s   exit status 77
 77/119 DPDK:fast-tests / pdump_autotest                          OK              0.53s
 78/119 DPDK:fast-tests / per_lcore_autotest                      OK              0.53s
 79/119 DPDK:fast-tests / pflock_autotest                         OK              1.34s
 80/119 DPDK:fast-tests / pie_autotest                            OK              0.43s
 81/119 DPDK:fast-tests / ring_pmd_autotest                       OK              0.43s
 82/119 DPDK:fast-tests / power_autotest                          OK              0.43s
 83/119 DPDK:fast-tests / power_cpufreq_autotest                  SKIP            0.07s   exit status 77
 84/119 DPDK:fast-tests / power_intel_uncore_autotest             SKIP            0.42s   exit status 77
 85/119 DPDK:fast-tests / power_kvm_vm_autotest                   SKIP            0.07s   exit status 77
 86/119 DPDK:fast-tests / prefetch_autotest                       OK              0.31s
 87/119 DPDK:fast-tests / ptr_compress_autotest                   OK              0.41s
 88/119 DPDK:fast-tests / rawdev_autotest                         OK              0.42s
 89/119 DPDK:fast-tests / rcu_qsbr_autotest                       OK              0.93s
 90/119 DPDK:fast-tests / reorder_autotest                        OK              0.47s
 91/119 DPDK:fast-tests / rib_autotest                            OK              9.08s
 92/119 DPDK:fast-tests / rib6_autotest                           OK              9.05s
 93/119 DPDK:fast-tests / ring_autotest                           OK              0.44s
 94/119 DPDK:fast-tests / rwlock_test1_autotest                   OK              1.16s
 95/119 DPDK:fast-tests / rwlock_rda_autotest                     OK              5.41s
 96/119 DPDK:fast-tests / rwlock_rds_wrm_autotest                 OK              5.41s
 97/119 DPDK:fast-tests / rwlock_rde_wro_autotest                 OK              5.41s
 98/119 DPDK:fast-tests / sched_autotest                          OK              0.42s
 99/119 DPDK:fast-tests / security_autotest                       OK              0.07s
100/119 DPDK:fast-tests / seqlock_autotest                        OK              2.43s
101/119 DPDK:fast-tests / service_autotest                        OK              3.13s
102/119 DPDK:fast-tests / soring_autotest                         OK              0.43s
103/119 DPDK:fast-tests / spinlock_autotest                       OK              0.51s
104/119 DPDK:fast-tests / stack_autotest                          OK              0.87s
105/119 DPDK:fast-tests / stack_lf_autotest                       SKIP            0.06s   exit status 77
106/119 DPDK:fast-tests / string_autotest                         OK              0.43s
107/119 DPDK:fast-tests / table_autotest                          OK              7.95s
108/119 DPDK:fast-tests / tailq_autotest                          OK              0.42s
109/119 DPDK:fast-tests / telemetry_data_autotest                 OK              0.43s
110/119 DPDK:fast-tests / telemetry_json_autotest                 OK              0.43s
111/119 DPDK:fast-tests / thash_autotest                          OK              0.44s
112/119 DPDK:fast-tests / threads_autotest                        OK              0.60s
113/119 DPDK:fast-tests / ticketlock_autotest                     OK              0.58s
114/119 DPDK:fast-tests / timer_autotest                          OK              3.94s
115/119 DPDK:fast-tests / trace_autotest                          OK              0.42s
116/119 DPDK:fast-tests / trace_autotest_with_traces              OK              0.43s
117/119 DPDK:fast-tests / vdev_autotest                           OK              0.43s
118/119 DPDK:fast-tests / version_autotest                        OK              0.43s
119/119 DPDK:fast-tests / telemetry_all                           OK              1.35s


Ok:                 112
Expected Fail:      0
Fail:               0
Unexpected Pass:    0
Skipped:            7
Timeout:            0


^ permalink raw reply	[flat|nested] 19+ messages in thread

* |WARNING| pw151290 [PATCH v6] net: add thread-safe crc api
       [not found] <20250210212710.708809-1-arkadiuszx.kusztal@intel.com>
  2025-02-10 21:12 ` |SUCCESS| pw151290 [PATCH v6] net: add thread-safe crc api qemudev
  2025-02-10 21:17 ` qemudev
@ 2025-02-10 21:27 ` checkpatch
  2025-02-10 22:24 ` |FAILURE| " 0-day Robot
                   ` (15 subsequent siblings)
  18 siblings, 0 replies; 19+ messages in thread
From: checkpatch @ 2025-02-10 21:27 UTC (permalink / raw)
  To: test-report; +Cc: Arkadiusz Kusztal

Test-Label: checkpatch
Test-Status: WARNING
http://dpdk.org/patch/151290

_coding style issues_


ERROR: symbol rte_net_crc_calc is added in the DPDK_26 section, but is expected to be added in the EXPERIMENTAL section of the version map
ERROR: symbol rte_net_crc_free is added in the DPDK_25 section, but is expected to be added in the EXPERIMENTAL section of the version map
ERROR: symbol rte_net_crc_set_alg is added in the DPDK_26 section, but is expected to be added in the EXPERIMENTAL section of the version map

^ permalink raw reply	[flat|nested] 19+ messages in thread

* |FAILURE| pw151290 [PATCH v6] net: add thread-safe crc api
       [not found] <20250210212710.708809-1-arkadiuszx.kusztal@intel.com>
                   ` (2 preceding siblings ...)
  2025-02-10 21:27 ` |WARNING| " checkpatch
@ 2025-02-10 22:24 ` 0-day Robot
  2025-02-11  1:10 ` |SUCCESS| pw151290 [PATCH] [v6] " dpdklab
                   ` (14 subsequent siblings)
  18 siblings, 0 replies; 19+ messages in thread
From: 0-day Robot @ 2025-02-10 22:24 UTC (permalink / raw)
  To: test-report; +Cc: arkadiuszx.kusztal, robot

From: robot@bytheb.org

Test-Label: github-robot: build
Test-Status: FAILURE
http://patchwork.dpdk.org/patch/151290/

_github build: failed_
Build URL: https://github.com/ovsrobot/dpdk/actions/runs/13251084836
Build Logs:
-----------------------Summary of failed steps-----------------------
"ubuntu-22.04-gcc-mini" failed at step Build and test
"ubuntu-22.04-gcc-abi+debug+doc+examples+tests" failed at step Build and test
"ubuntu-22.04-clang-asan+doc+tests" failed at step Build and test
"ubuntu-22.04-gcc-static-i386" failed at step Build and test
"ubuntu-22.04-gcc-static-mingw" failed at step Build and test
"ubuntu-22.04-gcc-shared-aarch64" failed at step Build and test
"ubuntu-22.04-gcc-ppc64le" failed at step Build and test
"ubuntu-22.04-gcc-riscv64" failed at step Build and test
"fedora:39-gcc" failed at step Build
"fedora:39-clang" failed at step Build
----------------------End summary of failed steps--------------------

-------------------------------BEGIN LOGS----------------------------
####################################################################################
#### [Begin job log] "ubuntu-22.04-gcc-mini" at step Build and test
####################################################################################
      |         ^~~~~~~~~~~~
/home/runner/work/dpdk/dpdk/lib/net/rte_net_crc.h:61:53: error: expected ‘)’ before numeric constant
   61 |         __rte_malloc __rte_dealloc(rte_net_crc_free, 1);
      |                                                     ^~
      |                                                     )
/home/runner/work/dpdk/dpdk/lib/net/rte_net_crc.h:60:1: error: old-style parameter declarations in prototyped function definition
   60 | rte_net_crc_set_alg(enum rte_net_crc_alg alg, enum rte_net_crc_type type)
      | ^~~~~~~~~~~~~~~~~~~
buildtools/chkincs/chkincs.p/rte_net_crc.c:3: error: expected ‘{’ at end of input
In file included from buildtools/chkincs/chkincs.p/rte_net_crc.c:1:
/home/runner/work/dpdk/dpdk/lib/net/rte_net_crc.h:60:42: error: unused parameter ‘alg’ [-Werror=unused-parameter]
   60 | rte_net_crc_set_alg(enum rte_net_crc_alg alg, enum rte_net_crc_type type)
      |                     ~~~~~~~~~~~~~~~~~~~~~^~~
/home/runner/work/dpdk/dpdk/lib/net/rte_net_crc.h:60:69: error: unused parameter ‘type’ [-Werror=unused-parameter]
   60 | rte_net_crc_set_alg(enum rte_net_crc_alg alg, enum rte_net_crc_type type)
      |                                               ~~~~~~~~~~~~~~~~~~~~~~^~~~
buildtools/chkincs/chkincs.p/rte_net_crc.c:3: error: control reaches end of non-void function [-Werror=return-type]
cc1: all warnings being treated as errors
[629/2123] Compiling C object buildtools/chkincs/chkincs.p/meson-generated_rte_mpls.c.o
[630/2123] Compiling C object buildtools/chkincs/chkincs.p/meson-generated_rte_arp.c.o
[631/2123] Compiling C object buildtools/chkincs/chkincs.p/meson-generated_rte_ether.c.o
[632/2123] Compiling C object buildtools/chkincs/chkincs.p/meson-generated_rte_net.c.o
[633/2123] Compiling C object app/dpdk-test.p/test_test_memcpy_perf.c.o
ninja: build stopped: subcommand failed.
##[error]Process completed with exit code 1.
####################################################################################
#### [End job log] "ubuntu-22.04-gcc-mini" at step Build and test
####################################################################################




####################################################################################
#### [Begin job log] "ubuntu-22.04-gcc-abi+debug+doc+examples+tests" at step Build and test
####################################################################################
      |         ^~~~~~~~~~~~
/home/runner/work/dpdk/dpdk/lib/net/rte_net_crc.h:61:53: error: expected ‘)’ before numeric constant
   61 |         __rte_malloc __rte_dealloc(rte_net_crc_free, 1);
      |                                                     ^~
      |                                                     )
/home/runner/work/dpdk/dpdk/lib/net/rte_net_crc.h:60:1: error: old-style parameter declarations in prototyped function definition
   60 | rte_net_crc_set_alg(enum rte_net_crc_alg alg, enum rte_net_crc_type type)
      | ^~~~~~~~~~~~~~~~~~~
buildtools/chkincs/chkincs.p/rte_net_crc.c:3: error: expected ‘{’ at end of input
In file included from buildtools/chkincs/chkincs.p/rte_net_crc.c:1:
/home/runner/work/dpdk/dpdk/lib/net/rte_net_crc.h:60:42: error: unused parameter ‘alg’ [-Werror=unused-parameter]
   60 | rte_net_crc_set_alg(enum rte_net_crc_alg alg, enum rte_net_crc_type type)
      |                     ~~~~~~~~~~~~~~~~~~~~~^~~
/home/runner/work/dpdk/dpdk/lib/net/rte_net_crc.h:60:69: error: unused parameter ‘type’ [-Werror=unused-parameter]
   60 | rte_net_crc_set_alg(enum rte_net_crc_alg alg, enum rte_net_crc_type type)
      |                                               ~~~~~~~~~~~~~~~~~~~~~~^~~~
buildtools/chkincs/chkincs.p/rte_net_crc.c:3: error: control reaches end of non-void function [-Werror=return-type]
cc1: all warnings being treated as errors
[3671/6688] Compiling C object buildtools/chkincs/chkincs.p/meson-generated_rte_ip4.c.o
[3672/6688] Compiling C object buildtools/chkincs/chkincs.p/meson-generated_rte_ip6.c.o
[3673/6688] Compiling C object buildtools/chkincs/chkincs.p/meson-generated_rte_arp.c.o
[3674/6688] Compiling C object buildtools/chkincs/chkincs.p/meson-generated_rte_ether.c.o
[3675/6688] Linking target app/dpdk-test
ninja: build stopped: subcommand failed.
##[error]Process completed with exit code 1.
####################################################################################
#### [End job log] "ubuntu-22.04-gcc-abi+debug+doc+examples+tests" at step Build and test
####################################################################################




####################################################################################
#### [Begin job log] "ubuntu-22.04-clang-asan+doc+tests" at step Build and test
####################################################################################
[3669/6688] Compiling C object buildtools/chkincs/chkincs.p/meson-generated_rte_sctp.c.o
[3670/6688] Compiling C object buildtools/chkincs/chkincs.p/meson-generated_rte_ip6.c.o
[3671/6688] Compiling C object buildtools/chkincs/chkincs.p/meson-generated_rte_gtp.c.o
[3672/6688] Compiling C object buildtools/chkincs/chkincs.p/meson-generated_rte_macsec.c.o
[3673/6688] Compiling C object buildtools/chkincs/chkincs.p/meson-generated_rte_vxlan.c.o
[3674/6688] Compiling C object buildtools/chkincs/chkincs.p/meson-generated_rte_gre.c.o
[3675/6688] Compiling C object buildtools/chkincs/chkincs.p/meson-generated_rte_arp.c.o
[3676/6688] Compiling C object buildtools/chkincs/chkincs.p/meson-generated_rte_pdcp_hdr.c.o
[3677/6688] Compiling C object buildtools/chkincs/chkincs.p/meson-generated_rte_mpls.c.o
[3678/6688] Compiling C object buildtools/chkincs/chkincs.p/meson-generated_rte_geneve.c.o
[3679/6688] Compiling C object buildtools/chkincs/chkincs.p/meson-generated_rte_net_crc.c.o
FAILED: buildtools/chkincs/chkincs.p/meson-generated_rte_net_crc.c.o 
ccache clang -Ibuildtools/chkincs/chkincs.p -Ibuildtools/chkincs -I../buildtools/chkincs -Iexamples/l3fwd -I../examples/l3fwd -I../examples/common -Idrivers/bus/vdev -I../drivers/bus/vdev -I. -I.. -Iconfig -I../config -Ilib/eal/include -I../lib/eal/include -Ilib/eal/linux/include -I../lib/eal/linux/include -Ilib/eal/x86/include -I../lib/eal/x86/include -I../kernel/linux -Ilib/eal/common -I../lib/eal/common -Ilib/eal -I../lib/eal -Ilib/kvargs -I../lib/kvargs -Ilib/log -I../lib/log -Ilib/metrics -I../lib/metrics -Ilib/telemetry -I../lib/telemetry -Idrivers/bus/pci -I../drivers/bus/pci -I../drivers/bus/pci/linux -Ilib/pci -I../lib/pci -Idrivers/bus/vmbus -I../drivers/bus/vmbus -I../drivers/bus/vmbus/linux -Ilib/argparse -I../lib/argparse -Ilib/ptr_compress -I../lib/ptr_compress -Ilib/ring -I../lib/ring -Ilib/rcu -I../lib/rcu -Ilib/mempool -I../lib/mempool -Ilib/mbuf -I../lib/mbuf -Ilib/net -I../lib/net -Ilib/meter -I../lib/meter -Ilib/ethdev -I../lib/ethdev -Ilib/cmdline -I../lib/cmdline -Ilib/hash -I../lib/hash -Ilib/timer -I../lib/timer -Ilib/acl -I../lib/acl -Ilib/bbdev -I../lib/bbdev -Ilib/bitratestats -I../lib/bitratestats -Ilib/bpf -I../lib/bpf -Ilib/cfgfile -I../lib/cfgfile -Ilib/compressdev -I../lib/compressdev -Ilib/cryptodev -I../lib/cryptodev -Ilib/distributor -I../lib/distributor -Ilib/dmadev -I../lib/dmadev -Ilib/efd -I../lib/efd -Ilib/eventdev -I../lib/eventdev -Ilib/dispatcher -I../lib/dispatcher -Ilib/gpudev -I../lib/gpudev -Ilib/gro -I../lib/gro -Ilib/gso -I../lib/gso -Ilib/ip_frag -I../lib/ip_frag -Ilib/jobstats -I../lib/jobstats -Ilib/latencystats -I../lib/latencystats -Ilib/lpm -I../lib/lpm -Ilib/member -I../lib/member -Ilib/pcapng -I../lib/pcapng -Ilib/power -I../lib/power -Ilib/rawdev -I../lib/rawdev -Ilib/regexdev -I../lib/regexdev -Ilib/mldev -I../lib/mldev -Ilib/rib -I../lib/rib -Ilib/reorder -I../lib/reorder -Ilib/sched -I../lib/sched -Ilib/security -I../lib/security -Ilib/stack -I../lib/stack -Ilib/vhost -I../lib/vhost -Ilib/ipsec -I../lib/ipsec -Ilib/pdcp -I../lib/pdcp -Ilib/fib -I../lib/fib -Ilib/port -I../lib/port -Ilib/pdump -I../lib/pdump -Ilib/table -I../lib/table -Ilib/pipeline -I../lib/pipeline -Ilib/graph -I../lib/graph -Ilib/node -I../lib/node -Xclang -fcolor-diagnostics -fsanitize=address -fno-omit-frame-pointer -pipe -D_FILE_OFFSET_BITS=64 -Wall -Winvalid-pch -Wextra -Werror -std=c11 -O2 -g -include rte_config.h -Wvla -Wcast-qual -Wdeprecated -Wformat -Wformat-nonliteral -Wformat-security -Wmissing-declarations -Wmissing-prototypes -Wnested-externs -Wold-style-definition -Wpointer-arith -Wsign-compare -Wstrict-prototypes -Wundef -Wwrite-strings -Wno-missing-field-initializers -D_GNU_SOURCE -march=corei7 -mrtm -Wno-vla -MD -MQ buildtools/chkincs/chkincs.p/meson-generated_rte_net_crc.c.o -MF buildtools/chkincs/chkincs.p/meson-generated_rte_net_crc.c.o.d -o buildtools/chkincs/chkincs.p/meson-generated_rte_net_crc.c.o -c buildtools/chkincs/chkincs.p/rte_net_crc.c
In file included from buildtools/chkincs/chkincs.p/rte_net_crc.c:1:
/home/runner/work/dpdk/dpdk/lib/net/rte_net_crc.h:61:2: error: expected function body after function declarator
        __rte_malloc __rte_dealloc(rte_net_crc_free, 1);
        ^
1 error generated.
[3680/6688] Compiling C object buildtools/chkincs/chkincs.p/meson-generated_rte_ecpri.c.o
[3681/6688] Compiling C object buildtools/chkincs/chkincs.p/meson-generated_rte_higig.c.o
[3682/6688] Compiling C object buildtools/chkincs/chkincs.p/meson-generated_rte_net.c.o
[3683/6688] Compiling C object buildtools/chkincs/chkincs.p/meson-generated_rte_ether.c.o
[3684/6688] Linking target app/dpdk-test
ninja: build stopped: subcommand failed.
##[error]Process completed with exit code 1.
####################################################################################
#### [End job log] "ubuntu-22.04-clang-asan+doc+tests" at step Build and test
####################################################################################




####################################################################################
#### [Begin job log] "ubuntu-22.04-gcc-static-i386" at step Build and test
####################################################################################
      |         ^~~~~~~~~~~~
/home/runner/work/dpdk/dpdk/lib/net/rte_net_crc.h:61:53: error: expected ‘)’ before numeric constant
   61 |         __rte_malloc __rte_dealloc(rte_net_crc_free, 1);
      |                                                     ^~
      |                                                     )
/home/runner/work/dpdk/dpdk/lib/net/rte_net_crc.h:60:1: error: old-style parameter declarations in prototyped function definition
   60 | rte_net_crc_set_alg(enum rte_net_crc_alg alg, enum rte_net_crc_type type)
      | ^~~~~~~~~~~~~~~~~~~
buildtools/chkincs/chkincs.p/rte_net_crc.c:3: error: expected ‘{’ at end of input
In file included from buildtools/chkincs/chkincs.p/rte_net_crc.c:1:
/home/runner/work/dpdk/dpdk/lib/net/rte_net_crc.h:60:42: error: unused parameter ‘alg’ [-Werror=unused-parameter]
   60 | rte_net_crc_set_alg(enum rte_net_crc_alg alg, enum rte_net_crc_type type)
      |                     ~~~~~~~~~~~~~~~~~~~~~^~~
/home/runner/work/dpdk/dpdk/lib/net/rte_net_crc.h:60:69: error: unused parameter ‘type’ [-Werror=unused-parameter]
   60 | rte_net_crc_set_alg(enum rte_net_crc_alg alg, enum rte_net_crc_type type)
      |                                               ~~~~~~~~~~~~~~~~~~~~~~^~~~
buildtools/chkincs/chkincs.p/rte_net_crc.c:3: error: control reaches end of non-void function [-Werror=return-type]
cc1: all warnings being treated as errors
[2678/5621] Compiling C object buildtools/chkincs/chkincs.p/meson-generated_rte_mpls.c.o
[2679/5621] Compiling C object buildtools/chkincs/chkincs.p/meson-generated_rte_higig.c.o
[2680/5621] Compiling C object buildtools/chkincs/chkincs.p/meson-generated_rte_net.c.o
[2681/5621] Compiling C object buildtools/chkincs/chkincs.p/meson-generated_rte_ether.c.o
[2682/5621] Compiling C object app/dpdk-test.p/test_test_memcpy_perf.c.o
ninja: build stopped: subcommand failed.
##[error]Process completed with exit code 1.
####################################################################################
#### [End job log] "ubuntu-22.04-gcc-static-i386" at step Build and test
####################################################################################




####################################################################################
#### [Begin job log] "ubuntu-22.04-gcc-static-mingw" at step Build and test
####################################################################################
      |  ^~~~~~~~~~~~
/home/runner/work/dpdk/dpdk/lib/net/rte_net_crc.h:61:46: error: expected ‘)’ before numeric constant
   61 |  __rte_malloc __rte_dealloc(rte_net_crc_free, 1);
      |                                              ^~
      |                                              )
/home/runner/work/dpdk/dpdk/lib/net/rte_net_crc.h:60:1: error: old-style parameter declarations in prototyped function definition
   60 | rte_net_crc_set_alg(enum rte_net_crc_alg alg, enum rte_net_crc_type type)
      | ^~~~~~~~~~~~~~~~~~~
buildtools/chkincs/chkincs.exe.p/rte_net_crc.c:2: error: expected ‘{’ at end of input
In file included from buildtools/chkincs/chkincs.exe.p/rte_net_crc.c:1:
/home/runner/work/dpdk/dpdk/lib/net/rte_net_crc.h:60:42: error: unused parameter ‘alg’ [-Werror=unused-parameter]
   60 | rte_net_crc_set_alg(enum rte_net_crc_alg alg, enum rte_net_crc_type type)
      |                     ~~~~~~~~~~~~~~~~~~~~~^~~
/home/runner/work/dpdk/dpdk/lib/net/rte_net_crc.h:60:69: error: unused parameter ‘type’ [-Werror=unused-parameter]
   60 | rte_net_crc_set_alg(enum rte_net_crc_alg alg, enum rte_net_crc_type type)
      |                                               ~~~~~~~~~~~~~~~~~~~~~~^~~~
buildtools/chkincs/chkincs.exe.p/rte_net_crc.c:2: error: control reaches end of non-void function [-Werror=return-type]
cc1: all warnings being treated as errors
[1138/3003] Compiling C object buildtools/chkincs/chkincs.exe.p/meson-generated_rte_ip.c.obj
[1139/3003] Compiling C object buildtools/chkincs/chkincs.exe.p/meson-generated_rte_mpls.c.obj
[1140/3003] Compiling C object buildtools/chkincs/chkincs.exe.p/meson-generated_rte_ip4.c.obj
[1141/3003] Compiling C object buildtools/chkincs/chkincs.exe.p/meson-generated_rte_ip6.c.obj
[1142/3003] Compiling C object buildtools/chkincs/chkincs.exe.p/meson-generated_rte_net.c.obj
ninja: build stopped: subcommand failed.
##[error]Process completed with exit code 1.
####################################################################################
#### [End job log] "ubuntu-22.04-gcc-static-mingw" at step Build and test
####################################################################################




####################################################################################
#### [Begin job log] "ubuntu-22.04-gcc-shared-aarch64" at step Build and test
####################################################################################
      |         ^~~~~~~~~~~~
/home/runner/work/dpdk/dpdk/lib/net/rte_net_crc.h:61:53: error: expected ‘)’ before numeric constant
   61 |         __rte_malloc __rte_dealloc(rte_net_crc_free, 1);
      |                                                     ^~
      |                                                     )
/home/runner/work/dpdk/dpdk/lib/net/rte_net_crc.h:60:1: error: old-style parameter declarations in prototyped function definition
   60 | rte_net_crc_set_alg(enum rte_net_crc_alg alg, enum rte_net_crc_type type)
      | ^~~~~~~~~~~~~~~~~~~
buildtools/chkincs/chkincs.p/rte_net_crc.c:3: error: expected ‘{’ at end of input
In file included from buildtools/chkincs/chkincs.p/rte_net_crc.c:1:
/home/runner/work/dpdk/dpdk/lib/net/rte_net_crc.h:60:42: error: unused parameter ‘alg’ [-Werror=unused-parameter]
   60 | rte_net_crc_set_alg(enum rte_net_crc_alg alg, enum rte_net_crc_type type)
      |                     ~~~~~~~~~~~~~~~~~~~~~^~~
/home/runner/work/dpdk/dpdk/lib/net/rte_net_crc.h:60:69: error: unused parameter ‘type’ [-Werror=unused-parameter]
   60 | rte_net_crc_set_alg(enum rte_net_crc_alg alg, enum rte_net_crc_type type)
      |                                               ~~~~~~~~~~~~~~~~~~~~~~^~~~
buildtools/chkincs/chkincs.p/rte_net_crc.c:3: error: control reaches end of non-void function [-Werror=return-type]
cc1: all warnings being treated as errors
[3784/6654] Compiling C object buildtools/chkincs/chkincs.p/meson-generated_rte_ecpri.c.o
[3785/6654] Compiling C object buildtools/chkincs/chkincs.p/meson-generated_rte_higig.c.o
[3786/6654] Compiling C object buildtools/chkincs/chkincs.p/meson-generated_rte_cman.c.o
[3787/6654] Compiling C object buildtools/chkincs/chkincs.p/meson-generated_rte_ppp.c.o
[3788/6654] Compiling C object buildtools/chkincs/chkincs.p/meson-generated_rte_ethdev.c.o
ninja: build stopped: subcommand failed.
##[error]Process completed with exit code 1.
####################################################################################
#### [End job log] "ubuntu-22.04-gcc-shared-aarch64" at step Build and test
####################################################################################




####################################################################################
#### [Begin job log] "ubuntu-22.04-gcc-ppc64le" at step Build and test
####################################################################################
      |         ^~~~~~~~~~~~
/home/runner/work/dpdk/dpdk/lib/net/rte_net_crc.h:61:53: error: expected ‘)’ before numeric constant
   61 |         __rte_malloc __rte_dealloc(rte_net_crc_free, 1);
      |                                                     ^~
      |                                                     )
/home/runner/work/dpdk/dpdk/lib/net/rte_net_crc.h:60:1: error: old-style parameter declarations in prototyped function definition
   60 | rte_net_crc_set_alg(enum rte_net_crc_alg alg, enum rte_net_crc_type type)
      | ^~~~~~~~~~~~~~~~~~~
buildtools/chkincs/chkincs.p/rte_net_crc.c:3: error: expected ‘{’ at end of input
In file included from buildtools/chkincs/chkincs.p/rte_net_crc.c:1:
/home/runner/work/dpdk/dpdk/lib/net/rte_net_crc.h:60:42: error: unused parameter ‘alg’ [-Werror=unused-parameter]
   60 | rte_net_crc_set_alg(enum rte_net_crc_alg alg, enum rte_net_crc_type type)
      |                     ~~~~~~~~~~~~~~~~~~~~~^~~
/home/runner/work/dpdk/dpdk/lib/net/rte_net_crc.h:60:69: error: unused parameter ‘type’ [-Werror=unused-parameter]
   60 | rte_net_crc_set_alg(enum rte_net_crc_alg alg, enum rte_net_crc_type type)
      |                                               ~~~~~~~~~~~~~~~~~~~~~~^~~~
buildtools/chkincs/chkincs.p/rte_net_crc.c:3: error: control reaches end of non-void function [-Werror=return-type]
cc1: all warnings being treated as errors
[3040/5925] Compiling C object buildtools/chkincs/chkincs.p/meson-generated_rte_macsec.c.o
[3041/5925] Compiling C object buildtools/chkincs/chkincs.p/meson-generated_rte_gtp.c.o
[3042/5925] Compiling C object buildtools/chkincs/chkincs.p/meson-generated_rte_gre.c.o
[3043/5925] Compiling C object buildtools/chkincs/chkincs.p/meson-generated_rte_net.c.o
[3044/5925] Linking target app/dpdk-test
ninja: build stopped: subcommand failed.
##[error]Process completed with exit code 1.
####################################################################################
#### [End job log] "ubuntu-22.04-gcc-ppc64le" at step Build and test
####################################################################################




####################################################################################
#### [Begin job log] "ubuntu-22.04-gcc-riscv64" at step Build and test
####################################################################################
      |         ^~~~~~~~~~~~
/home/runner/work/dpdk/dpdk/lib/net/rte_net_crc.h:61:53: error: expected ‘)’ before numeric constant
   61 |         __rte_malloc __rte_dealloc(rte_net_crc_free, 1);
      |                                                     ^~
      |                                                     )
/home/runner/work/dpdk/dpdk/lib/net/rte_net_crc.h:60:1: error: old-style parameter declarations in prototyped function definition
   60 | rte_net_crc_set_alg(enum rte_net_crc_alg alg, enum rte_net_crc_type type)
      | ^~~~~~~~~~~~~~~~~~~
buildtools/chkincs/chkincs.p/rte_net_crc.c:3: error: expected ‘{’ at end of input
In file included from buildtools/chkincs/chkincs.p/rte_net_crc.c:1:
/home/runner/work/dpdk/dpdk/lib/net/rte_net_crc.h:60:42: error: unused parameter ‘alg’ [-Werror=unused-parameter]
   60 | rte_net_crc_set_alg(enum rte_net_crc_alg alg, enum rte_net_crc_type type)
      |                     ~~~~~~~~~~~~~~~~~~~~~^~~
/home/runner/work/dpdk/dpdk/lib/net/rte_net_crc.h:60:69: error: unused parameter ‘type’ [-Werror=unused-parameter]
   60 | rte_net_crc_set_alg(enum rte_net_crc_alg alg, enum rte_net_crc_type type)
      |                                               ~~~~~~~~~~~~~~~~~~~~~~^~~~
buildtools/chkincs/chkincs.p/rte_net_crc.c:3: error: control reaches end of non-void function [-Werror=return-type]
cc1: all warnings being treated as errors
[2993/5896] Compiling C object buildtools/chkincs/chkincs.p/meson-generated_rte_mpls.c.o
[2994/5896] Compiling C object buildtools/chkincs/chkincs.p/meson-generated_rte_gre.c.o
[2995/5896] Compiling C object buildtools/chkincs/chkincs.p/meson-generated_rte_vxlan.c.o
[2996/5896] Compiling C object buildtools/chkincs/chkincs.p/meson-generated_rte_arp.c.o
[2997/5896] Linking target app/dpdk-test
ninja: build stopped: subcommand failed.
##[error]Process completed with exit code 1.
####################################################################################
#### [End job log] "ubuntu-22.04-gcc-riscv64" at step Build and test
####################################################################################




####################################################################################
#### [Begin job log] "fedora:39-gcc" at step Build
####################################################################################
####################################################################################
#### [End job log] "fedora:39-gcc" at step Build
####################################################################################




####################################################################################
#### [Begin job log] "fedora:39-clang" at step Build
####################################################################################
####################################################################################
#### [End job log] "fedora:39-clang" at step Build
####################################################################################
--------------------------------END LOGS-----------------------------

^ permalink raw reply	[flat|nested] 19+ messages in thread

* |SUCCESS| pw151290 [PATCH] [v6] net: add thread-safe crc api
       [not found] <20250210212710.708809-1-arkadiuszx.kusztal@intel.com>
                   ` (3 preceding siblings ...)
  2025-02-10 22:24 ` |FAILURE| " 0-day Robot
@ 2025-02-11  1:10 ` dpdklab
  2025-02-11  1:18 ` dpdklab
                   ` (13 subsequent siblings)
  18 siblings, 0 replies; 19+ messages in thread
From: dpdklab @ 2025-02-11  1:10 UTC (permalink / raw)
  To: Test Report; +Cc: dpdk-test-reports

Test-Label: iol-broadcom-Performance
Test-Status: SUCCESS
http://dpdk.org/patch/151290

_Performance Testing PASS_

Submitter: Kusztal, ArkadiuszX <arkadiuszx.kusztal@intel.com>
Date: Monday, February 10 2025 21:27:10 
DPDK git baseline: Repo:dpdk
  Branch: master
  CommitID:7125636162d67b1c40ba6802a3ff4466d125d243

151290 --> performance testing pass

Upstream job id: Template-DTS-Pipeline#212066

Test environment and result as below:

Ubuntu 22.04
Kernel: 5.15.0-100-generic
Compiler: gcc (Ubuntu 11.4.0-1ubuntu1~22.04) 11.4.0
NIC: Broadcom Inc. and subsidiaries BCM57414 NetXtreme-E 10Gb/25Gb RDMA Ethernet Controller 16d7 25 Mbps
Fail/Total: 0/3

Detail performance results: 
+------------+---------+----------+-------------+------------------------------+
| frame_size | txd/rxd | num_cpus | num_threads |  throughput difference from  |
|            |         |          |             |           expected           |
+============+=========+==========+=============+==============================+
| 64         | 128     | 1        | 1           | -1.4%                        |
+------------+---------+----------+-------------+------------------------------+
| 64         | 512     | 1        | 1           | 0.8%                         |
+------------+---------+----------+-------------+------------------------------+
| 64         | 2048    | 1        | 1           | 1.1%                         |
+------------+---------+----------+-------------+------------------------------+

Ubuntu 22.04 ARM
Kernel: 5.15.83+
Compiler: gcc 11.4.0
NIC: Arm Broadcom Inc. brcm_57414 25000 Mbps
Fail/Total: 0/2

Detail performance results: 
+------------+---------+----------+-------------+------------------------------+
| frame_size | txd/rxd | num_cpus | num_threads |  throughput difference from  |
|            |         |          |             |           expected           |
+============+=========+==========+=============+==============================+
| 64         | 512     | 1        | 1           | -0.1%                        |
+------------+---------+----------+-------------+------------------------------+
| 64         | 2048    | 1        | 1           | -0.2%                        |
+------------+---------+----------+-------------+------------------------------+

To view detailed results, visit:
https://lab.dpdk.org/results/dashboard/patchsets/32554/

UNH-IOL DPDK Community Lab

To manage your email subscriptions, visit: 
https://lab.dpdk.org/results/dashboard/preferences/subscriptions/

^ permalink raw reply	[flat|nested] 19+ messages in thread

* |SUCCESS| pw151290 [PATCH] [v6] net: add thread-safe crc api
       [not found] <20250210212710.708809-1-arkadiuszx.kusztal@intel.com>
                   ` (4 preceding siblings ...)
  2025-02-11  1:10 ` |SUCCESS| pw151290 [PATCH] [v6] " dpdklab
@ 2025-02-11  1:18 ` dpdklab
  2025-02-11  1:24 ` dpdklab
                   ` (12 subsequent siblings)
  18 siblings, 0 replies; 19+ messages in thread
From: dpdklab @ 2025-02-11  1:18 UTC (permalink / raw)
  To: Ali Alnubani, Test Report; +Cc: dpdk-test-reports

Test-Label: iol-mellanox-Performance
Test-Status: SUCCESS
http://dpdk.org/patch/151290

_Performance Testing PASS_

Submitter: Kusztal, ArkadiuszX <arkadiuszx.kusztal@intel.com>
Date: Monday, February 10 2025 21:27:10 
DPDK git baseline: Repo:dpdk
  Branch: master
  CommitID:7125636162d67b1c40ba6802a3ff4466d125d243

151290 --> performance testing pass

Upstream job id: Template-DTS-Pipeline#212062

Test environment and result as below:

Ubuntu 24.04
Kernel: 6.8.0-45-generic
Compiler: gcc 13.2.0
NIC: NVIDIA Mellanox ConnectX-7 100000 Mbps
Fail/Total: 0/6

Detail performance results: 
+------------+---------+----------+-------------+------------------------------+
| frame_size | txd/rxd | num_cpus | num_threads |  throughput difference from  |
|            |         |          |             |           expected           |
+============+=========+==========+=============+==============================+
| 64         | 1024    | 1        | 1           | 0.5%                         |
+------------+---------+----------+-------------+------------------------------+
| 128        | 1024    | 1        | 1           | 0.2%                         |
+------------+---------+----------+-------------+------------------------------+
| 256        | 1024    | 1        | 1           | 0.2%                         |
+------------+---------+----------+-------------+------------------------------+
| 512        | 1024    | 1        | 1           | 0.0%                         |
+------------+---------+----------+-------------+------------------------------+
| 1024       | 1024    | 1        | 1           | -0.0%                        |
+------------+---------+----------+-------------+------------------------------+
| 1518       | 1024    | 1        | 1           | -0.1%                        |
+------------+---------+----------+-------------+------------------------------+

Ubuntu 24.04
Kernel: 6.8.0-45-generic
Compiler: gcc 13.2.0
NIC: Mellanox ConnectX-6 Lx 25000 Mbps
Fail/Total: 0/6

Detail performance results: 
+------------+---------+----------+-------------+------------------------------+
| frame_size | txd/rxd | num_cpus | num_threads |  throughput difference from  |
|            |         |          |             |           expected           |
+============+=========+==========+=============+==============================+
| 64         | 1024    | 1        | 1           | 0.0%                         |
+------------+---------+----------+-------------+------------------------------+
| 128        | 1024    | 1        | 1           | 0.3%                         |
+------------+---------+----------+-------------+------------------------------+
| 256        | 1024    | 1        | 1           | 0.0%                         |
+------------+---------+----------+-------------+------------------------------+
| 512        | 1024    | 1        | 1           | -0.1%                        |
+------------+---------+----------+-------------+------------------------------+
| 1024       | 1024    | 1        | 1           | -0.1%                        |
+------------+---------+----------+-------------+------------------------------+
| 1518       | 1024    | 1        | 1           | -0.1%                        |
+------------+---------+----------+-------------+------------------------------+

To view detailed results, visit:
https://lab.dpdk.org/results/dashboard/patchsets/32554/

UNH-IOL DPDK Community Lab

To manage your email subscriptions, visit: 
https://lab.dpdk.org/results/dashboard/preferences/subscriptions/

^ permalink raw reply	[flat|nested] 19+ messages in thread

* |SUCCESS| pw151290 [PATCH] [v6] net: add thread-safe crc api
       [not found] <20250210212710.708809-1-arkadiuszx.kusztal@intel.com>
                   ` (5 preceding siblings ...)
  2025-02-11  1:18 ` dpdklab
@ 2025-02-11  1:24 ` dpdklab
  2025-02-11  1:27 ` dpdklab
                   ` (11 subsequent siblings)
  18 siblings, 0 replies; 19+ messages in thread
From: dpdklab @ 2025-02-11  1:24 UTC (permalink / raw)
  To: Test Report; +Cc: dpdk-test-reports

Test-Label: iol-sample-apps-testing
Test-Status: SUCCESS
http://dpdk.org/patch/151290

_Testing PASS_

Submitter: Kusztal, ArkadiuszX <arkadiuszx.kusztal@intel.com>
Date: Monday, February 10 2025 21:27:10 
DPDK git baseline: Repo:dpdk
  Branch: master
  CommitID:7125636162d67b1c40ba6802a3ff4466d125d243

151290 --> testing pass

Upstream job id: Template-DTS-Pipeline#212074

Test environment and result as below:

+--------------------+----------------------+
|    Environment     | compressdev_zlib_pmd |
+====================+======================+
| Ubuntu 22.04 (ARM) | PASS                 |
+--------------------+----------------------+


Ubuntu 22.04 (ARM)
	Kernel: 5.15.0-97-generic
	Compiler: gcc gcc (Ubuntu 11.4.0-1ubuntu1~22.04) 11.4.0

To view detailed results, visit:
https://lab.dpdk.org/results/dashboard/patchsets/32554/

UNH-IOL DPDK Community Lab

To manage your email subscriptions, visit: 
https://lab.dpdk.org/results/dashboard/preferences/subscriptions/

^ permalink raw reply	[flat|nested] 19+ messages in thread

* |SUCCESS| pw151290 [PATCH] [v6] net: add thread-safe crc api
       [not found] <20250210212710.708809-1-arkadiuszx.kusztal@intel.com>
                   ` (6 preceding siblings ...)
  2025-02-11  1:24 ` dpdklab
@ 2025-02-11  1:27 ` dpdklab
  2025-02-11  1:29 ` dpdklab
                   ` (10 subsequent siblings)
  18 siblings, 0 replies; 19+ messages in thread
From: dpdklab @ 2025-02-11  1:27 UTC (permalink / raw)
  To: Test Report; +Cc: dpdk-test-reports

Test-Label: iol-intel-Functional
Test-Status: SUCCESS
http://dpdk.org/patch/151290

_Functional Testing PASS_

Submitter: Kusztal, ArkadiuszX <arkadiuszx.kusztal@intel.com>
Date: Monday, February 10 2025 21:27:10 
DPDK git baseline: Repo:dpdk
  Branch: master
  CommitID:7125636162d67b1c40ba6802a3ff4466d125d243

151290 --> functional testing pass

Upstream job id: Template-DTS-Pipeline#212071

Test environment and result as below:

Arm Ampere Altra - Ubuntu 22.04
Kernel: 5.15.83+
Compiler: gcc 11.4
NIC: Intel Corporation QAT 8970 0 Mbps

Aggregate Results by Test Suite
+----------------------------+--------+
|         Test Suite         | Result |
+============================+========+
| crypto_perf_cryptodev_perf |  PASS  |
+----------------------------+--------+


To view detailed results, visit:
https://lab.dpdk.org/results/dashboard/patchsets/32554/

UNH-IOL DPDK Community Lab

To manage your email subscriptions, visit: 
https://lab.dpdk.org/results/dashboard/preferences/subscriptions/

^ permalink raw reply	[flat|nested] 19+ messages in thread

* |SUCCESS| pw151290 [PATCH] [v6] net: add thread-safe crc api
       [not found] <20250210212710.708809-1-arkadiuszx.kusztal@intel.com>
                   ` (7 preceding siblings ...)
  2025-02-11  1:27 ` dpdklab
@ 2025-02-11  1:29 ` dpdklab
  2025-02-11  1:32 ` dpdklab
                   ` (9 subsequent siblings)
  18 siblings, 0 replies; 19+ messages in thread
From: dpdklab @ 2025-02-11  1:29 UTC (permalink / raw)
  To: Test Report; +Cc: dpdk-test-reports

Test-Label: iol-marvell-Functional
Test-Status: SUCCESS
http://dpdk.org/patch/151290

_Functional Testing PASS_

Submitter: Kusztal, ArkadiuszX <arkadiuszx.kusztal@intel.com>
Date: Monday, February 10 2025 21:27:10 
DPDK git baseline: Repo:dpdk
  Branch: master
  CommitID:7125636162d67b1c40ba6802a3ff4466d125d243

151290 --> functional testing pass

Upstream job id: Template-DTS-Pipeline#212072

Test environment and result as below:

Ubuntu 20.04.6
Kernel: 5.4.105
Compiler: gcc 9.4
NIC: Marvell CN106XX 50000 Mbps
Target: arm64-native-linuxapp-gcc

Aggregate Results by Test Suite
+-----------------+--------+
|   Test Suite    | Result |
+=================+========+
| cmdline         |  PASS  |
+-----------------+--------+
| ipv4_reassembly |  PASS  |
+-----------------+--------+
| rxtx_callbacks  |  PASS  |
+-----------------+--------+
| tso             |  PASS  |
+-----------------+--------+


To view detailed results, visit:
https://lab.dpdk.org/results/dashboard/patchsets/32554/

UNH-IOL DPDK Community Lab

To manage your email subscriptions, visit: 
https://lab.dpdk.org/results/dashboard/preferences/subscriptions/

^ permalink raw reply	[flat|nested] 19+ messages in thread

* |SUCCESS| pw151290 [PATCH] [v6] net: add thread-safe crc api
       [not found] <20250210212710.708809-1-arkadiuszx.kusztal@intel.com>
                   ` (8 preceding siblings ...)
  2025-02-11  1:29 ` dpdklab
@ 2025-02-11  1:32 ` dpdklab
  2025-02-11  1:46 ` dpdklab
                   ` (8 subsequent siblings)
  18 siblings, 0 replies; 19+ messages in thread
From: dpdklab @ 2025-02-11  1:32 UTC (permalink / raw)
  To: Test Report; +Cc: dpdk-test-reports

Test-Label: iol-intel-Functional
Test-Status: SUCCESS
http://dpdk.org/patch/151290

_Functional Testing PASS_

Submitter: Kusztal, ArkadiuszX <arkadiuszx.kusztal@intel.com>
Date: Monday, February 10 2025 21:27:10 
DPDK git baseline: Repo:dpdk
  Branch: master
  CommitID:7125636162d67b1c40ba6802a3ff4466d125d243

151290 --> functional testing pass

Upstream job id: Template-DTS-Pipeline#212069

Test environment and result as below:

Arm Ampere Altra - Ubuntu 22.04
Kernel: 5.15.83+
Compiler: gcc 11.4
NIC: Intel Corporation QAT 8970 0 Mbps

Aggregate Results by Test Suite
+----------------------------+--------+
|         Test Suite         | Result |
+============================+========+
| crypto_perf_cryptodev_perf |  PASS  |
+----------------------------+--------+


Ubuntu 22.04
Kernel: 5.15.0-131-generic
Compiler: gcc (Ubuntu 11.4.0-1ubuntu1~22.04) 11.4.0
NIC: Intel Corporation Ethernet Converged Network Adapter 82599ES 10000 Mbps

Aggregate Results by Test Suite
+-----------------------------+--------+
|         Test Suite          | Result |
+=============================+========+
| unit_tests_mbuf             |  PASS  |
+-----------------------------+--------+
| vhost_virtio_user_interrupt |  PASS  |
+-----------------------------+--------+
| virtio_smoke                |  PASS  |
+-----------------------------+--------+


To view detailed results, visit:
https://lab.dpdk.org/results/dashboard/patchsets/32554/

UNH-IOL DPDK Community Lab

To manage your email subscriptions, visit: 
https://lab.dpdk.org/results/dashboard/preferences/subscriptions/

^ permalink raw reply	[flat|nested] 19+ messages in thread

* |SUCCESS| pw151290 [PATCH] [v6] net: add thread-safe crc api
       [not found] <20250210212710.708809-1-arkadiuszx.kusztal@intel.com>
                   ` (9 preceding siblings ...)
  2025-02-11  1:32 ` dpdklab
@ 2025-02-11  1:46 ` dpdklab
  2025-02-11  2:48 ` |PENDING| " dpdklab
                   ` (7 subsequent siblings)
  18 siblings, 0 replies; 19+ messages in thread
From: dpdklab @ 2025-02-11  1:46 UTC (permalink / raw)
  To: Test Report; +Cc: dpdk-test-reports

Test-Label: iol-sample-apps-testing
Test-Status: SUCCESS
http://dpdk.org/patch/151290

_Testing PASS_

Submitter: Kusztal, ArkadiuszX <arkadiuszx.kusztal@intel.com>
Date: Monday, February 10 2025 21:27:10 
DPDK git baseline: Repo:dpdk
  Branch: master
  CommitID:7125636162d67b1c40ba6802a3ff4466d125d243

151290 --> testing pass

Upstream job id: Template-DTS-Pipeline#212073

Test environment and result as below:

+--------------------+----------------------+
|    Environment     | compressdev_zlib_pmd |
+====================+======================+
| Ubuntu 22.04 (ARM) | PASS                 |
+--------------------+----------------------+
| Ubuntu 22.04       | PASS                 |
+--------------------+----------------------+


Ubuntu 22.04 (ARM)
	Kernel: 5.15.0-97-generic
	Compiler: gcc gcc (Ubuntu 11.4.0-1ubuntu1~22.04) 11.4.0

Ubuntu 22.04
	Kernel: 5.15.0-100-generic
	Compiler: gcc gcc (Ubuntu 11.4.0-1ubuntu1~22.04) 11.4.0

To view detailed results, visit:
https://lab.dpdk.org/results/dashboard/patchsets/32554/

UNH-IOL DPDK Community Lab

To manage your email subscriptions, visit: 
https://lab.dpdk.org/results/dashboard/preferences/subscriptions/

^ permalink raw reply	[flat|nested] 19+ messages in thread

* |PENDING| pw151290 [PATCH] [v6] net: add thread-safe crc api
       [not found] <20250210212710.708809-1-arkadiuszx.kusztal@intel.com>
                   ` (10 preceding siblings ...)
  2025-02-11  1:46 ` dpdklab
@ 2025-02-11  2:48 ` dpdklab
  2025-02-11  2:56 ` dpdklab
                   ` (6 subsequent siblings)
  18 siblings, 0 replies; 19+ messages in thread
From: dpdklab @ 2025-02-11  2:48 UTC (permalink / raw)
  To: Test Report; +Cc: dpdk-test-reports

Test-Label: iol-abi-testing
Test-Status: PENDING
http://dpdk.org/patch/151290

_Testing pending_

Submitter: Kusztal, ArkadiuszX <arkadiuszx.kusztal@intel.com>
Date: Monday, February 10 2025 21:27:10 
DPDK git baseline: Repo:dpdk
  Branch: master
  CommitID:7125636162d67b1c40ba6802a3ff4466d125d243

151290 --> testing pending

Upstream job id: Generic-DPDK-Compile-ABI#115723

Test environment and result as below:

+-------------------+----------+
|    Environment    | abi_test |
+===================+==========+
| CentOS Stream 9   | PASS     |
+-------------------+----------+
| Debian Bullseye   | PEND     |
+-------------------+----------+
| CentOS Stream 10  | PEND     |
+-------------------+----------+
| Fedora 40 (Clang) | PEND     |
+-------------------+----------+
| Debian 12         | PEND     |
+-------------------+----------+
| Fedora 41 (Clang) | PEND     |
+-------------------+----------+
| Fedora 40         | PEND     |
+-------------------+----------+
| Ubuntu 22.04      | PEND     |
+-------------------+----------+
| openSUSE Leap 15  | PEND     |
+-------------------+----------+
| Ubuntu 24.04      | PEND     |
+-------------------+----------+
| Fedora 41         | PEND     |
+-------------------+----------+
| RHEL8             | PEND     |
+-------------------+----------+
| RHEL9             | PEND     |
+-------------------+----------+


CentOS Stream 9
	Kernel: Depends on container host
	Compiler: gcc 11.5.0 20240719 (Red Hat 11.5.0-2)

Debian Bullseye
	Kernel: Depends on container host
	Compiler: gcc (Debian 10.2.1-6) 10.2.1 20210110

CentOS Stream 10
	Kernel: Depends on container host
	Compiler: gcc 14.2.1 20241104 (Red Hat 14.2.1-6)

Fedora 40 (Clang)
	Kernel: Depends on container host
	Compiler: clang 18.1.8 (Fedora 18.1.8-1.fc40)

Debian 12
	Kernel: Depends on container host
	Compiler: gcc (Debian 12.2.0-14) 12.2.0

Fedora 41 (Clang)
	Kernel: Depends on container host
	Compiler: clang 19.1.5 (Fedora 19.1.5-1.fc41)

Fedora 40
	Kernel: Depends on container host
	Compiler: gcc 14.2.1 20240912 (Red Hat 14.2.1-3)

Ubuntu 22.04
	Kernel: Depends on container host
	Compiler: gcc (Ubuntu 11.4.0-1ubuntu1~22.04) 11.4.0

openSUSE Leap 15
	Kernel: Depends on container host
	Compiler: gcc (SUSE Linux) 7.5.0

Ubuntu 24.04
	Kernel: Depends on container host
	Compiler: gcc (Ubuntu 13.3.0-6ubuntu2~24.04) 13.3.0

Fedora 41
	Kernel: Depends on container host
	Compiler: gcc 14.2.1 20240912 (Red Hat 14.2.1-3)

RHEL8
	Kernel: Depends on container host
	Compiler: gcc 8.5.0 20210514 (Red Hat 8.5.0-22)

RHEL9
	Kernel: Depends on container host
	Compiler: gcc 11.5.0 20240719 (Red Hat 11.5.0-2)

To view detailed results, visit:
https://lab.dpdk.org/results/dashboard/patchsets/32554/

UNH-IOL DPDK Community Lab

To manage your email subscriptions, visit: 
https://lab.dpdk.org/results/dashboard/preferences/subscriptions/

^ permalink raw reply	[flat|nested] 19+ messages in thread

* |PENDING| pw151290 [PATCH] [v6] net: add thread-safe crc api
       [not found] <20250210212710.708809-1-arkadiuszx.kusztal@intel.com>
                   ` (11 preceding siblings ...)
  2025-02-11  2:48 ` |PENDING| " dpdklab
@ 2025-02-11  2:56 ` dpdklab
  2025-02-11  3:32 ` dpdklab
                   ` (5 subsequent siblings)
  18 siblings, 0 replies; 19+ messages in thread
From: dpdklab @ 2025-02-11  2:56 UTC (permalink / raw)
  To: Test Report; +Cc: dpdk-test-reports

Test-Label: iol-unit-arm64-testing
Test-Status: PENDING
http://dpdk.org/patch/151290

_Testing pending_

Submitter: Kusztal, ArkadiuszX <arkadiuszx.kusztal@intel.com>
Date: Monday, February 10 2025 21:27:10 
DPDK git baseline: Repo:dpdk
  Branch: master
  CommitID:7125636162d67b1c40ba6802a3ff4466d125d243

151290 --> testing pending

Upstream job id: Aarch32-Unit-Test#5279

Test environment and result as below:

+-----------------------------+----------------+------------------------------+--------------+---------------------------+
|         Environment         | dpdk_unit_test | cryptodev_sw_snow3g_autotest | lpm_autotest | cryptodev_sw_zuc_autotest |
+=============================+================+==============================+==============+===========================+
| 32-bit Ubuntu 22.04.4 (ARM) | PASS           | SKIPPED                      | SKIPPED      | SKIPPED                   |
+-----------------------------+----------------+------------------------------+--------------+---------------------------+
| CentOS Stream 10 (ARM)      | PEND           | SKIPPED                      | SKIPPED      | SKIPPED                   |
+-----------------------------+----------------+------------------------------+--------------+---------------------------+
| Debian 12 (arm)             | PEND           | PEND                         | SKIPPED      | PEND                      |
+-----------------------------+----------------+------------------------------+--------------+---------------------------+
| CentOS Stream 9 (ARM)       | PEND           | SKIPPED                      | SKIPPED      | SKIPPED                   |
+-----------------------------+----------------+------------------------------+--------------+---------------------------+
| Debian 11 (Buster) (ARM)    | PEND           | SKIPPED                      | SKIPPED      | SKIPPED                   |
+-----------------------------+----------------+------------------------------+--------------+---------------------------+
| Fedora 40 (ARM)             | PEND           | SKIPPED                      | SKIPPED      | SKIPPED                   |
+-----------------------------+----------------+------------------------------+--------------+---------------------------+
| Fedora 41 (ARM Clang)       | PEND           | SKIPPED                      | SKIPPED      | SKIPPED                   |
+-----------------------------+----------------+------------------------------+--------------+---------------------------+
| Fedora 41 (ARM)             | PEND           | SKIPPED                      | SKIPPED      | SKIPPED                   |
+-----------------------------+----------------+------------------------------+--------------+---------------------------+
| Fedora 40 (ARM Clang)       | PEND           | SKIPPED                      | SKIPPED      | SKIPPED                   |
+-----------------------------+----------------+------------------------------+--------------+---------------------------+
| RHEL9 (ARM)                 | PEND           | SKIPPED                      | SKIPPED      | SKIPPED                   |
+-----------------------------+----------------+------------------------------+--------------+---------------------------+
| Ubuntu 24.04 (ARM)          | PEND           | SKIPPED                      | SKIPPED      | SKIPPED                   |
+-----------------------------+----------------+------------------------------+--------------+---------------------------+
| Ubuntu 22.04 (ARM)          | PEND           | SKIPPED                      | SKIPPED      | SKIPPED                   |
+-----------------------------+----------------+------------------------------+--------------+---------------------------+
| Ubuntu 20.04 (ARM)          | PEND           | SKIPPED                      | SKIPPED      | SKIPPED                   |
+-----------------------------+----------------+------------------------------+--------------+---------------------------+
| Ubuntu 20.04 ARM SVE        | SKIPPED        | SKIPPED                      | PEND         | SKIPPED                   |
+-----------------------------+----------------+------------------------------+--------------+---------------------------+


32-bit Ubuntu 22.04.4 (ARM)
	Kernel: 5.15.83+ aarch64
	Compiler: gcc (Ubuntu 11.4.0-1ubuntu1~22.04) 11.4.0

CentOS Stream 10 (ARM)
	Kernel: Depends on container host
	Compiler: gcc 14.2.1 20241104 (Red Hat 14.2.1-6)

Debian 12 (arm)
	Kernel: Depends on container host
	Compiler: gcc (Debian 12.2.0-14) 12.2.0

CentOS Stream 9 (ARM)
	Kernel: Depends on container host
	Compiler: gcc 11.5.0 20240719 (Red Hat 11.5.0-2)

Debian 11 (Buster) (ARM)
	Kernel: Depends on container host
	Compiler: gcc (Debian 10.2.1-6) 10.2.1 20210110

Fedora 40 (ARM)
	Kernel: Depends on container host
	Compiler: gcc 14.2.1 20240912 (Red Hat 14.2.1-3)

Fedora 41 (ARM Clang)
	Kernel: Depends on container host
	Compiler: clang 19.1.5 (Fedora 19.1.5-1.fc41)

Fedora 41 (ARM)
	Kernel: Depends on container host
	Compiler: gcc 14.2.1 20240912 (Red Hat 14.2.1-3)

Fedora 40 (ARM Clang)
	Kernel: Depends on container host
	Compiler: clang 18.1.8 (Fedora 18.1.8-1.fc40)

RHEL9 (ARM)
	Kernel: Depends on container host
	Compiler: gcc 11.5.0 20240719 (Red Hat 11.5.0-2)

Ubuntu 24.04 (ARM)
	Kernel: Depends on container host
	Compiler: gcc (Ubuntu 13.3.0-6ubuntu2~24.04) 13.3.0

Ubuntu 22.04 (ARM)
	Kernel: Depends on container host
	Compiler: gcc (Ubuntu 11.4.0-1ubuntu1~22.04) 11.4.0

Ubuntu 20.04 (ARM)
	Kernel: Depends on container host
	Compiler: gcc (Ubuntu 9.4.0-1ubuntu1~20.04.2) 9.4.0

Ubuntu 20.04 ARM SVE
	Kernel: Depends on container host
	Compiler: gcc (Ubuntu 10.5.0-1ubuntu1~20.04) 10.5.0

To view detailed results, visit:
https://lab.dpdk.org/results/dashboard/patchsets/32554/

UNH-IOL DPDK Community Lab

To manage your email subscriptions, visit: 
https://lab.dpdk.org/results/dashboard/preferences/subscriptions/

^ permalink raw reply	[flat|nested] 19+ messages in thread

* |PENDING| pw151290 [PATCH] [v6] net: add thread-safe crc api
       [not found] <20250210212710.708809-1-arkadiuszx.kusztal@intel.com>
                   ` (12 preceding siblings ...)
  2025-02-11  2:56 ` dpdklab
@ 2025-02-11  3:32 ` dpdklab
  2025-02-11  3:45 ` |SUCCESS| " dpdklab
                   ` (4 subsequent siblings)
  18 siblings, 0 replies; 19+ messages in thread
From: dpdklab @ 2025-02-11  3:32 UTC (permalink / raw)
  To: Test Report; +Cc: dpdk-test-reports

Test-Label: iol-unit-amd64-testing
Test-Status: PENDING
http://dpdk.org/patch/151290

_Testing pending_

Submitter: Kusztal, ArkadiuszX <arkadiuszx.kusztal@intel.com>
Date: Monday, February 10 2025 21:27:10 
DPDK git baseline: Repo:dpdk
  Branch: master
  CommitID:7125636162d67b1c40ba6802a3ff4466d125d243

151290 --> testing pending

Upstream job id: Generic-Unit-Test-DPDK#313877

Test environment and result as below:

+---------------------+----------------+
|     Environment     | dpdk_unit_test |
+=====================+================+
| Debian 12           | PEND           |
+---------------------+----------------+
| Debian Bullseye     | PASS           |
+---------------------+----------------+
| CentOS Stream 10    | PEND           |
+---------------------+----------------+
| Fedora 40           | PEND           |
+---------------------+----------------+
| CentOS Stream 9     | PEND           |
+---------------------+----------------+
| Fedora 40 (Clang)   | PEND           |
+---------------------+----------------+
| Fedora 41           | PEND           |
+---------------------+----------------+
| Fedora 41 (Clang)   | PEND           |
+---------------------+----------------+
| Ubuntu 22.04        | PEND           |
+---------------------+----------------+
| RHEL8               | PEND           |
+---------------------+----------------+
| RHEL9               | PEND           |
+---------------------+----------------+
| Ubuntu 20.04        | PEND           |
+---------------------+----------------+
| Ubuntu 24.04        | PEND           |
+---------------------+----------------+
| Windows Server 2022 | PEND           |
+---------------------+----------------+


Debian 12
	Kernel: Depends on container host
	Compiler: gcc (Debian 12.2.0-14) 12.2.0

Debian Bullseye
	Kernel: Depends on container host
	Compiler: gcc (Debian 10.2.1-6) 10.2.1 20210110

CentOS Stream 10
	Kernel: Depends on container host
	Compiler: gcc 14.2.1 20241104 (Red Hat 14.2.1-6)

Fedora 40
	Kernel: Depends on container host
	Compiler: gcc 14.2.1 20240912 (Red Hat 14.2.1-3)

CentOS Stream 9
	Kernel: Depends on container host
	Compiler: gcc 11.5.0 20240719 (Red Hat 11.5.0-2)

Fedora 40 (Clang)
	Kernel: Depends on container host
	Compiler: clang 18.1.8 (Fedora 18.1.8-1.fc40)

Fedora 41
	Kernel: Depends on container host
	Compiler: gcc 14.2.1 20240912 (Red Hat 14.2.1-3)

Fedora 41 (Clang)
	Kernel: Depends on container host
	Compiler: clang 19.1.5 (Fedora 19.1.5-1.fc41)

Ubuntu 22.04
	Kernel: Depends on container host
	Compiler: gcc (Ubuntu 11.4.0-1ubuntu1~22.04) 11.4.0

RHEL8
	Kernel: Depends on container host
	Compiler: gcc 8.5.0 20210514 (Red Hat 8.5.0-22)

RHEL9
	Kernel: Depends on container host
	Compiler: gcc 11.5.0 20240719 (Red Hat 11.5.0-2)

Ubuntu 20.04
	Kernel: Depends on container host
	Compiler: gcc (Ubuntu 9.4.0-1ubuntu1~20.04.2) 9.4.0

Ubuntu 24.04
	Kernel: Depends on container host
	Compiler: gcc (Ubuntu 13.3.0-6ubuntu2~24.04) 13.3.0

Windows Server 2022
	Kernel: 10.0.20348.2031
	Compiler: clang 15.0.7, gcc 14.1.0 (MinGW), and MSVC VS 19.39.33521

To view detailed results, visit:
https://lab.dpdk.org/results/dashboard/patchsets/32554/

UNH-IOL DPDK Community Lab

To manage your email subscriptions, visit: 
https://lab.dpdk.org/results/dashboard/preferences/subscriptions/

^ permalink raw reply	[flat|nested] 19+ messages in thread

* |SUCCESS| pw151290 [PATCH] [v6] net: add thread-safe crc api
       [not found] <20250210212710.708809-1-arkadiuszx.kusztal@intel.com>
                   ` (13 preceding siblings ...)
  2025-02-11  3:32 ` dpdklab
@ 2025-02-11  3:45 ` dpdklab
  2025-02-11  4:34 ` dpdklab
                   ` (3 subsequent siblings)
  18 siblings, 0 replies; 19+ messages in thread
From: dpdklab @ 2025-02-11  3:45 UTC (permalink / raw)
  To: Test Report; +Cc: dpdk-test-reports

Test-Label: iol-abi-testing
Test-Status: SUCCESS
http://dpdk.org/patch/151290

_Testing PASS_

Submitter: Kusztal, ArkadiuszX <arkadiuszx.kusztal@intel.com>
Date: Monday, February 10 2025 21:27:10 
DPDK git baseline: Repo:dpdk
  Branch: master
  CommitID:7125636162d67b1c40ba6802a3ff4466d125d243

151290 --> testing pass

Upstream job id: Generic-DPDK-Compile-ABI#115735

Test environment and result as below:

+-------------------+----------+
|    Environment    | abi_test |
+===================+==========+
| CentOS Stream 9   | PASS     |
+-------------------+----------+
| Debian Bullseye   | PASS     |
+-------------------+----------+
| CentOS Stream 10  | PASS     |
+-------------------+----------+
| Fedora 40 (Clang) | PASS     |
+-------------------+----------+
| Debian 12         | PASS     |
+-------------------+----------+
| Fedora 41 (Clang) | PASS     |
+-------------------+----------+
| Fedora 40         | PASS     |
+-------------------+----------+
| Ubuntu 22.04      | PASS     |
+-------------------+----------+
| openSUSE Leap 15  | PASS     |
+-------------------+----------+
| Ubuntu 24.04      | PASS     |
+-------------------+----------+
| Fedora 41         | PASS     |
+-------------------+----------+
| RHEL8             | PASS     |
+-------------------+----------+
| RHEL9             | PASS     |
+-------------------+----------+


CentOS Stream 9
	Kernel: Depends on container host
	Compiler: gcc 11.5.0 20240719 (Red Hat 11.5.0-2)

Debian Bullseye
	Kernel: Depends on container host
	Compiler: gcc (Debian 10.2.1-6) 10.2.1 20210110

CentOS Stream 10
	Kernel: Depends on container host
	Compiler: gcc 14.2.1 20241104 (Red Hat 14.2.1-6)

Fedora 40 (Clang)
	Kernel: Depends on container host
	Compiler: clang 18.1.8 (Fedora 18.1.8-1.fc40)

Debian 12
	Kernel: Depends on container host
	Compiler: gcc (Debian 12.2.0-14) 12.2.0

Fedora 41 (Clang)
	Kernel: Depends on container host
	Compiler: clang 19.1.5 (Fedora 19.1.5-1.fc41)

Fedora 40
	Kernel: Depends on container host
	Compiler: gcc 14.2.1 20240912 (Red Hat 14.2.1-3)

Ubuntu 22.04
	Kernel: Depends on container host
	Compiler: gcc (Ubuntu 11.4.0-1ubuntu1~22.04) 11.4.0

openSUSE Leap 15
	Kernel: Depends on container host
	Compiler: gcc (SUSE Linux) 7.5.0

Ubuntu 24.04
	Kernel: Depends on container host
	Compiler: gcc (Ubuntu 13.3.0-6ubuntu2~24.04) 13.3.0

Fedora 41
	Kernel: Depends on container host
	Compiler: gcc 14.2.1 20240912 (Red Hat 14.2.1-3)

RHEL8
	Kernel: Depends on container host
	Compiler: gcc 8.5.0 20210514 (Red Hat 8.5.0-22)

RHEL9
	Kernel: Depends on container host
	Compiler: gcc 11.5.0 20240719 (Red Hat 11.5.0-2)

To view detailed results, visit:
https://lab.dpdk.org/results/dashboard/patchsets/32554/

UNH-IOL DPDK Community Lab

To manage your email subscriptions, visit: 
https://lab.dpdk.org/results/dashboard/preferences/subscriptions/

^ permalink raw reply	[flat|nested] 19+ messages in thread

* |SUCCESS| pw151290 [PATCH] [v6] net: add thread-safe crc api
       [not found] <20250210212710.708809-1-arkadiuszx.kusztal@intel.com>
                   ` (14 preceding siblings ...)
  2025-02-11  3:45 ` |SUCCESS| " dpdklab
@ 2025-02-11  4:34 ` dpdklab
  2025-02-11  6:01 ` dpdklab
                   ` (2 subsequent siblings)
  18 siblings, 0 replies; 19+ messages in thread
From: dpdklab @ 2025-02-11  4:34 UTC (permalink / raw)
  To: Test Report; +Cc: dpdk-test-reports

Test-Label: iol-unit-amd64-testing
Test-Status: SUCCESS
http://dpdk.org/patch/151290

_Testing PASS_

Submitter: Kusztal, ArkadiuszX <arkadiuszx.kusztal@intel.com>
Date: Monday, February 10 2025 21:27:10 
DPDK git baseline: Repo:dpdk
  Branch: master
  CommitID:7125636162d67b1c40ba6802a3ff4466d125d243

151290 --> testing pass

Upstream job id: Generic-Unit-Test-DPDK#313890

Test environment and result as below:

+---------------------+----------------+
|     Environment     | dpdk_unit_test |
+=====================+================+
| Debian 12           | PASS           |
+---------------------+----------------+
| Debian Bullseye     | PASS           |
+---------------------+----------------+
| CentOS Stream 10    | PASS           |
+---------------------+----------------+
| Fedora 40           | PASS           |
+---------------------+----------------+
| CentOS Stream 9     | PASS           |
+---------------------+----------------+
| Fedora 40 (Clang)   | PASS           |
+---------------------+----------------+
| Fedora 41           | PASS           |
+---------------------+----------------+
| Fedora 41 (Clang)   | PASS           |
+---------------------+----------------+
| Ubuntu 22.04        | PASS           |
+---------------------+----------------+
| RHEL8               | PASS           |
+---------------------+----------------+
| RHEL9               | PASS           |
+---------------------+----------------+
| Ubuntu 20.04        | PASS           |
+---------------------+----------------+
| Ubuntu 24.04        | PASS           |
+---------------------+----------------+
| Windows Server 2022 | PASS           |
+---------------------+----------------+


Debian 12
	Kernel: Depends on container host
	Compiler: gcc (Debian 12.2.0-14) 12.2.0

Debian Bullseye
	Kernel: Depends on container host
	Compiler: gcc (Debian 10.2.1-6) 10.2.1 20210110

CentOS Stream 10
	Kernel: Depends on container host
	Compiler: gcc 14.2.1 20241104 (Red Hat 14.2.1-6)

Fedora 40
	Kernel: Depends on container host
	Compiler: gcc 14.2.1 20240912 (Red Hat 14.2.1-3)

CentOS Stream 9
	Kernel: Depends on container host
	Compiler: gcc 11.5.0 20240719 (Red Hat 11.5.0-2)

Fedora 40 (Clang)
	Kernel: Depends on container host
	Compiler: clang 18.1.8 (Fedora 18.1.8-1.fc40)

Fedora 41
	Kernel: Depends on container host
	Compiler: gcc 14.2.1 20240912 (Red Hat 14.2.1-3)

Fedora 41 (Clang)
	Kernel: Depends on container host
	Compiler: clang 19.1.5 (Fedora 19.1.5-1.fc41)

Ubuntu 22.04
	Kernel: Depends on container host
	Compiler: gcc (Ubuntu 11.4.0-1ubuntu1~22.04) 11.4.0

RHEL8
	Kernel: Depends on container host
	Compiler: gcc 8.5.0 20210514 (Red Hat 8.5.0-22)

RHEL9
	Kernel: Depends on container host
	Compiler: gcc 11.5.0 20240719 (Red Hat 11.5.0-2)

Ubuntu 20.04
	Kernel: Depends on container host
	Compiler: gcc (Ubuntu 9.4.0-1ubuntu1~20.04.2) 9.4.0

Ubuntu 24.04
	Kernel: Depends on container host
	Compiler: gcc (Ubuntu 13.3.0-6ubuntu2~24.04) 13.3.0

Windows Server 2022
	Kernel: 10.0.20348.2031
	Compiler: clang 15.0.7, gcc 14.1.0 (MinGW), and MSVC VS 19.39.33521

To view detailed results, visit:
https://lab.dpdk.org/results/dashboard/patchsets/32554/

UNH-IOL DPDK Community Lab

To manage your email subscriptions, visit: 
https://lab.dpdk.org/results/dashboard/preferences/subscriptions/

^ permalink raw reply	[flat|nested] 19+ messages in thread

* |SUCCESS| pw151290 [PATCH] [v6] net: add thread-safe crc api
       [not found] <20250210212710.708809-1-arkadiuszx.kusztal@intel.com>
                   ` (15 preceding siblings ...)
  2025-02-11  4:34 ` dpdklab
@ 2025-02-11  6:01 ` dpdklab
  2025-02-11  6:38 ` dpdklab
  2025-02-11 10:28 ` dpdklab
  18 siblings, 0 replies; 19+ messages in thread
From: dpdklab @ 2025-02-11  6:01 UTC (permalink / raw)
  To: Test Report; +Cc: dpdk-test-reports

Test-Label: iol-compile-amd64-testing
Test-Status: SUCCESS
http://dpdk.org/patch/151290

_Testing PASS_

Submitter: Kusztal, ArkadiuszX <arkadiuszx.kusztal@intel.com>
Date: Monday, February 10 2025 21:27:10 
DPDK git baseline: Repo:dpdk
  Branch: master
  CommitID:7125636162d67b1c40ba6802a3ff4466d125d243

151290 --> testing pass

Upstream job id: Generic-DPDK-Compile-Meson#360398

Test environment and result as below:

+---------------------+--------------------+-------------------+------------------+-------------------+-------------------------+----------------------+
|     Environment     | dpdk_meson_compile | dpdk_compile_spdk | dpdk_compile_ovs | dpdk_msvc_compile | dpdk_llvm_clang_compile | dpdk_mingw64_compile |
+=====================+====================+===================+==================+===================+=========================+======================+
| CentOS Stream 9     | PASS               | PASS              | SKIPPED          | SKIPPED           | SKIPPED                 | SKIPPED              |
+---------------------+--------------------+-------------------+------------------+-------------------+-------------------------+----------------------+
| CentOS Stream 10    | PASS               | SKIPPED           | SKIPPED          | SKIPPED           | SKIPPED                 | SKIPPED              |
+---------------------+--------------------+-------------------+------------------+-------------------+-------------------------+----------------------+
| Debian Bullseye     | PASS               | PASS              | SKIPPED          | SKIPPED           | SKIPPED                 | SKIPPED              |
+---------------------+--------------------+-------------------+------------------+-------------------+-------------------------+----------------------+
| Debian 12           | PASS               | PASS              | SKIPPED          | SKIPPED           | SKIPPED                 | SKIPPED              |
+---------------------+--------------------+-------------------+------------------+-------------------+-------------------------+----------------------+
| Fedora 40 (Clang)   | PASS               | PASS              | SKIPPED          | SKIPPED           | SKIPPED                 | SKIPPED              |
+---------------------+--------------------+-------------------+------------------+-------------------+-------------------------+----------------------+
| Fedora 40           | PASS               | PASS              | SKIPPED          | SKIPPED           | SKIPPED                 | SKIPPED              |
+---------------------+--------------------+-------------------+------------------+-------------------+-------------------------+----------------------+
| Fedora 41           | PASS               | PASS              | PASS             | SKIPPED           | SKIPPED                 | SKIPPED              |
+---------------------+--------------------+-------------------+------------------+-------------------+-------------------------+----------------------+
| Fedora 41 (Clang)   | PASS               | PASS              | PASS             | SKIPPED           | SKIPPED                 | SKIPPED              |
+---------------------+--------------------+-------------------+------------------+-------------------+-------------------------+----------------------+
| openSUSE Leap 15    | PASS               | SKIPPED           | SKIPPED          | SKIPPED           | SKIPPED                 | SKIPPED              |
+---------------------+--------------------+-------------------+------------------+-------------------+-------------------------+----------------------+
| RHEL8               | PASS               | SKIPPED           | SKIPPED          | SKIPPED           | SKIPPED                 | SKIPPED              |
+---------------------+--------------------+-------------------+------------------+-------------------+-------------------------+----------------------+
| RHEL9               | PASS               | SKIPPED           | SKIPPED          | SKIPPED           | SKIPPED                 | SKIPPED              |
+---------------------+--------------------+-------------------+------------------+-------------------+-------------------------+----------------------+
| Ubuntu 20.04        | PASS               | SKIPPED           | SKIPPED          | SKIPPED           | SKIPPED                 | SKIPPED              |
+---------------------+--------------------+-------------------+------------------+-------------------+-------------------------+----------------------+
| Ubuntu 22.04        | PASS               | PASS              | SKIPPED          | SKIPPED           | SKIPPED                 | SKIPPED              |
+---------------------+--------------------+-------------------+------------------+-------------------+-------------------------+----------------------+
| Ubuntu 24.04        | PASS               | PASS              | PASS             | SKIPPED           | SKIPPED                 | SKIPPED              |
+---------------------+--------------------+-------------------+------------------+-------------------+-------------------------+----------------------+
| Alpine              | PASS               | SKIPPED           | SKIPPED          | SKIPPED           | SKIPPED                 | SKIPPED              |
+---------------------+--------------------+-------------------+------------------+-------------------+-------------------------+----------------------+
| FreeBSD 13.4        | PASS               | SKIPPED           | SKIPPED          | SKIPPED           | SKIPPED                 | SKIPPED              |
+---------------------+--------------------+-------------------+------------------+-------------------+-------------------------+----------------------+
| FreeBSD 14.2        | PASS               | SKIPPED           | SKIPPED          | SKIPPED           | SKIPPED                 | SKIPPED              |
+---------------------+--------------------+-------------------+------------------+-------------------+-------------------------+----------------------+
| Windows Server 2022 | SKIPPED            | SKIPPED           | SKIPPED          | PASS              | PASS                    | PASS                 |
+---------------------+--------------------+-------------------+------------------+-------------------+-------------------------+----------------------+


CentOS Stream 9
	Kernel: Depends on container host
	Compiler: gcc 11.5.0 20240719 (Red Hat 11.5.0-2)

CentOS Stream 10
	Kernel: Depends on container host
	Compiler: gcc 14.2.1 20241104 (Red Hat 14.2.1-6)

Debian Bullseye
	Kernel: Depends on container host
	Compiler: gcc (Debian 10.2.1-6) 10.2.1 20210110

Debian 12
	Kernel: Depends on container host
	Compiler: gcc (Debian 12.2.0-14) 12.2.0

Fedora 40 (Clang)
	Kernel: Depends on container host
	Compiler: clang 18.1.8 (Fedora 18.1.8-1.fc40)

Fedora 40
	Kernel: Depends on container host
	Compiler: gcc 14.2.1 20240912 (Red Hat 14.2.1-3)

Fedora 41
	Kernel: Depends on container host
	Compiler: gcc 14.2.1 20240912 (Red Hat 14.2.1-3)

Fedora 41 (Clang)
	Kernel: Depends on container host
	Compiler: clang 19.1.5 (Fedora 19.1.5-1.fc41)

openSUSE Leap 15
	Kernel: Depends on container host
	Compiler: gcc (SUSE Linux) 7.5.0

RHEL8
	Kernel: Depends on container host
	Compiler: gcc 8.5.0 20210514 (Red Hat 8.5.0-22)

RHEL9
	Kernel: Depends on container host
	Compiler: gcc 11.5.0 20240719 (Red Hat 11.5.0-2)

Ubuntu 20.04
	Kernel: Depends on container host
	Compiler: gcc (Ubuntu 9.4.0-1ubuntu1~20.04.2) 9.4.0

Ubuntu 22.04
	Kernel: Depends on container host
	Compiler: gcc (Ubuntu 11.4.0-1ubuntu1~22.04) 11.4.0

Ubuntu 24.04
	Kernel: Depends on container host
	Compiler: gcc (Ubuntu 13.3.0-6ubuntu2~24.04) 13.3.0

Alpine
	Kernel: Depends on container host
	Compiler: gcc (Alpine 14.2.0) 14.2.0

FreeBSD 13.4
	Kernel: 13.4-RELEASE-p1
	Compiler: clang 18.1.6

FreeBSD 14.2
	Kernel: 14.2-RELEASE
	Compiler: clang 18.1.6

Windows Server 2022
	Kernel: 10.0.20348.2031
	Compiler: clang 15.0.7, gcc 14.1.0 (MinGW), and MSVC VS 19.39.33521

To view detailed results, visit:
https://lab.dpdk.org/results/dashboard/patchsets/32554/

UNH-IOL DPDK Community Lab

To manage your email subscriptions, visit: 
https://lab.dpdk.org/results/dashboard/preferences/subscriptions/

^ permalink raw reply	[flat|nested] 19+ messages in thread

* |SUCCESS| pw151290 [PATCH] [v6] net: add thread-safe crc api
       [not found] <20250210212710.708809-1-arkadiuszx.kusztal@intel.com>
                   ` (16 preceding siblings ...)
  2025-02-11  6:01 ` dpdklab
@ 2025-02-11  6:38 ` dpdklab
  2025-02-11 10:28 ` dpdklab
  18 siblings, 0 replies; 19+ messages in thread
From: dpdklab @ 2025-02-11  6:38 UTC (permalink / raw)
  To: Test Report; +Cc: dpdk-test-reports

Test-Label: iol-unit-arm64-testing
Test-Status: SUCCESS
http://dpdk.org/patch/151290

_Testing PASS_

Submitter: Kusztal, ArkadiuszX <arkadiuszx.kusztal@intel.com>
Date: Monday, February 10 2025 21:27:10 
DPDK git baseline: Repo:dpdk
  Branch: master
  CommitID:7125636162d67b1c40ba6802a3ff4466d125d243

151290 --> testing pass

Upstream job id: Generic-Unit-Test-DPDK#313897

Test environment and result as below:

+-----------------------------+----------------+------------------------------+--------------+---------------------------+
|         Environment         | dpdk_unit_test | cryptodev_sw_snow3g_autotest | lpm_autotest | cryptodev_sw_zuc_autotest |
+=============================+================+==============================+==============+===========================+
| 32-bit Ubuntu 22.04.4 (ARM) | PASS           | SKIPPED                      | SKIPPED      | SKIPPED                   |
+-----------------------------+----------------+------------------------------+--------------+---------------------------+
| CentOS Stream 10 (ARM)      | PASS           | SKIPPED                      | SKIPPED      | SKIPPED                   |
+-----------------------------+----------------+------------------------------+--------------+---------------------------+
| Debian 12 (arm)             | PASS           | PASS                         | SKIPPED      | PASS                      |
+-----------------------------+----------------+------------------------------+--------------+---------------------------+
| CentOS Stream 9 (ARM)       | PASS           | SKIPPED                      | SKIPPED      | SKIPPED                   |
+-----------------------------+----------------+------------------------------+--------------+---------------------------+
| Debian 11 (Buster) (ARM)    | PASS           | SKIPPED                      | SKIPPED      | SKIPPED                   |
+-----------------------------+----------------+------------------------------+--------------+---------------------------+
| Fedora 40 (ARM)             | PASS           | SKIPPED                      | SKIPPED      | SKIPPED                   |
+-----------------------------+----------------+------------------------------+--------------+---------------------------+
| Fedora 41 (ARM Clang)       | PASS           | SKIPPED                      | SKIPPED      | SKIPPED                   |
+-----------------------------+----------------+------------------------------+--------------+---------------------------+
| Fedora 41 (ARM)             | PASS           | SKIPPED                      | SKIPPED      | SKIPPED                   |
+-----------------------------+----------------+------------------------------+--------------+---------------------------+
| Fedora 40 (ARM Clang)       | PASS           | SKIPPED                      | SKIPPED      | SKIPPED                   |
+-----------------------------+----------------+------------------------------+--------------+---------------------------+
| RHEL9 (ARM)                 | PASS           | SKIPPED                      | SKIPPED      | SKIPPED                   |
+-----------------------------+----------------+------------------------------+--------------+---------------------------+
| Ubuntu 24.04 (ARM)          | PASS           | SKIPPED                      | SKIPPED      | SKIPPED                   |
+-----------------------------+----------------+------------------------------+--------------+---------------------------+
| Ubuntu 22.04 (ARM)          | PASS           | SKIPPED                      | SKIPPED      | SKIPPED                   |
+-----------------------------+----------------+------------------------------+--------------+---------------------------+
| Ubuntu 20.04 (ARM)          | PASS           | SKIPPED                      | SKIPPED      | SKIPPED                   |
+-----------------------------+----------------+------------------------------+--------------+---------------------------+
| Ubuntu 20.04 ARM SVE        | SKIPPED        | SKIPPED                      | PASS         | SKIPPED                   |
+-----------------------------+----------------+------------------------------+--------------+---------------------------+


32-bit Ubuntu 22.04.4 (ARM)
	Kernel: 5.15.83+ aarch64
	Compiler: gcc (Ubuntu 11.4.0-1ubuntu1~22.04) 11.4.0

CentOS Stream 10 (ARM)
	Kernel: Depends on container host
	Compiler: gcc 14.2.1 20241104 (Red Hat 14.2.1-6)

Debian 12 (arm)
	Kernel: Depends on container host
	Compiler: gcc (Debian 12.2.0-14) 12.2.0

CentOS Stream 9 (ARM)
	Kernel: Depends on container host
	Compiler: gcc 11.5.0 20240719 (Red Hat 11.5.0-2)

Debian 11 (Buster) (ARM)
	Kernel: Depends on container host
	Compiler: gcc (Debian 10.2.1-6) 10.2.1 20210110

Fedora 40 (ARM)
	Kernel: Depends on container host
	Compiler: gcc 14.2.1 20240912 (Red Hat 14.2.1-3)

Fedora 41 (ARM Clang)
	Kernel: Depends on container host
	Compiler: clang 19.1.5 (Fedora 19.1.5-1.fc41)

Fedora 41 (ARM)
	Kernel: Depends on container host
	Compiler: gcc 14.2.1 20240912 (Red Hat 14.2.1-3)

Fedora 40 (ARM Clang)
	Kernel: Depends on container host
	Compiler: clang 18.1.8 (Fedora 18.1.8-1.fc40)

RHEL9 (ARM)
	Kernel: Depends on container host
	Compiler: gcc 11.5.0 20240719 (Red Hat 11.5.0-2)

Ubuntu 24.04 (ARM)
	Kernel: Depends on container host
	Compiler: gcc (Ubuntu 13.3.0-6ubuntu2~24.04) 13.3.0

Ubuntu 22.04 (ARM)
	Kernel: Depends on container host
	Compiler: gcc (Ubuntu 11.4.0-1ubuntu1~22.04) 11.4.0

Ubuntu 20.04 (ARM)
	Kernel: Depends on container host
	Compiler: gcc (Ubuntu 9.4.0-1ubuntu1~20.04.2) 9.4.0

Ubuntu 20.04 ARM SVE
	Kernel: Depends on container host
	Compiler: gcc (Ubuntu 10.5.0-1ubuntu1~20.04) 10.5.0

To view detailed results, visit:
https://lab.dpdk.org/results/dashboard/patchsets/32554/

UNH-IOL DPDK Community Lab

To manage your email subscriptions, visit: 
https://lab.dpdk.org/results/dashboard/preferences/subscriptions/

^ permalink raw reply	[flat|nested] 19+ messages in thread

* |SUCCESS| pw151290 [PATCH] [v6] net: add thread-safe crc api
       [not found] <20250210212710.708809-1-arkadiuszx.kusztal@intel.com>
                   ` (17 preceding siblings ...)
  2025-02-11  6:38 ` dpdklab
@ 2025-02-11 10:28 ` dpdklab
  18 siblings, 0 replies; 19+ messages in thread
From: dpdklab @ 2025-02-11 10:28 UTC (permalink / raw)
  To: Test Report; +Cc: dpdk-test-reports

Test-Label: iol-compile-arm64-testing
Test-Status: SUCCESS
http://dpdk.org/patch/151290

_Testing PASS_

Submitter: Arkadiusz Kusztal <arkadiuszx.kusztal@intel.com>
Date: Monday, February 10 2025 21:27:10 
DPDK git baseline: Repo:dpdk
  Branch: master
  CommitID:7125636162d67b1c40ba6802a3ff4466d125d243

151290 --> testing pass

Upstream job id: Generic-DPDK-Compile-Meson#360412

Test environment and result as below:

+----------------------------------------+--------------------+
|              Environment               | dpdk_meson_compile |
+========================================+====================+
| RHEL9 (ARM)                            | PASS               |
+----------------------------------------+--------------------+
| Ubuntu 20.04 ARM GCC Cross Compile     | PASS               |
+----------------------------------------+--------------------+
| Ubuntu 20.04 ARM SVE                   | PASS               |
+----------------------------------------+--------------------+
| Debian 12 with MUSDK                   | PASS               |
+----------------------------------------+--------------------+
| Fedora 40 (ARM Clang)                  | PASS               |
+----------------------------------------+--------------------+
| Fedora 40 (ARM)                        | PASS               |
+----------------------------------------+--------------------+
| Ubuntu 24.04 (ARM)                     | PASS               |
+----------------------------------------+--------------------+
| Fedora 41 (ARM)                        | PASS               |
+----------------------------------------+--------------------+
| Ubuntu 22.04 (ARM)                     | PASS               |
+----------------------------------------+--------------------+
| Ubuntu 20.04 (ARM)                     | PASS               |
+----------------------------------------+--------------------+
| Fedora 41 (ARM Clang)                  | PASS               |
+----------------------------------------+--------------------+
| CentOS Stream 9 (ARM)                  | PASS               |
+----------------------------------------+--------------------+
| CentOS Stream 10 (ARM)                 | PASS               |
+----------------------------------------+--------------------+
| Debian 11 (Buster) (ARM)               | PASS               |
+----------------------------------------+--------------------+
| Ubuntu 20.04 ARM Clang Cross Compile   | PASS               |
+----------------------------------------+--------------------+
| Debian 12 (arm)                        | PASS               |
+----------------------------------------+--------------------+
| Ubuntu 20.04 aarch32 GCC Cross Compile | PASS               |
+----------------------------------------+--------------------+


RHEL9 (ARM)
	Kernel: Depends on container host
	Compiler: gcc 11.5.0 20240719 (Red Hat 11.5.0-2)

Ubuntu 20.04 ARM GCC Cross Compile
	Kernel: Depends on container host
	Compiler: aarch64-linux-gnu-gcc (Ubuntu 9.4.0-1ubuntu1~20.04.2) 9.4.0

Ubuntu 20.04 ARM SVE
	Kernel: Depends on container host
	Compiler: gcc (Ubuntu 10.5.0-1ubuntu1~20.04) 10.5.0

Debian 12 with MUSDK
	Kernel: Depends on container host
	Compiler: gcc (Debian 12.2.0-14) 12.2.0

Fedora 40 (ARM Clang)
	Kernel: Depends on container host
	Compiler: clang 18.1.8 (Fedora 18.1.8-1.fc40)

Fedora 40 (ARM)
	Kernel: Depends on container host
	Compiler: gcc 14.2.1 20240912 (Red Hat 14.2.1-3)

Ubuntu 24.04 (ARM)
	Kernel: Depends on container host
	Compiler: gcc (Ubuntu 13.3.0-6ubuntu2~24.04) 13.3.0

Fedora 41 (ARM)
	Kernel: Depends on container host
	Compiler: gcc 14.2.1 20240912 (Red Hat 14.2.1-3)

Ubuntu 22.04 (ARM)
	Kernel: Depends on container host
	Compiler: gcc (Ubuntu 11.4.0-1ubuntu1~22.04) 11.4.0

Ubuntu 20.04 (ARM)
	Kernel: Depends on container host
	Compiler: gcc (Ubuntu 9.4.0-1ubuntu1~20.04.2) 9.4.0

Fedora 41 (ARM Clang)
	Kernel: Depends on container host
	Compiler: clang 19.1.5 (Fedora 19.1.5-1.fc41)

CentOS Stream 9 (ARM)
	Kernel: Depends on container host
	Compiler: gcc 11.5.0 20240719 (Red Hat 11.5.0-2)

CentOS Stream 10 (ARM)
	Kernel: Depends on container host
	Compiler: gcc 14.2.1 20241104 (Red Hat 14.2.1-6)

Debian 11 (Buster) (ARM)
	Kernel: Depends on container host
	Compiler: gcc (Debian 10.2.1-6) 10.2.1 20210110

Ubuntu 20.04 ARM Clang Cross Compile
	Kernel: Depends on container host
	Compiler: clang 10.0.0-4ubuntu1

Debian 12 (arm)
	Kernel: Depends on container host
	Compiler: gcc (Debian 12.2.0-14) 12.2.0

Ubuntu 20.04 aarch32 GCC Cross Compile
	Kernel: Depends on container host
	Compiler: gcc 9.4.0

To view detailed results, visit:
https://lab.dpdk.org/results/dashboard/patchsets/32554/

UNH-IOL DPDK Community Lab

To manage your email subscriptions, visit: 
https://lab.dpdk.org/results/dashboard/preferences/subscriptions/

^ permalink raw reply	[flat|nested] 19+ messages in thread

end of thread, other threads:[~2025-02-11 10:28 UTC | newest]

Thread overview: 19+ messages (download: mbox.gz / follow: Atom feed)
-- links below jump to the message on this page --
     [not found] <20250210212710.708809-1-arkadiuszx.kusztal@intel.com>
2025-02-10 21:12 ` |SUCCESS| pw151290 [PATCH v6] net: add thread-safe crc api qemudev
2025-02-10 21:17 ` qemudev
2025-02-10 21:27 ` |WARNING| " checkpatch
2025-02-10 22:24 ` |FAILURE| " 0-day Robot
2025-02-11  1:10 ` |SUCCESS| pw151290 [PATCH] [v6] " dpdklab
2025-02-11  1:18 ` dpdklab
2025-02-11  1:24 ` dpdklab
2025-02-11  1:27 ` dpdklab
2025-02-11  1:29 ` dpdklab
2025-02-11  1:32 ` dpdklab
2025-02-11  1:46 ` dpdklab
2025-02-11  2:48 ` |PENDING| " dpdklab
2025-02-11  2:56 ` dpdklab
2025-02-11  3:32 ` dpdklab
2025-02-11  3:45 ` |SUCCESS| " dpdklab
2025-02-11  4:34 ` dpdklab
2025-02-11  6:01 ` dpdklab
2025-02-11  6:38 ` dpdklab
2025-02-11 10:28 ` dpdklab

This is a public inbox, see mirroring instructions
for how to clone and mirror all data and code used for this inbox;
as well as URLs for NNTP newsgroup(s).