From mboxrd@z Thu Jan 1 00:00:00 1970 Return-Path: Received: from mails.dpdk.org (mails.dpdk.org [217.70.189.124]) by inbox.dpdk.org (Postfix) with ESMTP id 543E8461F6 for ; Tue, 11 Feb 2025 11:10:17 +0100 (CET) Received: from mails.dpdk.org (localhost [127.0.0.1]) by mails.dpdk.org (Postfix) with ESMTP id 49AA7402CF; Tue, 11 Feb 2025 11:10:17 +0100 (CET) Received: from mail-qt1-f228.google.com (mail-qt1-f228.google.com [209.85.160.228]) by mails.dpdk.org (Postfix) with ESMTP id D72E640156 for ; Tue, 11 Feb 2025 11:10:15 +0100 (CET) Received: by mail-qt1-f228.google.com with SMTP id d75a77b69052e-46b1d40ac6bso47031191cf.0 for ; Tue, 11 Feb 2025 02:10:15 -0800 (PST) DKIM-Signature: v=1; a=rsa-sha256; c=relaxed/relaxed; d=iol.unh.edu; s=unh-iol; t=1739268615; x=1739873415; darn=dpdk.org; h=cc:to:from:subject:message-id:date:from:to:cc:subject:date :message-id:reply-to; bh=/x43PZA6p6nsSIJaAVUHuSlZTfWZaIwP12/9Y/hq10k=; b=RXZ5TUDZt0C5xn5vsNlThseQ3uVHsLIMfcvVxgGwOthQ49f6EUQa9J2XcQmHeJrcop 2SlLOGich4/NX/JSjFsncTXnG/0HSojbA/GZlH5W0vA7MTAzDzzyf8RH7mfV/nUtj7wp /Chao/+tA/wbWyTMYEZFyxnHQbetUzNBhSOjI= X-Google-DKIM-Signature: v=1; a=rsa-sha256; c=relaxed/relaxed; d=1e100.net; s=20230601; t=1739268615; x=1739873415; h=cc:to:from:subject:message-id:date:x-gm-message-state:from:to:cc :subject:date:message-id:reply-to; bh=/x43PZA6p6nsSIJaAVUHuSlZTfWZaIwP12/9Y/hq10k=; b=aFFwRp6LhwK6hrGsHWbMCvaRm10n3juaNK9Mfx8/yTND54I3Gjgegm8q3K5tGVy1N7 GZQ8nH/i+0bxfwt6Mq1AvIVRngQH146uQf60ubASo2SVmIvhzak1nUm6LFxHCREvdolK GuZtS5wt2jxZi5nMU9RKgoVGW7GjvYMTZ6PnMGwjlRrm3gahHp3J5CLThm3yb1MqlHs4 kkRLqd+G44vK1c/AWgJnSds7eYMgIOdTls0unwvwipGpr2ycJb0JP+yyOkTKehqaZvsd nx3OBySy+Z9e4OzXxnGDwmW5RC4HRYJqkBYXWTkzIuv07EuX8ce6RJM3r++bblTMbg+i ZWMw== X-Gm-Message-State: AOJu0Yx7k4twHhT0dhkewmtHyPIbpwKI7WhcLuEdlogw7t/ANLwbVpEU JAZdhpjSCXf4q7P0t+SR6FStu0fMdoSr8n44YgnVk67JUWaDjivCiFevk1S0yiZ86p4Cv90AuPI kaQ+7vrHnErJrBWhwYZI7Osm7jQqF+/HOLFxpuLngv083q1FW X-Gm-Gg: ASbGncuVY+hnJD5Snas+ajnbUQr5beUHP5v8gytJVpBb4xAevrQepTnp8etWZjrCDb4 tGdrpgFhl2aLXGkhmUW4XiUJNDGTjdOqhDyVGR6oJka/Pa3rpnAk2457Ofy4I8dDawkOQc0xrAF iBRW26GTmBXiejsuzB1e+at2q0M6aJIuw3h0Pt3VJTAf+La2nH3BOuMNiPPZwr+hXMNyXuKlC/Y foD7KL1ncUfIcU3Ui1Ewa+DYSsllSM6PdFSkak5aomwPvq/aAMG82l4cTbXV1CHwsNQ1e7kjXce S360dVC83eClpBq7CSG7ZMNwC/pXyi6iAxkBJXbYdg== X-Google-Smtp-Source: AGHT+IGBM6JBWMbgUb2JsUIacV4jiF8VqTdIJLA04Kk8vr9xUsU+oJZtImd88iXXwV9yM91YWeisjA0XYe3H X-Received: by 2002:ac8:5854:0:b0:471:9174:53ae with SMTP id d75a77b69052e-471a13cb25dmr47375301cf.23.1739268615217; Tue, 11 Feb 2025 02:10:15 -0800 (PST) Received: from postal.iol.unh.edu (postal.iol.unh.edu. [2606:4100:3880:1234::84]) by smtp-relay.gmail.com with ESMTPS id d75a77b69052e-471a0b4aea5sm1061461cf.22.2025.02.11.02.10.15 (version=TLS1_2 cipher=ECDHE-ECDSA-AES128-GCM-SHA256 bits=128/128); Tue, 11 Feb 2025 02:10:15 -0800 (PST) X-Relaying-Domain: iol.unh.edu Date: Tue, 11 Feb 2025 02:10:15 -0800 (PST) Message-ID: <67ab2207.050a0220.ef4e2.578dSMTPIN_ADDED_MISSING@mx.google.com> Received: from [172.21.0.6] (unknown [172.18.0.240]) by postal.iol.unh.edu (Postfix) with ESMTP id E200D6052471; Tue, 11 Feb 2025 05:10:14 -0500 (EST) Subject: |FAILURE| [GIT MASTER] 7ce7d3341d7e21c2a81f2fea8e451681d7306d77 From: dpdklab@iol.unh.edu To: Test Report Cc: dpdk-test-reports@iol.unh.edu, Xueming Li , Christian Ehrhardt , Kevin Traynor , Luca Boccassi Content-Type: text/plain X-BeenThere: test-report@dpdk.org X-Mailman-Version: 2.1.29 Precedence: list List-Id: automatic DPDK test reports List-Unsubscribe: , List-Archive: List-Post: List-Help: List-Subscribe: , Errors-To: test-report-bounces@dpdk.org _Testing issues_ Branch: tags/v22.11 7ce7d3341d7e21c2a81f2fea8e451681d7306d77 --> testing issues Upstream job id: Generic-Unit-Test-DPDK#313960 Test environment and result as below: +---------------------+----------------+ | Environment | dpdk_unit_test | +=====================+================+ | CentOS Stream 10 | FAIL | +---------------------+----------------+ | Debian Bullseye | FAIL | +---------------------+----------------+ | CentOS Stream 9 | FAIL | +---------------------+----------------+ | Ubuntu 20.04 | FAIL | +---------------------+----------------+ | Fedora 40 (Clang) | FAIL | +---------------------+----------------+ | Debian 12 | FAIL | +---------------------+----------------+ | RHEL8 | FAIL | +---------------------+----------------+ | Ubuntu 24.04 | FAIL | +---------------------+----------------+ | Fedora 40 | FAIL | +---------------------+----------------+ | RHEL9 | FAIL | +---------------------+----------------+ | Ubuntu 22.04 | FAIL | +---------------------+----------------+ | Fedora 41 (Clang) | FAIL | +---------------------+----------------+ | Fedora 41 | FAIL | +---------------------+----------------+ | Windows Server 2022 | FAIL | +---------------------+----------------+ ==== Unit test summary for Windows Server 2022 (dpdk_unit_test): ==== Failed to get the unit test results. Displaying the unit test results is not supported for some environments, such as our aarch32 testing, where meson is not used to run the tests. Download the logs available on our CI site. ==== End log output ==== CentOS Stream 10 Kernel: Depends on container host Compiler: gcc 14.2.1 20241104 (Red Hat 14.2.1-6) Debian Bullseye Kernel: Depends on container host Compiler: gcc (Debian 10.2.1-6) 10.2.1 20210110 CentOS Stream 9 Kernel: Depends on container host Compiler: gcc 11.5.0 20240719 (Red Hat 11.5.0-2) Ubuntu 20.04 Kernel: Depends on container host Compiler: gcc (Ubuntu 9.4.0-1ubuntu1~20.04.2) 9.4.0 Fedora 40 (Clang) Kernel: Depends on container host Compiler: clang 18.1.8 (Fedora 18.1.8-1.fc40) Debian 12 Kernel: Depends on container host Compiler: gcc (Debian 12.2.0-14) 12.2.0 RHEL8 Kernel: Depends on container host Compiler: gcc 8.5.0 20210514 (Red Hat 8.5.0-22) Ubuntu 24.04 Kernel: Depends on container host Compiler: gcc (Ubuntu 13.3.0-6ubuntu2~24.04) 13.3.0 Fedora 40 Kernel: Depends on container host Compiler: gcc 14.2.1 20240912 (Red Hat 14.2.1-3) RHEL9 Kernel: Depends on container host Compiler: gcc 11.5.0 20240719 (Red Hat 11.5.0-2) Ubuntu 22.04 Kernel: Depends on container host Compiler: gcc (Ubuntu 11.4.0-1ubuntu1~22.04) 11.4.0 Fedora 41 (Clang) Kernel: Depends on container host Compiler: clang 19.1.5 (Fedora 19.1.5-1.fc41) Fedora 41 Kernel: Depends on container host Compiler: gcc 14.2.1 20240912 (Red Hat 14.2.1-3) Windows Server 2022 Kernel: 10.0.20348.2031 Compiler: clang 15.0.7, gcc 14.1.0 (MinGW), and MSVC VS 19.39.33521 To view detailed results, visit: https://lab.dpdk.org/results/dashboard/tarballs/32537/ UNH-IOL DPDK Community Lab To manage your email subscriptions, visit: https://lab.dpdk.org/results/dashboard/preferences/subscriptions/