From mboxrd@z Thu Jan 1 00:00:00 1970 Return-Path: Received: from mails.dpdk.org (mails.dpdk.org [217.70.189.124]) by inbox.dpdk.org (Postfix) with ESMTP id EC4C9461F6 for ; Tue, 11 Feb 2025 11:51:18 +0100 (CET) Received: from mails.dpdk.org (localhost [127.0.0.1]) by mails.dpdk.org (Postfix) with ESMTP id C8A6A40156; Tue, 11 Feb 2025 11:51:18 +0100 (CET) Received: from mail-io1-f100.google.com (mail-io1-f100.google.com [209.85.166.100]) by mails.dpdk.org (Postfix) with ESMTP id 97EA840150 for ; Tue, 11 Feb 2025 11:51:17 +0100 (CET) Received: by mail-io1-f100.google.com with SMTP id ca18e2360f4ac-8553108e7a2so125515239f.2 for ; Tue, 11 Feb 2025 02:51:17 -0800 (PST) DKIM-Signature: v=1; a=rsa-sha256; c=relaxed/relaxed; d=iol.unh.edu; s=unh-iol; t=1739271077; x=1739875877; darn=dpdk.org; h=cc:to:from:subject:message-id:date:from:to:cc:subject:date :message-id:reply-to; bh=v6K0L0MSPBbSE4/mtfkc1yPDH0qpCk0oQ9Zhn30/ync=; b=WoRjkkFGCh0l5Cdh484yTfkXF0gN02M/Go1Vh0jrJWwCg33E5Y3iPcnUa3yYo1fZLS +DSBLTNat6j6MDFzwABCuOjQVqawv03Y+6vow82Ab3/CutmD29cwevzgagXZb7JMqDg6 KZ2Mg3fB5smbpYRcBcaECyiY1C2ERP3jcNYqw= X-Google-DKIM-Signature: v=1; a=rsa-sha256; c=relaxed/relaxed; d=1e100.net; s=20230601; t=1739271077; x=1739875877; h=cc:to:from:subject:message-id:date:x-gm-message-state:from:to:cc :subject:date:message-id:reply-to; bh=v6K0L0MSPBbSE4/mtfkc1yPDH0qpCk0oQ9Zhn30/ync=; b=l2PdWGwTawDOQBRzp2XSzdpGIFkM4guXEW5CuI+++qVW/7KhmVP6kcu/oo2jUjjGqH pL4k6XGbATafqnwjlFBq+f6MBUgTwF85WIdb/PD/zOuzOURsbQ+/gxN9SOE+C9vCQaA7 7mkbQVwlwoNfxy8DWzeJ98l8FfLLHw76xO2/+HUUK2wFKOCiiF+lXeCak4Lt1a73k4k8 pmigdHAKBj87pManb2M11zAmI4cx61i2CIfybuqw/+wG6V7kdXEIgOnxnj0WVHf0GQlh 7wEPTuNO6HXU6QyulueVrn5/He9eobQyoUf/dEUJuzN7dyxJumjF8IARSLhc7EMalR+j BPwQ== X-Gm-Message-State: AOJu0YzgvgMC9POF4C53dUPrQ51Vu7oJg3s9qFBvoMxz1RqVd4gvKxht yDFP3S5sWCCKsnL7sbhsLcvc9A60c0pi6pPJrabw6FKWVKlNYV7H3kA4XtBIv4rLIf09UQTrVkw BpRnVbFZby8t73KKFod7Z+rlzA7n/yzTq X-Gm-Gg: ASbGnctvmvGg4zKWQ9LcvnOjUATe1AygLJLdwNwcSBDqW538NFZ1jA25d3qh7UwBEXb sBjm8djM6q4WBa8dHFVevo1CSl19q4o6X1C8P6V54L2D/S/LqgOtr42gJerX7qW8nnkCku3ud8N M5Si8cdj8n22khdisSpxWOkNHT2avHRK22pq8Ga65CqwlPiVbD65Es/uz/jzJ+IRbILjvUwoT4r zllgLCxGYRlhwBU+cQE6bO7cBoPU030wQb9pBE1Mb9iZ8c+iFgmpf56jx4ERN75A1Qg5xgLBCTX jzI27FqEgxBjhYWhkGHSjHEn9pZGSA== X-Google-Smtp-Source: AGHT+IEUS8Z6pq5cPIXukpioNF7Bo6zONEx4K4vpCVgCBztI7tgF/3u7o16XsjZfQtxPoICxlG28inO4nQOf X-Received: by 2002:a05:6602:6d0d:b0:855:2bc8:69df with SMTP id ca18e2360f4ac-8552bc86fe4mr790836939f.14.1739271076849; Tue, 11 Feb 2025 02:51:16 -0800 (PST) Received: from postal.iol.unh.edu (postal.iol.unh.edu. [132.177.123.84]) by smtp-relay.gmail.com with ESMTPS id 8926c6da1cb9f-4ecd4a01193sm571322173.9.2025.02.11.02.51.16 (version=TLS1_2 cipher=ECDHE-ECDSA-AES128-GCM-SHA256 bits=128/128); Tue, 11 Feb 2025 02:51:16 -0800 (PST) X-Relaying-Domain: iol.unh.edu Date: Tue, 11 Feb 2025 02:51:16 -0800 (PST) Message-ID: <67ab2ba4.050a0220.1e920.c7b7SMTPIN_ADDED_MISSING@mx.google.com> Received: from [172.21.0.6] (unknown [172.18.0.240]) by postal.iol.unh.edu (Postfix) with ESMTP id 4DD856052471; Tue, 11 Feb 2025 05:51:16 -0500 (EST) Subject: |WARNING| [GIT MASTER] 7ce7d3341d7e21c2a81f2fea8e451681d7306d77 From: dpdklab@iol.unh.edu To: Test Report Cc: dpdk-test-reports@iol.unh.edu, Xueming Li , Christian Ehrhardt , Kevin Traynor , Luca Boccassi Content-Type: text/plain X-BeenThere: test-report@dpdk.org X-Mailman-Version: 2.1.29 Precedence: list List-Id: automatic DPDK test reports List-Unsubscribe: , List-Archive: List-Post: List-Help: List-Subscribe: , Errors-To: test-report-bounces@dpdk.org _Testing issues_ Branch: tags/v22.11 7ce7d3341d7e21c2a81f2fea8e451681d7306d77 --> testing issues Upstream job id: Generic-Unit-Test-DPDK#313967 Test environment and result as below: +-----------------------------+---------------------------+--------------+------------------------------+----------------+ | Environment | cryptodev_sw_zuc_autotest | lpm_autotest | cryptodev_sw_snow3g_autotest | dpdk_unit_test | +=============================+===========================+==============+==============================+================+ | Debian 12 (arm) | PASS | SKIPPED | PASS | SKIPPED | +-----------------------------+---------------------------+--------------+------------------------------+----------------+ | Ubuntu 20.04 ARM SVE | SKIPPED | FAIL | SKIPPED | SKIPPED | +-----------------------------+---------------------------+--------------+------------------------------+----------------+ | 32-bit Ubuntu 22.04.4 (ARM) | SKIPPED | SKIPPED | SKIPPED | PASS | +-----------------------------+---------------------------+--------------+------------------------------+----------------+ ==== 20 line log output for Ubuntu 20.04 ARM SVE (lpm_autotest): ==== [671/690] Compiling C object 'app/test/3062f5d@@dpdk-test@exe/test_threads.c.o'. [672/690] Compiling C object 'app/test/3062f5d@@dpdk-test@exe/test_thash_perf.c.o'. [673/690] Compiling C object 'app/test/3062f5d@@dpdk-test@exe/test_timer.c.o'. [674/690] Compiling C object 'app/test/3062f5d@@dpdk-test@exe/test_timer_perf.c.o'. [675/690] Compiling C object 'app/test/3062f5d@@dpdk-test@exe/test_thash.c.o'. [676/690] Compiling C object 'app/test/3062f5d@@dpdk-test@exe/test_timer_racecond.c.o'. [677/690] Compiling C object 'app/test/3062f5d@@dpdk-test@exe/test_ticketlock.c.o'. [678/690] Compiling C object 'app/test/3062f5d@@dpdk-test@exe/test_timer_secondary.c.o'. [679/690] Compiling C object 'app/test/3062f5d@@dpdk-test@exe/test_trace_register.c.o'. [680/690] Compiling C object 'app/test/3062f5d@@dpdk-test@exe/test_trace.c.o'. [681/690] Compiling C object 'app/test/3062f5d@@dpdk-test@exe/test_ring.c.o'. [682/690] Compiling C object 'app/test/3062f5d@@dpdk-test@exe/test_version.c.o'. [683/690] Compiling C object 'app/test/3062f5d@@dpdk-test@exe/test_telemetry_data.c.o'. [684/690] Compiling C object 'app/test/3062f5d@@dpdk-test@exe/test_telemetry_json.c.o'. [685/690] Compiling C object 'app/test/3062f5d@@dpdk-test@exe/test_pcapng.c.o'. [686/690] Compiling C object 'app/test/3062f5d@@dpdk-test@exe/virtual_pmd.c.o'. [687/690] Compiling C object 'app/test/3062f5d@@dpdk-test@exe/test_bpf.c.o'. [688/690] Compiling C object 'app/test/3062f5d@@dpdk-test@exe/test_trace_perf.c.o'. [689/690] Compiling C object 'app/test/3062f5d@@dpdk-test@exe/test_compressdev.c.o'. [690/690] Linking target app/test/dpdk-test. ==== End log output ==== Debian 12 (arm) Kernel: Depends on container host Compiler: gcc (Debian 12.2.0-14) 12.2.0 Ubuntu 20.04 ARM SVE Kernel: Depends on container host Compiler: gcc (Ubuntu 10.5.0-1ubuntu1~20.04) 10.5.0 32-bit Ubuntu 22.04.4 (ARM) Kernel: 5.15.83+ aarch64 Compiler: gcc (Ubuntu 11.4.0-1ubuntu1~22.04) 11.4.0 To view detailed results, visit: https://lab.dpdk.org/results/dashboard/tarballs/32537/ UNH-IOL DPDK Community Lab To manage your email subscriptions, visit: https://lab.dpdk.org/results/dashboard/preferences/subscriptions/