From mboxrd@z Thu Jan 1 00:00:00 1970 Return-Path: Received: from mails.dpdk.org (mails.dpdk.org [217.70.189.124]) by inbox.dpdk.org (Postfix) with ESMTP id 258184616C for ; Tue, 11 Feb 2025 12:08:58 +0100 (CET) Received: from mails.dpdk.org (localhost [127.0.0.1]) by mails.dpdk.org (Postfix) with ESMTP id 0815E402B1; Tue, 11 Feb 2025 12:08:58 +0100 (CET) Received: from mail-io1-f99.google.com (mail-io1-f99.google.com [209.85.166.99]) by mails.dpdk.org (Postfix) with ESMTP id 3EE9840156 for ; Tue, 11 Feb 2025 12:08:56 +0100 (CET) Received: by mail-io1-f99.google.com with SMTP id ca18e2360f4ac-854a682d2b6so383477839f.0 for ; Tue, 11 Feb 2025 03:08:56 -0800 (PST) DKIM-Signature: v=1; a=rsa-sha256; c=relaxed/relaxed; d=iol.unh.edu; s=unh-iol; t=1739272135; x=1739876935; darn=dpdk.org; h=cc:to:from:subject:message-id:date:from:to:cc:subject:date :message-id:reply-to; bh=MgTNwBlNZZNjdnDocNX2oam9Ab+B5q4mDI28zZyVoVg=; b=gTwGoPAweSZF3jRR0tSaiXvNZnCHyVJfKQJ270W/gnmk7Z3swh8HbSgd9NFhqvBuWW Jj3XVkzXxuagxc6gBDW5J90AfZmsxfCgk18ApwPf4s9ug2sKVjiDuYOeW7Z6hr/MizXl UsG6X7Rs+suLS9MUAZUaMXoueQtMOdrvJkQ5M= X-Google-DKIM-Signature: v=1; a=rsa-sha256; c=relaxed/relaxed; d=1e100.net; s=20230601; t=1739272135; x=1739876935; h=cc:to:from:subject:message-id:date:x-gm-message-state:from:to:cc :subject:date:message-id:reply-to; bh=MgTNwBlNZZNjdnDocNX2oam9Ab+B5q4mDI28zZyVoVg=; b=F5eogAACsa1VpiIEiYUFXgRqO2ShRbJwQVw48neKJK7W6teggg8AGzk/iWWeX3Cjid eYwJ6XoKXagjjlA9f+OVRc3EucqzOdpp9QU75Y6ueocOSRJKe5IYfj2ABdFRm5PqE7MI JRc+nXgN7L+q0kZWGWyg5I1qCPd+76DyQz6kntze8nupbsBqlj738uTPmTCznTi6tu23 tp3PvaOwhHdrfdj0Hqzv6tU1/Wq/0oYl7oRUd1oYVw+8pMKZi6RF+QwuSgPHTHYPCeIR MeHySwpVXOTQ9qmpbcrW++Ki20Oj8gpOOTh23I3kVvIq1HTAboiB6JY6TQCu+czwcuEu Pgaw== X-Gm-Message-State: AOJu0YzFA6eMNSmEjKAkiJ/lGPtwj/0CcwtMH/TJ5OvCpLuOf3lvtrk7 rG1xesc+P8ynySh3VH0BQtbVTOnNGYY+hK1QTUEuwUb955wRqlISvwuUW6NTyKLdIxSKHvdpqxM Wsfql81ISQJs+iQJRPfsRrD/09/z2yIX8iZfmKdHVvR0j5uvF X-Gm-Gg: ASbGnctv0bWpsFuvFvqkZcuGozd7DY7U82lxQV1aTTGCHwhJVHQpeNV97CABVX5TThr nTO6ARqK9U8i8C5eHXNS5GLkTBECDB8MKVnuSx1v0RXzUJNtBs9lQvK0KKN0rG+PqwLchknG762 uc0A2DAnB4AqKiQg+GZ91QXUmFdPll6u62kLFWnPBOs5qB0oEK8mnA1uzWgky9svPxCnOdiOOL9 LJgS15tpzImfsmzPBB6HGKkgZit7fvsAZu8R0edXm4/xiGd35mAqIu6KRLhhKbeH1z9Vu1CmD2C hVPU6G/WPaTfk2pfzrslT7Hg2V/24ornTQxhV4Y8ag== X-Google-Smtp-Source: AGHT+IFpub+CsKZ7H1nInVOxstK3GWD6IoUIboqM1pBfGNU4NHj8FKfBees4vj0pMvJg/FhxyH6Tw5B/8H0O X-Received: by 2002:a05:6602:4186:b0:835:4cb5:4fa7 with SMTP id ca18e2360f4ac-854fd8fd835mr1624790439f.12.1739272135543; Tue, 11 Feb 2025 03:08:55 -0800 (PST) Received: from postal.iol.unh.edu (postal.iol.unh.edu. [2606:4100:3880:1234::84]) by smtp-relay.gmail.com with ESMTPS id ca18e2360f4ac-8553c937d79sm14354639f.16.2025.02.11.03.08.55 (version=TLS1_2 cipher=ECDHE-ECDSA-AES128-GCM-SHA256 bits=128/128); Tue, 11 Feb 2025 03:08:55 -0800 (PST) X-Relaying-Domain: iol.unh.edu Date: Tue, 11 Feb 2025 03:08:55 -0800 (PST) Message-ID: <67ab2fc7.050a0220.1e5a6f.8170SMTPIN_ADDED_MISSING@mx.google.com> Received: from [172.21.0.5] (unknown [172.18.0.240]) by postal.iol.unh.edu (Postfix) with ESMTP id 001F36052471; Tue, 11 Feb 2025 06:08:54 -0500 (EST) Subject: |WARNING| [GIT MASTER] 7ce7d3341d7e21c2a81f2fea8e451681d7306d77 From: dpdklab@iol.unh.edu To: Test Report Cc: dpdk-test-reports@iol.unh.edu, Xueming Li , Christian Ehrhardt , Kevin Traynor , Luca Boccassi Content-Type: text/plain X-BeenThere: test-report@dpdk.org X-Mailman-Version: 2.1.29 Precedence: list List-Id: automatic DPDK test reports List-Unsubscribe: , List-Archive: List-Post: List-Help: List-Subscribe: , Errors-To: test-report-bounces@dpdk.org _Testing issues_ Branch: tags/v22.11 7ce7d3341d7e21c2a81f2fea8e451681d7306d77 --> testing issues Upstream job id: Generic-DPDK-Compile-Meson#360497 Test environment and result as below: +---------------------+--------------------+-------------------------+----------------------+ | Environment | dpdk_meson_compile | dpdk_llvm_clang_compile | dpdk_mingw64_compile | +=====================+====================+=========================+======================+ | CentOS Stream 9 | PASS | SKIPPED | SKIPPED | +---------------------+--------------------+-------------------------+----------------------+ | CentOS Stream 10 | PASS | SKIPPED | SKIPPED | +---------------------+--------------------+-------------------------+----------------------+ | Debian 12 | PASS | SKIPPED | SKIPPED | +---------------------+--------------------+-------------------------+----------------------+ | Fedora 40 | PASS | SKIPPED | SKIPPED | +---------------------+--------------------+-------------------------+----------------------+ | Fedora 40 (Clang) | PASS | SKIPPED | SKIPPED | +---------------------+--------------------+-------------------------+----------------------+ | Debian Bullseye | PASS | SKIPPED | SKIPPED | +---------------------+--------------------+-------------------------+----------------------+ | Fedora 41 (Clang) | PASS | SKIPPED | SKIPPED | +---------------------+--------------------+-------------------------+----------------------+ | Fedora 41 | PASS | SKIPPED | SKIPPED | +---------------------+--------------------+-------------------------+----------------------+ | openSUSE Leap 15 | PASS | SKIPPED | SKIPPED | +---------------------+--------------------+-------------------------+----------------------+ | RHEL8 | PASS | SKIPPED | SKIPPED | +---------------------+--------------------+-------------------------+----------------------+ | Ubuntu 20.04 | PASS | SKIPPED | SKIPPED | +---------------------+--------------------+-------------------------+----------------------+ | RHEL9 | PASS | SKIPPED | SKIPPED | +---------------------+--------------------+-------------------------+----------------------+ | Ubuntu 22.04 | PASS | SKIPPED | SKIPPED | +---------------------+--------------------+-------------------------+----------------------+ | Ubuntu 24.04 | PASS | SKIPPED | SKIPPED | +---------------------+--------------------+-------------------------+----------------------+ | FreeBSD 13.4 | PASS | SKIPPED | SKIPPED | +---------------------+--------------------+-------------------------+----------------------+ | FreeBSD 14.2 | PASS | SKIPPED | SKIPPED | +---------------------+--------------------+-------------------------+----------------------+ | Windows Server 2022 | SKIPPED | FAIL | PASS | +---------------------+--------------------+-------------------------+----------------------+ ==== 20 line log output for Windows Server 2022 (dpdk_llvm_clang_compile): ==== ..\lib\eal\include/rte_common.h:850:32: note: expanded from macro 'RTE_FMT_TAIL' #define RTE_FMT_TAIL(fmt, ...) __VA_ARGS__ ^~~~~~~~~~~ ..\lib\eal\include/rte_common.h:848:39: note: expanded from macro 'RTE_FMT' #define RTE_FMT(fmt, ...) fmt "%.0s", __VA_ARGS__ "" ^~~~~~~~~~~ ../drivers/crypto/mlx5/mlx5_crypto.c:463:18: note: forward declaration of 'struct mlx5_err_cqe' volatile struct mlx5_err_cqe *cqe = (volatile struct mlx5_err_cqe *) ^ 3 errors generated. [627/788] Compiling C object drivers/libtmp_rte_net_vmxnet3.a.p/net_vmxnet3_vmxnet3_ethdev.c.obj [628/788] Compiling C object drivers/libtmp_rte_net_vmxnet3.a.p/net_vmxnet3_vmxnet3_rxtx.c.obj [629/788] Generating rte_net_octeon_ep.pmd.c with a custom command (wrapped by meson to set PATH) [630/788] Compiling C object drivers/libtmp_rte_crypto_mlx5.a.p/crypto_mlx5_mlx5_crypto_dek.c.obj [631/788] Compiling C object app/dpdk-testpmd.exe.p/test-pmd_csumonly.c.obj [632/788] Compiling C object app/dpdk-testpmd.exe.p/test-pmd_cmdline_tm.c.obj [633/788] Compiling C object drivers/libtmp_rte_net_mlx5.a.p/net_mlx5_mlx5_tx_empw.c.obj [634/788] Compiling C object app/test/dpdk-test.exe.p/test_cryptodev.c.obj [635/788] Compiling C object drivers/libtmp_rte_net_mlx5.a.p/net_mlx5_mlx5_tx_txpp.c.obj ninja: build stopped: subcommand failed. ==== End log output ==== CentOS Stream 9 Kernel: Depends on container host Compiler: gcc 11.5.0 20240719 (Red Hat 11.5.0-2) CentOS Stream 10 Kernel: Depends on container host Compiler: gcc 14.2.1 20241104 (Red Hat 14.2.1-6) Debian 12 Kernel: Depends on container host Compiler: gcc (Debian 12.2.0-14) 12.2.0 Fedora 40 Kernel: Depends on container host Compiler: gcc 14.2.1 20240912 (Red Hat 14.2.1-3) Fedora 40 (Clang) Kernel: Depends on container host Compiler: clang 18.1.8 (Fedora 18.1.8-1.fc40) Debian Bullseye Kernel: Depends on container host Compiler: gcc (Debian 10.2.1-6) 10.2.1 20210110 Fedora 41 (Clang) Kernel: Depends on container host Compiler: clang 19.1.5 (Fedora 19.1.5-1.fc41) Fedora 41 Kernel: Depends on container host Compiler: gcc 14.2.1 20240912 (Red Hat 14.2.1-3) openSUSE Leap 15 Kernel: Depends on container host Compiler: gcc (SUSE Linux) 7.5.0 RHEL8 Kernel: Depends on container host Compiler: gcc 8.5.0 20210514 (Red Hat 8.5.0-22) Ubuntu 20.04 Kernel: Depends on container host Compiler: gcc (Ubuntu 9.4.0-1ubuntu1~20.04.2) 9.4.0 RHEL9 Kernel: Depends on container host Compiler: gcc 11.5.0 20240719 (Red Hat 11.5.0-2) Ubuntu 22.04 Kernel: Depends on container host Compiler: gcc (Ubuntu 11.4.0-1ubuntu1~22.04) 11.4.0 Ubuntu 24.04 Kernel: Depends on container host Compiler: gcc (Ubuntu 13.3.0-6ubuntu2~24.04) 13.3.0 FreeBSD 13.4 Kernel: 13.4-RELEASE-p1 Compiler: clang 18.1.6 FreeBSD 14.2 Kernel: 14.2-RELEASE Compiler: clang 18.1.6 Windows Server 2022 Kernel: 10.0.20348.2031 Compiler: clang 15.0.7, gcc 14.1.0 (MinGW), and MSVC VS 19.39.33521 To view detailed results, visit: https://lab.dpdk.org/results/dashboard/tarballs/32537/ UNH-IOL DPDK Community Lab To manage your email subscriptions, visit: https://lab.dpdk.org/results/dashboard/preferences/subscriptions/