automatic DPDK test reports
 help / color / mirror / Atom feed
* |SUCCESS| pw151296 [PATCH] mbuf: enable to be compiled with MSVC
       [not found] <1739224265-4158-1-git-send-email-andremue@linux.microsoft.com>
@ 2025-02-10 21:19 ` qemudev
  2025-02-10 21:23 ` qemudev
                   ` (39 subsequent siblings)
  40 siblings, 0 replies; 41+ messages in thread
From: qemudev @ 2025-02-10 21:19 UTC (permalink / raw)
  To: test-report

Test-Label: loongarch-compilation
Test-Status: SUCCESS
http://dpdk.org/patch/151296

_Compilation OK_

Submitter: Andre Muezerie <andremue@linux.microsoft.com>
Date: Mon, 10 Feb 2025 13:51:05 -0800
DPDK git baseline: Repo:dpdk
  Branch: main
  CommitID: 8f7a06aee8134cd10bf21e85eaa780abb5f1e1e5

151296 --> meson & ninja build successfully

Test environment and result as below:

+---------------------+----------------+
|     Environment     | compilation    |
+---------------------+----------------+
| Loongnix-Server 8.3 | PASS           |
+---------------------+----------------+

Loongnix-Server 8.3
    Kernel: 4.19.190+
    Compiler: gcc 8.3


^ permalink raw reply	[flat|nested] 41+ messages in thread

* |SUCCESS| pw151296 [PATCH] mbuf: enable to be compiled with MSVC
       [not found] <1739224265-4158-1-git-send-email-andremue@linux.microsoft.com>
  2025-02-10 21:19 ` |SUCCESS| pw151296 [PATCH] mbuf: enable to be compiled with MSVC qemudev
@ 2025-02-10 21:23 ` qemudev
  2025-02-10 21:51 ` checkpatch
                   ` (38 subsequent siblings)
  40 siblings, 0 replies; 41+ messages in thread
From: qemudev @ 2025-02-10 21:23 UTC (permalink / raw)
  To: test-report

Test-Label: loongarch-unit-testing
Test-Status: SUCCESS
http://dpdk.org/patch/151296

_Unit Testing PASS_

Submitter: Andre Muezerie <andremue@linux.microsoft.com>
Date: Mon, 10 Feb 2025 13:51:05 -0800
DPDK git baseline: Repo:dpdk
  Branch: main
  CommitID: 8f7a06aee8134cd10bf21e85eaa780abb5f1e1e5

151296 --> testing pass

Test environment and result as below:

+---------------------+----------------+
|     Environment     | dpdk_unit_test |
+---------------------+----------------+
| Loongnix-Server 8.3 | PASS           |
+---------------------+----------------+

Loongnix-Server 8.3
    Kernel: 4.19.190+
    Compiler: gcc 8.3


Test result details:
  1/119 DPDK:fast-tests / acl_autotest                            OK              3.43s
  2/119 DPDK:fast-tests / alarm_autotest                          OK              1.64s
  3/119 DPDK:fast-tests / argparse_autotest                       OK              0.64s
  4/119 DPDK:fast-tests / atomic_autotest                         OK              7.24s
  5/119 DPDK:fast-tests / bitcount_autotest                       OK              0.31s
  6/119 DPDK:fast-tests / bitmap_autotest                         OK              0.31s
  7/119 DPDK:fast-tests / bitops_autotest                         OK              1.81s
  8/119 DPDK:fast-tests / bitratestats_autotest                   OK              0.41s
  9/119 DPDK:fast-tests / bitset_autotest                         OK              3.11s
 10/119 DPDK:fast-tests / bpf_autotest                            OK              0.41s
 11/119 DPDK:fast-tests / bpf_convert_autotest                    OK              0.41s
 12/119 DPDK:fast-tests / byteorder_autotest                      OK              0.40s
 13/119 DPDK:fast-tests / cfgfile_autotest                        OK              0.40s
 14/119 DPDK:fast-tests / cksum_autotest                          OK              0.40s
 15/119 DPDK:fast-tests / cmdline_autotest                        OK              0.40s
 16/119 DPDK:fast-tests / common_autotest                         OK              1.28s
 17/119 DPDK:fast-tests / compressdev_autotest                    SKIP            0.06s   exit status 77
 18/119 DPDK:fast-tests / cpuflags_autotest                       OK              0.31s
 19/119 DPDK:fast-tests / crc_autotest                            OK              0.31s
 20/119 DPDK:fast-tests / user_delay_us                           OK              0.31s
 21/119 DPDK:fast-tests / debug_autotest                          OK             23.75s
 22/119 DPDK:fast-tests / devargs_autotest                        OK              0.31s
 23/119 DPDK:fast-tests / dispatcher_autotest                     OK              2.50s
 24/119 DPDK:fast-tests / distributor_autotest                    OK              1.20s
 25/119 DPDK:fast-tests / eal_flags_c_opt_autotest                OK              0.79s
 26/119 DPDK:fast-tests / eal_flags_main_opt_autotest             OK              0.22s
 27/119 DPDK:fast-tests / eal_flags_n_opt_autotest                OK              0.20s
 28/119 DPDK:fast-tests / eal_flags_hpet_autotest                 OK              0.13s
 29/119 DPDK:fast-tests / eal_flags_no_huge_autotest              OK              0.22s
 30/119 DPDK:fast-tests / eal_flags_a_opt_autotest                OK              0.30s
 31/119 DPDK:fast-tests / eal_flags_b_opt_autotest                OK              0.25s
 32/119 DPDK:fast-tests / eal_flags_vdev_opt_autotest             OK              0.19s
 33/119 DPDK:fast-tests / eal_flags_r_opt_autotest                OK              0.19s
 34/119 DPDK:fast-tests / eal_flags_mem_autotest                  OK              0.60s
 35/119 DPDK:fast-tests / eal_flags_file_prefix_autotest          OK             22.26s
 36/119 DPDK:fast-tests / eal_flags_misc_autotest                 OK              1.07s
 37/119 DPDK:fast-tests / eal_fs_autotest                         OK              0.35s
 38/119 DPDK:fast-tests / errno_autotest                          OK              0.31s
 39/119 DPDK:fast-tests / ethdev_link_status                      OK              0.31s
 40/119 DPDK:fast-tests / event_eth_tx_adapter_autotest           OK              1.68s
 41/119 DPDK:fast-tests / event_ring_autotest                     OK              0.31s
 42/119 DPDK:fast-tests / eventdev_common_autotest                OK              0.31s
 43/119 DPDK:fast-tests / eventdev_selftest_sw                    OK              7.13s
 44/119 DPDK:fast-tests / fbarray_autotest                        OK              0.31s
 45/119 DPDK:fast-tests / fib_autotest                            OK              1.20s
 46/119 DPDK:fast-tests / fib6_autotest                           OK              0.98s
 47/119 DPDK:fast-tests / func_reentrancy_autotest                OK              2.22s
 48/119 DPDK:fast-tests / graph_autotest                          OK              0.31s
 49/119 DPDK:fast-tests / node_list_dump                          OK              0.31s
 50/119 DPDK:fast-tests / hash_autotest                           OK              0.93s
 51/119 DPDK:fast-tests / hash_readwrite_func_autotest            OK              6.38s
 52/119 DPDK:fast-tests / interrupt_autotest                      OK              1.61s
 53/119 DPDK:fast-tests / ipfrag_autotest                         OK              0.07s
 54/119 DPDK:fast-tests / ipsec_autotest                          SKIP            0.31s   exit status 77
 55/119 DPDK:fast-tests / kvargs_autotest                         OK              0.31s
 56/119 DPDK:fast-tests / latencystats_autotest                   OK              0.31s
 57/119 DPDK:fast-tests / lcore_var_autotest                      OK              0.46s
 58/119 DPDK:fast-tests / lcores_autotest                         OK              5.12s
 59/119 DPDK:fast-tests / logs_autotest                           OK              0.31s
 60/119 DPDK:fast-tests / lpm_autotest                            OK              2.37s
 61/119 DPDK:fast-tests / lpm6_autotest                           OK              5.48s
 62/119 DPDK:fast-tests / malloc_autotest                         OK             62.82s
 63/119 DPDK:fast-tests / mbuf_autotest                           OK              4.86s
 64/119 DPDK:fast-tests / mcslock_autotest                        OK              2.64s
 65/119 DPDK:fast-tests / member_autotest                         OK              1.50s
 66/119 DPDK:fast-tests / memcpy_autotest                         OK              6.70s
 67/119 DPDK:fast-tests / memory_autotest                         OK              0.08s
 68/119 DPDK:fast-tests / mempool_autotest                        OK              0.43s
 69/119 DPDK:fast-tests / memzone_autotest                        OK              0.14s
 70/119 DPDK:fast-tests / meter_autotest                          OK              0.31s
 71/119 DPDK:fast-tests / metrics_autotest                        OK              0.31s
 72/119 DPDK:fast-tests / multiprocess_autotest                   OK              0.18s
 73/119 DPDK:fast-tests / net_ether_autotest                      OK              0.97s
 74/119 DPDK:fast-tests / net_ipv6_autotest                       OK              0.31s
 75/119 DPDK:fast-tests / pcapng_autotest                         OK              6.35s
 76/119 DPDK:fast-tests / pdcp_autotest                           SKIP            0.06s   exit status 77
 77/119 DPDK:fast-tests / pdump_autotest                          OK              0.43s
 78/119 DPDK:fast-tests / per_lcore_autotest                      OK              0.41s
 79/119 DPDK:fast-tests / pflock_autotest                         OK              1.12s
 80/119 DPDK:fast-tests / pie_autotest                            OK              0.31s
 81/119 DPDK:fast-tests / ring_pmd_autotest                       OK              0.31s
 82/119 DPDK:fast-tests / power_autotest                          OK              0.31s
 83/119 DPDK:fast-tests / power_cpufreq_autotest                  SKIP            0.06s   exit status 77
 84/119 DPDK:fast-tests / power_intel_uncore_autotest             SKIP            0.30s   exit status 77
 85/119 DPDK:fast-tests / power_kvm_vm_autotest                   SKIP            0.06s   exit status 77
 86/119 DPDK:fast-tests / prefetch_autotest                       OK              0.31s
 87/119 DPDK:fast-tests / ptr_compress_autotest                   OK              0.31s
 88/119 DPDK:fast-tests / rawdev_autotest                         OK              0.31s
 89/119 DPDK:fast-tests / rcu_qsbr_autotest                       OK              0.83s
 90/119 DPDK:fast-tests / reorder_autotest                        OK              0.37s
 91/119 DPDK:fast-tests / rib_autotest                            OK              8.95s
 92/119 DPDK:fast-tests / rib6_autotest                           OK              8.94s
 93/119 DPDK:fast-tests / ring_autotest                           OK              0.34s
 94/119 DPDK:fast-tests / rwlock_test1_autotest                   OK              1.06s
 95/119 DPDK:fast-tests / rwlock_rda_autotest                     OK              5.31s
 96/119 DPDK:fast-tests / rwlock_rds_wrm_autotest                 OK              5.31s
 97/119 DPDK:fast-tests / rwlock_rde_wro_autotest                 OK              5.31s
 98/119 DPDK:fast-tests / sched_autotest                          OK              0.31s
 99/119 DPDK:fast-tests / security_autotest                       OK              0.06s
100/119 DPDK:fast-tests / seqlock_autotest                        OK              2.50s
101/119 DPDK:fast-tests / service_autotest                        OK              3.01s
102/119 DPDK:fast-tests / soring_autotest                         OK              0.31s
103/119 DPDK:fast-tests / spinlock_autotest                       OK              0.39s
104/119 DPDK:fast-tests / stack_autotest                          OK              0.86s
105/119 DPDK:fast-tests / stack_lf_autotest                       SKIP            0.05s   exit status 77
106/119 DPDK:fast-tests / string_autotest                         OK              0.31s
107/119 DPDK:fast-tests / table_autotest                          OK              7.48s
108/119 DPDK:fast-tests / tailq_autotest                          OK              0.30s
109/119 DPDK:fast-tests / telemetry_data_autotest                 OK              0.31s
110/119 DPDK:fast-tests / telemetry_json_autotest                 OK              0.31s
111/119 DPDK:fast-tests / thash_autotest                          OK              0.32s
112/119 DPDK:fast-tests / threads_autotest                        OK              0.48s
113/119 DPDK:fast-tests / ticketlock_autotest                     OK              0.46s
114/119 DPDK:fast-tests / timer_autotest                          OK              3.86s
115/119 DPDK:fast-tests / trace_autotest                          OK              0.31s
116/119 DPDK:fast-tests / trace_autotest_with_traces              OK              0.31s
117/119 DPDK:fast-tests / vdev_autotest                           OK              0.31s
118/119 DPDK:fast-tests / version_autotest                        OK              0.31s
119/119 DPDK:fast-tests / telemetry_all                           OK              1.29s


Ok:                 112
Expected Fail:      0
Fail:               0
Unexpected Pass:    0
Skipped:            7
Timeout:            0


^ permalink raw reply	[flat|nested] 41+ messages in thread

* |SUCCESS| pw151296 [PATCH] mbuf: enable to be compiled with MSVC
       [not found] <1739224265-4158-1-git-send-email-andremue@linux.microsoft.com>
  2025-02-10 21:19 ` |SUCCESS| pw151296 [PATCH] mbuf: enable to be compiled with MSVC qemudev
  2025-02-10 21:23 ` qemudev
@ 2025-02-10 21:51 ` checkpatch
  2025-02-10 23:05 ` 0-day Robot
                   ` (37 subsequent siblings)
  40 siblings, 0 replies; 41+ messages in thread
From: checkpatch @ 2025-02-10 21:51 UTC (permalink / raw)
  To: test-report

Test-Label: checkpatch
Test-Status: SUCCESS
http://dpdk.org/patch/151296

_coding style OK_



^ permalink raw reply	[flat|nested] 41+ messages in thread

* |SUCCESS| pw151296 [PATCH] mbuf: enable to be compiled with MSVC
       [not found] <1739224265-4158-1-git-send-email-andremue@linux.microsoft.com>
                   ` (2 preceding siblings ...)
  2025-02-10 21:51 ` checkpatch
@ 2025-02-10 23:05 ` 0-day Robot
  2025-02-11 12:15 ` |FAILURE| " dpdklab
                   ` (36 subsequent siblings)
  40 siblings, 0 replies; 41+ messages in thread
From: 0-day Robot @ 2025-02-10 23:05 UTC (permalink / raw)
  To: test-report; +Cc: robot

From: robot@bytheb.org

Test-Label: github-robot: build
Test-Status: SUCCESS
http://patchwork.dpdk.org/patch/151296/

_github build: passed_
Build URL: https://github.com/ovsrobot/dpdk/actions/runs/13251366067

^ permalink raw reply	[flat|nested] 41+ messages in thread

* |FAILURE| pw151296 [PATCH] mbuf: enable to be compiled with MSVC
       [not found] <1739224265-4158-1-git-send-email-andremue@linux.microsoft.com>
                   ` (3 preceding siblings ...)
  2025-02-10 23:05 ` 0-day Robot
@ 2025-02-11 12:15 ` dpdklab
  2025-02-11 12:23 ` |SUCCESS| " dpdklab
                   ` (35 subsequent siblings)
  40 siblings, 0 replies; 41+ messages in thread
From: dpdklab @ 2025-02-11 12:15 UTC (permalink / raw)
  To: Patrick Robb, Test Report; +Cc: dpdk-test-reports, Andre Muezerie

Test-Label: iol-broadcom-Performance
Test-Status: FAILURE
http://dpdk.org/patch/151296

_Performance Testing issues_

Submitter: Andre Muezerie <andremue@linux.microsoft.com>
Date: Monday, February 10 2025 21:51:05 
DPDK git baseline: Repo:dpdk
  Branch: master
  CommitID:9d29cd6dc87d6c35c52194a5f7a34f2d84140353

151296 --> performance testing issues

Upstream job id: Template-DTS-Pipeline#212164

Test environment and result as below:

Ubuntu 22.04
Kernel: 5.15.0-100-generic
Compiler: gcc (Ubuntu 11.4.0-1ubuntu1~22.04) 11.4.0
NIC: Broadcom Inc. and subsidiaries BCM57414 NetXtreme-E 10Gb/25Gb RDMA Ethernet Controller 16d7 25 Mbps
Fail/Total: 2/3
Failed cases list:
      - DTS https://dpdklab.iol.unh.edu/results/testcases/1/

Detail performance results: 
+------------+---------+----------+-------------+------------------------------+
| frame_size | txd/rxd | num_cpus | num_threads |  throughput difference from  |
|            |         |          |             |           expected           |
+============+=========+==========+=============+==============================+
| 64         | 128     | 1        | 1           | -4.6%                        |
+------------+---------+----------+-------------+------------------------------+
| 64         | 512     | 1        | 1           | -7.3%                        |
+------------+---------+----------+-------------+------------------------------+
| 64         | 2048    | 1        | 1           | -7.1%                        |
+------------+---------+----------+-------------+------------------------------+

Ubuntu 22.04 ARM
Kernel: 5.15.83+
Compiler: gcc 11.4.0
NIC: Arm Broadcom Inc. brcm_57414 25000 Mbps
Fail/Total: 0/2

Detail performance results: 
+------------+---------+----------+-------------+------------------------------+
| frame_size | txd/rxd | num_cpus | num_threads |  throughput difference from  |
|            |         |          |             |           expected           |
+============+=========+==========+=============+==============================+
| 64         | 512     | 1        | 1           | 0.3%                         |
+------------+---------+----------+-------------+------------------------------+
| 64         | 2048    | 1        | 1           | 0.5%                         |
+------------+---------+----------+-------------+------------------------------+

To view detailed results, visit:
https://lab.dpdk.org/results/dashboard/patchsets/32556/

UNH-IOL DPDK Community Lab

To manage your email subscriptions, visit: 
https://lab.dpdk.org/results/dashboard/preferences/subscriptions/

^ permalink raw reply	[flat|nested] 41+ messages in thread

* |SUCCESS| pw151296 [PATCH] mbuf: enable to be compiled with MSVC
       [not found] <1739224265-4158-1-git-send-email-andremue@linux.microsoft.com>
                   ` (4 preceding siblings ...)
  2025-02-11 12:15 ` |FAILURE| " dpdklab
@ 2025-02-11 12:23 ` dpdklab
  2025-02-11 12:29 ` dpdklab
                   ` (34 subsequent siblings)
  40 siblings, 0 replies; 41+ messages in thread
From: dpdklab @ 2025-02-11 12:23 UTC (permalink / raw)
  To: Ali Alnubani, Test Report; +Cc: dpdk-test-reports

Test-Label: iol-mellanox-Performance
Test-Status: SUCCESS
http://dpdk.org/patch/151296

_Performance Testing PASS_

Submitter: Andre Muezerie <andremue@linux.microsoft.com>
Date: Monday, February 10 2025 21:51:05 
DPDK git baseline: Repo:dpdk
  Branch: master
  CommitID:9d29cd6dc87d6c35c52194a5f7a34f2d84140353

151296 --> performance testing pass

Upstream job id: Template-DTS-Pipeline#212160

Test environment and result as below:

Ubuntu 24.04
Kernel: 6.8.0-45-generic
Compiler: gcc 13.2.0
NIC: NVIDIA Mellanox ConnectX-7 100000 Mbps
Fail/Total: 0/6

Detail performance results: 
+------------+---------+----------+-------------+------------------------------+
| frame_size | txd/rxd | num_cpus | num_threads |  throughput difference from  |
|            |         |          |             |           expected           |
+============+=========+==========+=============+==============================+
| 64         | 1024    | 1        | 1           | 0.7%                         |
+------------+---------+----------+-------------+------------------------------+
| 128        | 1024    | 1        | 1           | -0.1%                        |
+------------+---------+----------+-------------+------------------------------+
| 256        | 1024    | 1        | 1           | -0.6%                        |
+------------+---------+----------+-------------+------------------------------+
| 512        | 1024    | 1        | 1           | -0.0%                        |
+------------+---------+----------+-------------+------------------------------+
| 1024       | 1024    | 1        | 1           | -0.1%                        |
+------------+---------+----------+-------------+------------------------------+
| 1518       | 1024    | 1        | 1           | 0.1%                         |
+------------+---------+----------+-------------+------------------------------+

Ubuntu 24.04
Kernel: 6.8.0-45-generic
Compiler: gcc 13.2.0
NIC: Mellanox ConnectX-6 Lx 25000 Mbps
Fail/Total: 0/6

Detail performance results: 
+------------+---------+----------+-------------+------------------------------+
| frame_size | txd/rxd | num_cpus | num_threads |  throughput difference from  |
|            |         |          |             |           expected           |
+============+=========+==========+=============+==============================+
| 64         | 1024    | 1        | 1           | -0.0%                        |
+------------+---------+----------+-------------+------------------------------+
| 128        | 1024    | 1        | 1           | -0.0%                        |
+------------+---------+----------+-------------+------------------------------+
| 256        | 1024    | 1        | 1           | 0.2%                         |
+------------+---------+----------+-------------+------------------------------+
| 512        | 1024    | 1        | 1           | -0.3%                        |
+------------+---------+----------+-------------+------------------------------+
| 1024       | 1024    | 1        | 1           | -0.1%                        |
+------------+---------+----------+-------------+------------------------------+
| 1518       | 1024    | 1        | 1           | 0.1%                         |
+------------+---------+----------+-------------+------------------------------+

To view detailed results, visit:
https://lab.dpdk.org/results/dashboard/patchsets/32556/

UNH-IOL DPDK Community Lab

To manage your email subscriptions, visit: 
https://lab.dpdk.org/results/dashboard/preferences/subscriptions/

^ permalink raw reply	[flat|nested] 41+ messages in thread

* |SUCCESS| pw151296 [PATCH] mbuf: enable to be compiled with MSVC
       [not found] <1739224265-4158-1-git-send-email-andremue@linux.microsoft.com>
                   ` (5 preceding siblings ...)
  2025-02-11 12:23 ` |SUCCESS| " dpdklab
@ 2025-02-11 12:29 ` dpdklab
  2025-02-11 12:35 ` dpdklab
                   ` (33 subsequent siblings)
  40 siblings, 0 replies; 41+ messages in thread
From: dpdklab @ 2025-02-11 12:29 UTC (permalink / raw)
  To: Test Report; +Cc: dpdk-test-reports

Test-Label: iol-sample-apps-testing
Test-Status: SUCCESS
http://dpdk.org/patch/151296

_Testing PASS_

Submitter: Andre Muezerie <andremue@linux.microsoft.com>
Date: Monday, February 10 2025 21:51:05 
DPDK git baseline: Repo:dpdk
  Branch: master
  CommitID:9d29cd6dc87d6c35c52194a5f7a34f2d84140353

151296 --> testing pass

Upstream job id: Template-DTS-Pipeline#212172

Test environment and result as below:

+--------------------+----------------------+
|    Environment     | compressdev_zlib_pmd |
+====================+======================+
| Ubuntu 22.04 (ARM) | PASS                 |
+--------------------+----------------------+


Ubuntu 22.04 (ARM)
	Kernel: 5.15.0-97-generic
	Compiler: gcc gcc (Ubuntu 11.4.0-1ubuntu1~22.04) 11.4.0

To view detailed results, visit:
https://lab.dpdk.org/results/dashboard/patchsets/32556/

UNH-IOL DPDK Community Lab

To manage your email subscriptions, visit: 
https://lab.dpdk.org/results/dashboard/preferences/subscriptions/

^ permalink raw reply	[flat|nested] 41+ messages in thread

* |SUCCESS| pw151296 [PATCH] mbuf: enable to be compiled with MSVC
       [not found] <1739224265-4158-1-git-send-email-andremue@linux.microsoft.com>
                   ` (6 preceding siblings ...)
  2025-02-11 12:29 ` dpdklab
@ 2025-02-11 12:35 ` dpdklab
  2025-02-11 12:36 ` dpdklab
                   ` (32 subsequent siblings)
  40 siblings, 0 replies; 41+ messages in thread
From: dpdklab @ 2025-02-11 12:35 UTC (permalink / raw)
  To: Test Report; +Cc: dpdk-test-reports

Test-Label: iol-marvell-Functional
Test-Status: SUCCESS
http://dpdk.org/patch/151296

_Functional Testing PASS_

Submitter: Andre Muezerie <andremue@linux.microsoft.com>
Date: Monday, February 10 2025 21:51:05 
DPDK git baseline: Repo:dpdk
  Branch: master
  CommitID:9d29cd6dc87d6c35c52194a5f7a34f2d84140353

151296 --> functional testing pass

Upstream job id: Template-DTS-Pipeline#212170

Test environment and result as below:

Ubuntu 20.04.6
Kernel: 5.4.105
Compiler: gcc 9.4
NIC: Marvell CN106XX 50000 Mbps
Target: arm64-native-linuxapp-gcc

Aggregate Results by Test Suite
+-----------------+--------+
|   Test Suite    | Result |
+=================+========+
| cmdline         |  PASS  |
+-----------------+--------+
| ipv4_reassembly |  PASS  |
+-----------------+--------+
| rxtx_callbacks  |  PASS  |
+-----------------+--------+
| tso             |  PASS  |
+-----------------+--------+


To view detailed results, visit:
https://lab.dpdk.org/results/dashboard/patchsets/32556/

UNH-IOL DPDK Community Lab

To manage your email subscriptions, visit: 
https://lab.dpdk.org/results/dashboard/preferences/subscriptions/

^ permalink raw reply	[flat|nested] 41+ messages in thread

* |SUCCESS| pw151296 [PATCH] mbuf: enable to be compiled with MSVC
       [not found] <1739224265-4158-1-git-send-email-andremue@linux.microsoft.com>
                   ` (7 preceding siblings ...)
  2025-02-11 12:35 ` dpdklab
@ 2025-02-11 12:36 ` dpdklab
  2025-02-11 12:41 ` dpdklab
                   ` (31 subsequent siblings)
  40 siblings, 0 replies; 41+ messages in thread
From: dpdklab @ 2025-02-11 12:36 UTC (permalink / raw)
  To: Test Report; +Cc: dpdk-test-reports

Test-Label: iol-intel-Functional
Test-Status: SUCCESS
http://dpdk.org/patch/151296

_Functional Testing PASS_

Submitter: Andre Muezerie <andremue@linux.microsoft.com>
Date: Monday, February 10 2025 21:51:05 
DPDK git baseline: Repo:dpdk
  Branch: master
  CommitID:9d29cd6dc87d6c35c52194a5f7a34f2d84140353

151296 --> functional testing pass

Upstream job id: Template-DTS-Pipeline#212169

Test environment and result as below:

Arm Ampere Altra - Ubuntu 22.04
Kernel: 5.15.83+
Compiler: gcc 11.4
NIC: Intel Corporation QAT 8970 0 Mbps

Aggregate Results by Test Suite
+----------------------------+--------+
|         Test Suite         | Result |
+============================+========+
| crypto_perf_cryptodev_perf |  PASS  |
+----------------------------+--------+


To view detailed results, visit:
https://lab.dpdk.org/results/dashboard/patchsets/32556/

UNH-IOL DPDK Community Lab

To manage your email subscriptions, visit: 
https://lab.dpdk.org/results/dashboard/preferences/subscriptions/

^ permalink raw reply	[flat|nested] 41+ messages in thread

* |SUCCESS| pw151296 [PATCH] mbuf: enable to be compiled with MSVC
       [not found] <1739224265-4158-1-git-send-email-andremue@linux.microsoft.com>
                   ` (8 preceding siblings ...)
  2025-02-11 12:36 ` dpdklab
@ 2025-02-11 12:41 ` dpdklab
  2025-02-11 12:50 ` dpdklab
                   ` (30 subsequent siblings)
  40 siblings, 0 replies; 41+ messages in thread
From: dpdklab @ 2025-02-11 12:41 UTC (permalink / raw)
  To: Test Report; +Cc: dpdk-test-reports

Test-Label: iol-intel-Functional
Test-Status: SUCCESS
http://dpdk.org/patch/151296

_Functional Testing PASS_

Submitter: Andre Muezerie <andremue@linux.microsoft.com>
Date: Monday, February 10 2025 21:51:05 
DPDK git baseline: Repo:dpdk
  Branch: master
  CommitID:9d29cd6dc87d6c35c52194a5f7a34f2d84140353

151296 --> functional testing pass

Upstream job id: Template-DTS-Pipeline#212167

Test environment and result as below:

Arm Ampere Altra - Ubuntu 22.04
Kernel: 5.15.83+
Compiler: gcc 11.4
NIC: Intel Corporation QAT 8970 0 Mbps

Aggregate Results by Test Suite
+----------------------------+--------+
|         Test Suite         | Result |
+============================+========+
| crypto_perf_cryptodev_perf |  PASS  |
+----------------------------+--------+


Ubuntu 22.04
Kernel: 5.15.0-131-generic
Compiler: gcc (Ubuntu 11.4.0-1ubuntu1~22.04) 11.4.0
NIC: Intel Corporation Ethernet Converged Network Adapter 82599ES 10000 Mbps

Aggregate Results by Test Suite
+-----------------------------+--------+
|         Test Suite          | Result |
+=============================+========+
| unit_tests_mbuf             |  PASS  |
+-----------------------------+--------+
| vhost_virtio_user_interrupt |  PASS  |
+-----------------------------+--------+
| virtio_smoke                |  PASS  |
+-----------------------------+--------+


To view detailed results, visit:
https://lab.dpdk.org/results/dashboard/patchsets/32556/

UNH-IOL DPDK Community Lab

To manage your email subscriptions, visit: 
https://lab.dpdk.org/results/dashboard/preferences/subscriptions/

^ permalink raw reply	[flat|nested] 41+ messages in thread

* |SUCCESS| pw151296 [PATCH] mbuf: enable to be compiled with MSVC
       [not found] <1739224265-4158-1-git-send-email-andremue@linux.microsoft.com>
                   ` (9 preceding siblings ...)
  2025-02-11 12:41 ` dpdklab
@ 2025-02-11 12:50 ` dpdklab
  2025-02-11 13:00 ` dpdklab
                   ` (29 subsequent siblings)
  40 siblings, 0 replies; 41+ messages in thread
From: dpdklab @ 2025-02-11 12:50 UTC (permalink / raw)
  To: Test Report; +Cc: dpdk-test-reports

Test-Label: iol-sample-apps-testing
Test-Status: SUCCESS
http://dpdk.org/patch/151296

_Testing PASS_

Submitter: Andre Muezerie <andremue@linux.microsoft.com>
Date: Monday, February 10 2025 21:51:05 
DPDK git baseline: Repo:dpdk
  Branch: master
  CommitID:9d29cd6dc87d6c35c52194a5f7a34f2d84140353

151296 --> testing pass

Upstream job id: Template-DTS-Pipeline#212171

Test environment and result as below:

+--------------------+----------------------+
|    Environment     | compressdev_zlib_pmd |
+====================+======================+
| Ubuntu 22.04 (ARM) | PASS                 |
+--------------------+----------------------+
| Ubuntu 22.04       | PASS                 |
+--------------------+----------------------+


Ubuntu 22.04 (ARM)
	Kernel: 5.15.0-97-generic
	Compiler: gcc gcc (Ubuntu 11.4.0-1ubuntu1~22.04) 11.4.0

Ubuntu 22.04
	Kernel: 5.15.0-100-generic
	Compiler: gcc gcc (Ubuntu 11.4.0-1ubuntu1~22.04) 11.4.0

To view detailed results, visit:
https://lab.dpdk.org/results/dashboard/patchsets/32556/

UNH-IOL DPDK Community Lab

To manage your email subscriptions, visit: 
https://lab.dpdk.org/results/dashboard/preferences/subscriptions/

^ permalink raw reply	[flat|nested] 41+ messages in thread

* |SUCCESS| pw151296 [PATCH] mbuf: enable to be compiled with MSVC
       [not found] <1739224265-4158-1-git-send-email-andremue@linux.microsoft.com>
                   ` (10 preceding siblings ...)
  2025-02-11 12:50 ` dpdklab
@ 2025-02-11 13:00 ` dpdklab
  2025-02-11 13:02 ` dpdklab
                   ` (28 subsequent siblings)
  40 siblings, 0 replies; 41+ messages in thread
From: dpdklab @ 2025-02-11 13:00 UTC (permalink / raw)
  To: Test Report; +Cc: dpdk-test-reports

Test-Label: iol-intel-Functional
Test-Status: SUCCESS
http://dpdk.org/patch/151296

_Functional Testing PASS_

Submitter: Andre Muezerie <andremue@linux.microsoft.com>
Date: Monday, February 10 2025 21:51:05 
DPDK git baseline: Repo:dpdk
  Branch: master
  CommitID:9d29cd6dc87d6c35c52194a5f7a34f2d84140353

151296 --> functional testing pass

Upstream job id: Template-DTS-Pipeline#212181

Test environment and result as below:

Ubuntu 22.04
Kernel: 5.15.0-131-generic
Compiler: gcc (Ubuntu 11.4.0-1ubuntu1~22.04) 11.4.0
NIC: Intel Corporation Ethernet Converged Network Adapter 82599ES 10000 Mbps

Aggregate Results by Test Suite
+-----------------------------+--------+
|         Test Suite          | Result |
+=============================+========+
| unit_tests_mbuf             |  PASS  |
+-----------------------------+--------+
| vhost_virtio_user_interrupt |  PASS  |
+-----------------------------+--------+
| virtio_smoke                |  PASS  |
+-----------------------------+--------+


To view detailed results, visit:
https://lab.dpdk.org/results/dashboard/patchsets/32556/

UNH-IOL DPDK Community Lab

To manage your email subscriptions, visit: 
https://lab.dpdk.org/results/dashboard/preferences/subscriptions/

^ permalink raw reply	[flat|nested] 41+ messages in thread

* |SUCCESS| pw151296 [PATCH] mbuf: enable to be compiled with MSVC
       [not found] <1739224265-4158-1-git-send-email-andremue@linux.microsoft.com>
                   ` (11 preceding siblings ...)
  2025-02-11 13:00 ` dpdklab
@ 2025-02-11 13:02 ` dpdklab
  2025-02-11 13:04 ` dpdklab
                   ` (27 subsequent siblings)
  40 siblings, 0 replies; 41+ messages in thread
From: dpdklab @ 2025-02-11 13:02 UTC (permalink / raw)
  To: Test Report; +Cc: dpdk-test-reports

Test-Label: iol-broadcom-Performance
Test-Status: SUCCESS
http://dpdk.org/patch/151296

_Performance Testing PASS_

Submitter: Andre Muezerie <andremue@linux.microsoft.com>
Date: Monday, February 10 2025 21:51:05 
DPDK git baseline: Repo:dpdk
  Branch: master
  CommitID:9d29cd6dc87d6c35c52194a5f7a34f2d84140353

151296 --> performance testing pass

Upstream job id: Template-DTS-Pipeline#212178

Test environment and result as below:

Ubuntu 22.04 ARM
Kernel: 5.15.83+
Compiler: gcc 11.4.0
NIC: Arm Broadcom Inc. brcm_57414 25000 Mbps
Fail/Total: 0/2

Detail performance results: 
+------------+---------+----------+-------------+------------------------------+
| frame_size | txd/rxd | num_cpus | num_threads |  throughput difference from  |
|            |         |          |             |           expected           |
+============+=========+==========+=============+==============================+
| 64         | 512     | 1        | 1           | 0.1%                         |
+------------+---------+----------+-------------+------------------------------+
| 64         | 2048    | 1        | 1           | 0.6%                         |
+------------+---------+----------+-------------+------------------------------+

Ubuntu 22.04
Kernel: 5.15.0-100-generic
Compiler: gcc (Ubuntu 11.4.0-1ubuntu1~22.04) 11.4.0
NIC: Broadcom Inc. and subsidiaries BCM57414 NetXtreme-E 10Gb/25Gb RDMA Ethernet Controller 16d7 25 Mbps
Fail/Total: 0/3

Detail performance results: 
+------------+---------+----------+-------------+------------------------------+
| frame_size | txd/rxd | num_cpus | num_threads |  throughput difference from  |
|            |         |          |             |           expected           |
+============+=========+==========+=============+==============================+
| 64         | 128     | 1        | 1           | 0.2%                         |
+------------+---------+----------+-------------+------------------------------+
| 64         | 512     | 1        | 1           | -0.1%                        |
+------------+---------+----------+-------------+------------------------------+
| 64         | 2048    | 1        | 1           | -0.2%                        |
+------------+---------+----------+-------------+------------------------------+

To view detailed results, visit:
https://lab.dpdk.org/results/dashboard/patchsets/32556/

UNH-IOL DPDK Community Lab

To manage your email subscriptions, visit: 
https://lab.dpdk.org/results/dashboard/preferences/subscriptions/

^ permalink raw reply	[flat|nested] 41+ messages in thread

* |SUCCESS| pw151296 [PATCH] mbuf: enable to be compiled with MSVC
       [not found] <1739224265-4158-1-git-send-email-andremue@linux.microsoft.com>
                   ` (12 preceding siblings ...)
  2025-02-11 13:02 ` dpdklab
@ 2025-02-11 13:04 ` dpdklab
  2025-02-11 13:07 ` dpdklab
                   ` (26 subsequent siblings)
  40 siblings, 0 replies; 41+ messages in thread
From: dpdklab @ 2025-02-11 13:04 UTC (permalink / raw)
  To: Ali Alnubani, Test Report; +Cc: dpdk-test-reports

Test-Label: iol-mellanox-Performance
Test-Status: SUCCESS
http://dpdk.org/patch/151296

_Performance Testing PASS_

Submitter: Andre Muezerie <andremue@linux.microsoft.com>
Date: Monday, February 10 2025 21:51:05 
DPDK git baseline: Repo:dpdk
  Branch: master
  CommitID:9d29cd6dc87d6c35c52194a5f7a34f2d84140353

151296 --> performance testing pass

Upstream job id: Template-DTS-Pipeline#212174

Test environment and result as below:

Ubuntu 24.04
Kernel: 6.8.0-45-generic
Compiler: gcc 13.2.0
NIC: NVIDIA Mellanox ConnectX-7 100000 Mbps
Fail/Total: 0/6

Detail performance results: 
+------------+---------+----------+-------------+------------------------------+
| frame_size | txd/rxd | num_cpus | num_threads |  throughput difference from  |
|            |         |          |             |           expected           |
+============+=========+==========+=============+==============================+
| 64         | 1024    | 1        | 1           | 1.0%                         |
+------------+---------+----------+-------------+------------------------------+
| 128        | 1024    | 1        | 1           | -0.0%                        |
+------------+---------+----------+-------------+------------------------------+
| 256        | 1024    | 1        | 1           | -0.0%                        |
+------------+---------+----------+-------------+------------------------------+
| 512        | 1024    | 1        | 1           | 0.1%                         |
+------------+---------+----------+-------------+------------------------------+
| 1024       | 1024    | 1        | 1           | 0.0%                         |
+------------+---------+----------+-------------+------------------------------+
| 1518       | 1024    | 1        | 1           | 0.1%                         |
+------------+---------+----------+-------------+------------------------------+

Ubuntu 24.04
Kernel: 6.8.0-45-generic
Compiler: gcc 13.2.0
NIC: Mellanox ConnectX-6 Lx 25000 Mbps
Fail/Total: 0/6

Detail performance results: 
+------------+---------+----------+-------------+------------------------------+
| frame_size | txd/rxd | num_cpus | num_threads |  throughput difference from  |
|            |         |          |             |           expected           |
+============+=========+==========+=============+==============================+
| 64         | 1024    | 1        | 1           | 0.0%                         |
+------------+---------+----------+-------------+------------------------------+
| 128        | 1024    | 1        | 1           | 0.0%                         |
+------------+---------+----------+-------------+------------------------------+
| 256        | 1024    | 1        | 1           | 0.1%                         |
+------------+---------+----------+-------------+------------------------------+
| 512        | 1024    | 1        | 1           | -0.1%                        |
+------------+---------+----------+-------------+------------------------------+
| 1024       | 1024    | 1        | 1           | -0.0%                        |
+------------+---------+----------+-------------+------------------------------+
| 1518       | 1024    | 1        | 1           | 0.1%                         |
+------------+---------+----------+-------------+------------------------------+

To view detailed results, visit:
https://lab.dpdk.org/results/dashboard/patchsets/32556/

UNH-IOL DPDK Community Lab

To manage your email subscriptions, visit: 
https://lab.dpdk.org/results/dashboard/preferences/subscriptions/

^ permalink raw reply	[flat|nested] 41+ messages in thread

* |SUCCESS| pw151296 [PATCH] mbuf: enable to be compiled with MSVC
       [not found] <1739224265-4158-1-git-send-email-andremue@linux.microsoft.com>
                   ` (13 preceding siblings ...)
  2025-02-11 13:04 ` dpdklab
@ 2025-02-11 13:07 ` dpdklab
  2025-02-11 13:15 ` dpdklab
                   ` (25 subsequent siblings)
  40 siblings, 0 replies; 41+ messages in thread
From: dpdklab @ 2025-02-11 13:07 UTC (permalink / raw)
  To: Test Report; +Cc: dpdk-test-reports

Test-Label: iol-sample-apps-testing
Test-Status: SUCCESS
http://dpdk.org/patch/151296

_Testing PASS_

Submitter: Andre Muezerie <andremue@linux.microsoft.com>
Date: Monday, February 10 2025 21:51:05 
DPDK git baseline: Repo:dpdk
  Branch: master
  CommitID:9d29cd6dc87d6c35c52194a5f7a34f2d84140353

151296 --> testing pass

Upstream job id: Template-DTS-Pipeline#212186

Test environment and result as below:

+--------------------+----------------------+
|    Environment     | compressdev_zlib_pmd |
+====================+======================+
| Ubuntu 22.04 (ARM) | PASS                 |
+--------------------+----------------------+


Ubuntu 22.04 (ARM)
	Kernel: 5.15.0-97-generic
	Compiler: gcc gcc (Ubuntu 11.4.0-1ubuntu1~22.04) 11.4.0

To view detailed results, visit:
https://lab.dpdk.org/results/dashboard/patchsets/32556/

UNH-IOL DPDK Community Lab

To manage your email subscriptions, visit: 
https://lab.dpdk.org/results/dashboard/preferences/subscriptions/

^ permalink raw reply	[flat|nested] 41+ messages in thread

* |SUCCESS| pw151296 [PATCH] mbuf: enable to be compiled with MSVC
       [not found] <1739224265-4158-1-git-send-email-andremue@linux.microsoft.com>
                   ` (14 preceding siblings ...)
  2025-02-11 13:07 ` dpdklab
@ 2025-02-11 13:15 ` dpdklab
  2025-02-11 13:16 ` dpdklab
                   ` (24 subsequent siblings)
  40 siblings, 0 replies; 41+ messages in thread
From: dpdklab @ 2025-02-11 13:15 UTC (permalink / raw)
  To: Test Report; +Cc: dpdk-test-reports

Test-Label: iol-intel-Functional
Test-Status: SUCCESS
http://dpdk.org/patch/151296

_Functional Testing PASS_

Submitter: Andre Muezerie <andremue@linux.microsoft.com>
Date: Monday, February 10 2025 21:51:05 
DPDK git baseline: Repo:dpdk
  Branch: master
  CommitID:9d29cd6dc87d6c35c52194a5f7a34f2d84140353

151296 --> functional testing pass

Upstream job id: Template-DTS-Pipeline#212183

Test environment and result as below:

Ubuntu 22.04
Kernel: 5.15.0-131-generic
Compiler: gcc (Ubuntu 11.4.0-1ubuntu1~22.04) 11.4.0
NIC: Intel Corporation Ethernet Converged Network Adapter 82599ES 10000 Mbps

Aggregate Results by Test Suite
+-----------------------------+--------+
|         Test Suite          | Result |
+=============================+========+
| unit_tests_mbuf             |  PASS  |
+-----------------------------+--------+
| vhost_virtio_user_interrupt |  PASS  |
+-----------------------------+--------+
| virtio_smoke                |  PASS  |
+-----------------------------+--------+


Arm Ampere Altra - Ubuntu 22.04
Kernel: 5.15.83+
Compiler: gcc 11.4
NIC: Intel Corporation QAT 8970 0 Mbps

Aggregate Results by Test Suite
+----------------------------+--------+
|         Test Suite         | Result |
+============================+========+
| crypto_perf_cryptodev_perf |  PASS  |
+----------------------------+--------+


To view detailed results, visit:
https://lab.dpdk.org/results/dashboard/patchsets/32556/

UNH-IOL DPDK Community Lab

To manage your email subscriptions, visit: 
https://lab.dpdk.org/results/dashboard/preferences/subscriptions/

^ permalink raw reply	[flat|nested] 41+ messages in thread

* |SUCCESS| pw151296 [PATCH] mbuf: enable to be compiled with MSVC
       [not found] <1739224265-4158-1-git-send-email-andremue@linux.microsoft.com>
                   ` (15 preceding siblings ...)
  2025-02-11 13:15 ` dpdklab
@ 2025-02-11 13:16 ` dpdklab
  2025-02-11 13:25 ` |PENDING| " dpdklab
                   ` (23 subsequent siblings)
  40 siblings, 0 replies; 41+ messages in thread
From: dpdklab @ 2025-02-11 13:16 UTC (permalink / raw)
  To: Test Report; +Cc: dpdk-test-reports

Test-Label: iol-marvell-Functional
Test-Status: SUCCESS
http://dpdk.org/patch/151296

_Functional Testing PASS_

Submitter: Andre Muezerie <andremue@linux.microsoft.com>
Date: Monday, February 10 2025 21:51:05 
DPDK git baseline: Repo:dpdk
  Branch: master
  CommitID:9d29cd6dc87d6c35c52194a5f7a34f2d84140353

151296 --> functional testing pass

Upstream job id: Template-DTS-Pipeline#212184

Test environment and result as below:

Ubuntu 20.04.6
Kernel: 5.4.105
Compiler: gcc 9.4
NIC: Marvell CN106XX 50000 Mbps
Target: arm64-native-linuxapp-gcc

Aggregate Results by Test Suite
+-----------------+--------+
|   Test Suite    | Result |
+=================+========+
| cmdline         |  PASS  |
+-----------------+--------+
| ipv4_reassembly |  PASS  |
+-----------------+--------+
| rxtx_callbacks  |  PASS  |
+-----------------+--------+
| tso             |  PASS  |
+-----------------+--------+


To view detailed results, visit:
https://lab.dpdk.org/results/dashboard/patchsets/32556/

UNH-IOL DPDK Community Lab

To manage your email subscriptions, visit: 
https://lab.dpdk.org/results/dashboard/preferences/subscriptions/

^ permalink raw reply	[flat|nested] 41+ messages in thread

* |PENDING| pw151296 [PATCH] mbuf: enable to be compiled with MSVC
       [not found] <1739224265-4158-1-git-send-email-andremue@linux.microsoft.com>
                   ` (16 preceding siblings ...)
  2025-02-11 13:16 ` dpdklab
@ 2025-02-11 13:25 ` dpdklab
  2025-02-11 13:30 ` dpdklab
                   ` (22 subsequent siblings)
  40 siblings, 0 replies; 41+ messages in thread
From: dpdklab @ 2025-02-11 13:25 UTC (permalink / raw)
  To: Test Report; +Cc: dpdk-test-reports

Test-Label: iol-abi-testing
Test-Status: PENDING
http://dpdk.org/patch/151296

_Testing pending_

Submitter: Andre Muezerie <andremue@linux.microsoft.com>
Date: Monday, February 10 2025 21:51:05 
DPDK git baseline: Repo:dpdk
  Branch: master
  CommitID:9d29cd6dc87d6c35c52194a5f7a34f2d84140353

151296 --> testing pending

Upstream job id: Generic-DPDK-Compile-ABI#115803

Test environment and result as below:

+-------------------+----------+
|    Environment    | abi_test |
+===================+==========+
| CentOS Stream 9   | PEND     |
+-------------------+----------+
| CentOS Stream 10  | PEND     |
+-------------------+----------+
| Debian Bullseye   | PASS     |
+-------------------+----------+
| Fedora 40 (Clang) | PEND     |
+-------------------+----------+
| Debian 12         | PEND     |
+-------------------+----------+
| Fedora 41 (Clang) | PEND     |
+-------------------+----------+
| Fedora 41         | PEND     |
+-------------------+----------+
| openSUSE Leap 15  | PEND     |
+-------------------+----------+
| RHEL8             | PEND     |
+-------------------+----------+
| RHEL9             | PEND     |
+-------------------+----------+
| Ubuntu 22.04      | PEND     |
+-------------------+----------+
| Ubuntu 24.04      | PEND     |
+-------------------+----------+


CentOS Stream 9
	Kernel: Depends on container host
	Compiler: gcc 11.5.0 20240719 (Red Hat 11.5.0-2)

CentOS Stream 10
	Kernel: Depends on container host
	Compiler: gcc 14.2.1 20241104 (Red Hat 14.2.1-6)

Debian Bullseye
	Kernel: Depends on container host
	Compiler: gcc (Debian 10.2.1-6) 10.2.1 20210110

Fedora 40 (Clang)
	Kernel: Depends on container host
	Compiler: clang 18.1.8 (Fedora 18.1.8-1.fc40)

Debian 12
	Kernel: Depends on container host
	Compiler: gcc (Debian 12.2.0-14) 12.2.0

Fedora 41 (Clang)
	Kernel: Depends on container host
	Compiler: clang 19.1.5 (Fedora 19.1.5-1.fc41)

Fedora 41
	Kernel: Depends on container host
	Compiler: gcc 14.2.1 20240912 (Red Hat 14.2.1-3)

openSUSE Leap 15
	Kernel: Depends on container host
	Compiler: gcc (SUSE Linux) 7.5.0

RHEL8
	Kernel: Depends on container host
	Compiler: gcc 8.5.0 20210514 (Red Hat 8.5.0-22)

RHEL9
	Kernel: Depends on container host
	Compiler: gcc 11.5.0 20240719 (Red Hat 11.5.0-2)

Ubuntu 22.04
	Kernel: Depends on container host
	Compiler: gcc (Ubuntu 11.4.0-1ubuntu1~22.04) 11.4.0

Ubuntu 24.04
	Kernel: Depends on container host
	Compiler: gcc (Ubuntu 13.3.0-6ubuntu2~24.04) 13.3.0

To view detailed results, visit:
https://lab.dpdk.org/results/dashboard/patchsets/32556/

UNH-IOL DPDK Community Lab

To manage your email subscriptions, visit: 
https://lab.dpdk.org/results/dashboard/preferences/subscriptions/

^ permalink raw reply	[flat|nested] 41+ messages in thread

* |PENDING| pw151296 [PATCH] mbuf: enable to be compiled with MSVC
       [not found] <1739224265-4158-1-git-send-email-andremue@linux.microsoft.com>
                   ` (17 preceding siblings ...)
  2025-02-11 13:25 ` |PENDING| " dpdklab
@ 2025-02-11 13:30 ` dpdklab
  2025-02-11 13:36 ` dpdklab
                   ` (21 subsequent siblings)
  40 siblings, 0 replies; 41+ messages in thread
From: dpdklab @ 2025-02-11 13:30 UTC (permalink / raw)
  To: Test Report; +Cc: dpdk-test-reports

Test-Label: iol-unit-amd64-testing
Test-Status: PENDING
http://dpdk.org/patch/151296

_Testing pending_

Submitter: Andre Muezerie <andremue@linux.microsoft.com>
Date: Monday, February 10 2025 21:51:05 
DPDK git baseline: Repo:dpdk
  Branch: master
  CommitID:9d29cd6dc87d6c35c52194a5f7a34f2d84140353

151296 --> testing pending

Upstream job id: Generic-Unit-Test-DPDK#314056

Test environment and result as below:

+-------------------+----------------+
|    Environment    | dpdk_unit_test |
+===================+================+
| CentOS Stream 9   | PEND           |
+-------------------+----------------+
| CentOS Stream 10  | PASS           |
+-------------------+----------------+
| Fedora 40 (Clang) | PEND           |
+-------------------+----------------+
| Fedora 40         | PEND           |
+-------------------+----------------+
| Debian 12         | PEND           |
+-------------------+----------------+
| Debian Bullseye   | PEND           |
+-------------------+----------------+
| Fedora 41         | PEND           |
+-------------------+----------------+
| RHEL9             | PEND           |
+-------------------+----------------+
| RHEL8             | PEND           |
+-------------------+----------------+
| Fedora 41 (Clang) | PEND           |
+-------------------+----------------+
| Ubuntu 20.04      | PEND           |
+-------------------+----------------+
| Ubuntu 24.04      | PEND           |
+-------------------+----------------+
| Ubuntu 22.04      | PEND           |
+-------------------+----------------+


CentOS Stream 9
	Kernel: Depends on container host
	Compiler: gcc 11.5.0 20240719 (Red Hat 11.5.0-2)

CentOS Stream 10
	Kernel: Depends on container host
	Compiler: gcc 14.2.1 20241104 (Red Hat 14.2.1-6)

Fedora 40 (Clang)
	Kernel: Depends on container host
	Compiler: clang 18.1.8 (Fedora 18.1.8-1.fc40)

Fedora 40
	Kernel: Depends on container host
	Compiler: gcc 14.2.1 20240912 (Red Hat 14.2.1-3)

Debian 12
	Kernel: Depends on container host
	Compiler: gcc (Debian 12.2.0-14) 12.2.0

Debian Bullseye
	Kernel: Depends on container host
	Compiler: gcc (Debian 10.2.1-6) 10.2.1 20210110

Fedora 41
	Kernel: Depends on container host
	Compiler: gcc 14.2.1 20240912 (Red Hat 14.2.1-3)

RHEL9
	Kernel: Depends on container host
	Compiler: gcc 11.5.0 20240719 (Red Hat 11.5.0-2)

RHEL8
	Kernel: Depends on container host
	Compiler: gcc 8.5.0 20210514 (Red Hat 8.5.0-22)

Fedora 41 (Clang)
	Kernel: Depends on container host
	Compiler: clang 19.1.5 (Fedora 19.1.5-1.fc41)

Ubuntu 20.04
	Kernel: Depends on container host
	Compiler: gcc (Ubuntu 9.4.0-1ubuntu1~20.04.2) 9.4.0

Ubuntu 24.04
	Kernel: Depends on container host
	Compiler: gcc (Ubuntu 13.3.0-6ubuntu2~24.04) 13.3.0

Ubuntu 22.04
	Kernel: Depends on container host
	Compiler: gcc (Ubuntu 11.4.0-1ubuntu1~22.04) 11.4.0

To view detailed results, visit:
https://lab.dpdk.org/results/dashboard/patchsets/32556/

UNH-IOL DPDK Community Lab

To manage your email subscriptions, visit: 
https://lab.dpdk.org/results/dashboard/preferences/subscriptions/

^ permalink raw reply	[flat|nested] 41+ messages in thread

* |PENDING| pw151296 [PATCH] mbuf: enable to be compiled with MSVC
       [not found] <1739224265-4158-1-git-send-email-andremue@linux.microsoft.com>
                   ` (18 preceding siblings ...)
  2025-02-11 13:30 ` dpdklab
@ 2025-02-11 13:36 ` dpdklab
  2025-02-11 13:37 ` |SUCCESS| " dpdklab
                   ` (20 subsequent siblings)
  40 siblings, 0 replies; 41+ messages in thread
From: dpdklab @ 2025-02-11 13:36 UTC (permalink / raw)
  To: Test Report; +Cc: dpdk-test-reports

Test-Label: iol-unit-arm64-testing
Test-Status: PENDING
http://dpdk.org/patch/151296

_Testing pending_

Submitter: Andre Muezerie <andremue@linux.microsoft.com>
Date: Monday, February 10 2025 21:51:05 
DPDK git baseline: Repo:dpdk
  Branch: master
  CommitID:9d29cd6dc87d6c35c52194a5f7a34f2d84140353

151296 --> testing pending

Upstream job id: Aarch32-Unit-Test#5286

Test environment and result as below:

+-----------------------------+----------------+--------------+------------------------------+---------------------------+
|         Environment         | dpdk_unit_test | lpm_autotest | cryptodev_sw_snow3g_autotest | cryptodev_sw_zuc_autotest |
+=============================+================+==============+==============================+===========================+
| Fedora 40 (ARM)             | PEND           | SKIPPED      | SKIPPED                      | SKIPPED                   |
+-----------------------------+----------------+--------------+------------------------------+---------------------------+
| CentOS Stream 9 (ARM)       | PEND           | SKIPPED      | SKIPPED                      | SKIPPED                   |
+-----------------------------+----------------+--------------+------------------------------+---------------------------+
| Debian 12 (arm)             | PEND           | SKIPPED      | PEND                         | PEND                      |
+-----------------------------+----------------+--------------+------------------------------+---------------------------+
| CentOS Stream 10 (ARM)      | PEND           | SKIPPED      | SKIPPED                      | SKIPPED                   |
+-----------------------------+----------------+--------------+------------------------------+---------------------------+
| Fedora 40 (ARM Clang)       | PEND           | SKIPPED      | SKIPPED                      | SKIPPED                   |
+-----------------------------+----------------+--------------+------------------------------+---------------------------+
| Debian 11 (Buster) (ARM)    | PEND           | SKIPPED      | SKIPPED                      | SKIPPED                   |
+-----------------------------+----------------+--------------+------------------------------+---------------------------+
| Fedora 41 (ARM)             | PEND           | SKIPPED      | SKIPPED                      | SKIPPED                   |
+-----------------------------+----------------+--------------+------------------------------+---------------------------+
| Ubuntu 20.04 (ARM)          | PEND           | SKIPPED      | SKIPPED                      | SKIPPED                   |
+-----------------------------+----------------+--------------+------------------------------+---------------------------+
| Fedora 41 (ARM Clang)       | PEND           | SKIPPED      | SKIPPED                      | SKIPPED                   |
+-----------------------------+----------------+--------------+------------------------------+---------------------------+
| RHEL9 (ARM)                 | PEND           | SKIPPED      | SKIPPED                      | SKIPPED                   |
+-----------------------------+----------------+--------------+------------------------------+---------------------------+
| Ubuntu 22.04 (ARM)          | PEND           | SKIPPED      | SKIPPED                      | SKIPPED                   |
+-----------------------------+----------------+--------------+------------------------------+---------------------------+
| Ubuntu 24.04 (ARM)          | PEND           | SKIPPED      | SKIPPED                      | SKIPPED                   |
+-----------------------------+----------------+--------------+------------------------------+---------------------------+
| 32-bit Ubuntu 22.04.4 (ARM) | PASS           | SKIPPED      | SKIPPED                      | SKIPPED                   |
+-----------------------------+----------------+--------------+------------------------------+---------------------------+
| Ubuntu 20.04 ARM SVE        | SKIPPED        | PEND         | SKIPPED                      | SKIPPED                   |
+-----------------------------+----------------+--------------+------------------------------+---------------------------+


Fedora 40 (ARM)
	Kernel: Depends on container host
	Compiler: gcc 14.2.1 20240912 (Red Hat 14.2.1-3)

CentOS Stream 9 (ARM)
	Kernel: Depends on container host
	Compiler: gcc 11.5.0 20240719 (Red Hat 11.5.0-2)

Debian 12 (arm)
	Kernel: Depends on container host
	Compiler: gcc (Debian 12.2.0-14) 12.2.0

CentOS Stream 10 (ARM)
	Kernel: Depends on container host
	Compiler: gcc 14.2.1 20241104 (Red Hat 14.2.1-6)

Fedora 40 (ARM Clang)
	Kernel: Depends on container host
	Compiler: clang 18.1.8 (Fedora 18.1.8-1.fc40)

Debian 11 (Buster) (ARM)
	Kernel: Depends on container host
	Compiler: gcc (Debian 10.2.1-6) 10.2.1 20210110

Fedora 41 (ARM)
	Kernel: Depends on container host
	Compiler: gcc 14.2.1 20240912 (Red Hat 14.2.1-3)

Ubuntu 20.04 (ARM)
	Kernel: Depends on container host
	Compiler: gcc (Ubuntu 9.4.0-1ubuntu1~20.04.2) 9.4.0

Fedora 41 (ARM Clang)
	Kernel: Depends on container host
	Compiler: clang 19.1.5 (Fedora 19.1.5-1.fc41)

RHEL9 (ARM)
	Kernel: Depends on container host
	Compiler: gcc 11.5.0 20240719 (Red Hat 11.5.0-2)

Ubuntu 22.04 (ARM)
	Kernel: Depends on container host
	Compiler: gcc (Ubuntu 11.4.0-1ubuntu1~22.04) 11.4.0

Ubuntu 24.04 (ARM)
	Kernel: Depends on container host
	Compiler: gcc (Ubuntu 13.3.0-6ubuntu2~24.04) 13.3.0

32-bit Ubuntu 22.04.4 (ARM)
	Kernel: 5.15.83+ aarch64
	Compiler: gcc (Ubuntu 11.4.0-1ubuntu1~22.04) 11.4.0

Ubuntu 20.04 ARM SVE
	Kernel: Depends on container host
	Compiler: gcc (Ubuntu 10.5.0-1ubuntu1~20.04) 10.5.0

To view detailed results, visit:
https://lab.dpdk.org/results/dashboard/patchsets/32556/

UNH-IOL DPDK Community Lab

To manage your email subscriptions, visit: 
https://lab.dpdk.org/results/dashboard/preferences/subscriptions/

^ permalink raw reply	[flat|nested] 41+ messages in thread

* |SUCCESS| pw151296 [PATCH] mbuf: enable to be compiled with MSVC
       [not found] <1739224265-4158-1-git-send-email-andremue@linux.microsoft.com>
                   ` (19 preceding siblings ...)
  2025-02-11 13:36 ` dpdklab
@ 2025-02-11 13:37 ` dpdklab
  2025-02-11 14:07 ` |PENDING| " dpdklab
                   ` (19 subsequent siblings)
  40 siblings, 0 replies; 41+ messages in thread
From: dpdklab @ 2025-02-11 13:37 UTC (permalink / raw)
  To: Test Report; +Cc: dpdk-test-reports

Test-Label: iol-sample-apps-testing
Test-Status: SUCCESS
http://dpdk.org/patch/151296

_Testing PASS_

Submitter: Andre Muezerie <andremue@linux.microsoft.com>
Date: Monday, February 10 2025 21:51:05 
DPDK git baseline: Repo:dpdk
  Branch: master
  CommitID:9d29cd6dc87d6c35c52194a5f7a34f2d84140353

151296 --> testing pass

Upstream job id: Template-DTS-Pipeline#212185

Test environment and result as below:

+--------------------+----------------------+
|    Environment     | compressdev_zlib_pmd |
+====================+======================+
| Ubuntu 22.04 (ARM) | PASS                 |
+--------------------+----------------------+
| Ubuntu 22.04       | PASS                 |
+--------------------+----------------------+


Ubuntu 22.04 (ARM)
	Kernel: 5.15.0-97-generic
	Compiler: gcc gcc (Ubuntu 11.4.0-1ubuntu1~22.04) 11.4.0

Ubuntu 22.04
	Kernel: 5.15.0-100-generic
	Compiler: gcc gcc (Ubuntu 11.4.0-1ubuntu1~22.04) 11.4.0

To view detailed results, visit:
https://lab.dpdk.org/results/dashboard/patchsets/32556/

UNH-IOL DPDK Community Lab

To manage your email subscriptions, visit: 
https://lab.dpdk.org/results/dashboard/preferences/subscriptions/

^ permalink raw reply	[flat|nested] 41+ messages in thread

* |PENDING| pw151296 [PATCH] mbuf: enable to be compiled with MSVC
       [not found] <1739224265-4158-1-git-send-email-andremue@linux.microsoft.com>
                   ` (20 preceding siblings ...)
  2025-02-11 13:37 ` |SUCCESS| " dpdklab
@ 2025-02-11 14:07 ` dpdklab
  2025-02-11 14:09 ` dpdklab
                   ` (18 subsequent siblings)
  40 siblings, 0 replies; 41+ messages in thread
From: dpdklab @ 2025-02-11 14:07 UTC (permalink / raw)
  To: Test Report; +Cc: dpdk-test-reports

Test-Label: iol-compile-arm64-testing
Test-Status: PENDING
http://dpdk.org/patch/151296

_Testing pending_

Submitter: Andre Muezerie <andremue@linux.microsoft.com>
Date: Monday, February 10 2025 21:51:05 
DPDK git baseline: Repo:dpdk
  Branch: master
  CommitID:9d29cd6dc87d6c35c52194a5f7a34f2d84140353

151296 --> testing pending

Upstream job id: Generic-DPDK-Compile-Meson#360619

Test environment and result as below:

+-----------------------+--------------------+
|      Environment      | dpdk_meson_compile |
+=======================+====================+
| RHEL9 (ARM)           | PEND               |
+-----------------------+--------------------+
| Ubuntu 20.04 ARM SVE  | PASS               |
+-----------------------+--------------------+
| Debian 12 with MUSDK  | PEND               |
+-----------------------+--------------------+
| Fedora 40 (ARM)       | PEND               |
+-----------------------+--------------------+
| Fedora 40 (ARM Clang) | PEND               |
+-----------------------+--------------------+
| Fedora 41 (ARM)       | PEND               |
+-----------------------+--------------------+
| Fedora 41 (ARM Clang) | PEND               |
+-----------------------+--------------------+
| Ubuntu 24.04 (ARM)    | PEND               |
+-----------------------+--------------------+


RHEL9 (ARM)
	Kernel: Depends on container host
	Compiler: gcc 11.5.0 20240719 (Red Hat 11.5.0-2)

Ubuntu 20.04 ARM SVE
	Kernel: Depends on container host
	Compiler: gcc (Ubuntu 10.5.0-1ubuntu1~20.04) 10.5.0

Debian 12 with MUSDK
	Kernel: Depends on container host
	Compiler: gcc (Debian 12.2.0-14) 12.2.0

Fedora 40 (ARM)
	Kernel: Depends on container host
	Compiler: gcc 14.2.1 20240912 (Red Hat 14.2.1-3)

Fedora 40 (ARM Clang)
	Kernel: Depends on container host
	Compiler: clang 18.1.8 (Fedora 18.1.8-1.fc40)

Fedora 41 (ARM)
	Kernel: Depends on container host
	Compiler: gcc 14.2.1 20240912 (Red Hat 14.2.1-3)

Fedora 41 (ARM Clang)
	Kernel: Depends on container host
	Compiler: clang 19.1.5 (Fedora 19.1.5-1.fc41)

Ubuntu 24.04 (ARM)
	Kernel: Depends on container host
	Compiler: gcc (Ubuntu 13.3.0-6ubuntu2~24.04) 13.3.0

To view detailed results, visit:
https://lab.dpdk.org/results/dashboard/patchsets/32556/

UNH-IOL DPDK Community Lab

To manage your email subscriptions, visit: 
https://lab.dpdk.org/results/dashboard/preferences/subscriptions/

^ permalink raw reply	[flat|nested] 41+ messages in thread

* |PENDING| pw151296 [PATCH] mbuf: enable to be compiled with MSVC
       [not found] <1739224265-4158-1-git-send-email-andremue@linux.microsoft.com>
                   ` (21 preceding siblings ...)
  2025-02-11 14:07 ` |PENDING| " dpdklab
@ 2025-02-11 14:09 ` dpdklab
  2025-02-11 14:26 ` |SUCCESS| " dpdklab
                   ` (17 subsequent siblings)
  40 siblings, 0 replies; 41+ messages in thread
From: dpdklab @ 2025-02-11 14:09 UTC (permalink / raw)
  To: Test Report; +Cc: dpdk-test-reports

Test-Label: iol-abi-testing
Test-Status: PENDING
http://dpdk.org/patch/151296

_Testing pending_

Submitter: Andre Muezerie <andremue@linux.microsoft.com>
Date: Monday, February 10 2025 21:51:05 
DPDK git baseline: Repo:dpdk
  Branch: master
  CommitID:9d29cd6dc87d6c35c52194a5f7a34f2d84140353

151296 --> testing pending

Upstream job id: Generic-DPDK-Compile-ABI#115815

Test environment and result as below:

+-------------------+----------+
|    Environment    | abi_test |
+===================+==========+
| CentOS Stream 9   | PEND     |
+-------------------+----------+
| CentOS Stream 10  | PASS     |
+-------------------+----------+
| Fedora 40 (Clang) | PEND     |
+-------------------+----------+
| Fedora 41 (Clang) | PEND     |
+-------------------+----------+
| Debian Bullseye   | PEND     |
+-------------------+----------+
| Fedora 40         | PEND     |
+-------------------+----------+
| Debian 12         | PEND     |
+-------------------+----------+
| Fedora 41         | PEND     |
+-------------------+----------+
| openSUSE Leap 15  | PEND     |
+-------------------+----------+
| RHEL8             | PEND     |
+-------------------+----------+
| RHEL9             | PEND     |
+-------------------+----------+
| Ubuntu 22.04      | PEND     |
+-------------------+----------+
| Ubuntu 24.04      | PEND     |
+-------------------+----------+


CentOS Stream 9
	Kernel: Depends on container host
	Compiler: gcc 11.5.0 20240719 (Red Hat 11.5.0-2)

CentOS Stream 10
	Kernel: Depends on container host
	Compiler: gcc 14.2.1 20241104 (Red Hat 14.2.1-6)

Fedora 40 (Clang)
	Kernel: Depends on container host
	Compiler: clang 18.1.8 (Fedora 18.1.8-1.fc40)

Fedora 41 (Clang)
	Kernel: Depends on container host
	Compiler: clang 19.1.5 (Fedora 19.1.5-1.fc41)

Debian Bullseye
	Kernel: Depends on container host
	Compiler: gcc (Debian 10.2.1-6) 10.2.1 20210110

Fedora 40
	Kernel: Depends on container host
	Compiler: gcc 14.2.1 20240912 (Red Hat 14.2.1-3)

Debian 12
	Kernel: Depends on container host
	Compiler: gcc (Debian 12.2.0-14) 12.2.0

Fedora 41
	Kernel: Depends on container host
	Compiler: gcc 14.2.1 20240912 (Red Hat 14.2.1-3)

openSUSE Leap 15
	Kernel: Depends on container host
	Compiler: gcc (SUSE Linux) 7.5.0

RHEL8
	Kernel: Depends on container host
	Compiler: gcc 8.5.0 20210514 (Red Hat 8.5.0-22)

RHEL9
	Kernel: Depends on container host
	Compiler: gcc 11.5.0 20240719 (Red Hat 11.5.0-2)

Ubuntu 22.04
	Kernel: Depends on container host
	Compiler: gcc (Ubuntu 11.4.0-1ubuntu1~22.04) 11.4.0

Ubuntu 24.04
	Kernel: Depends on container host
	Compiler: gcc (Ubuntu 13.3.0-6ubuntu2~24.04) 13.3.0

To view detailed results, visit:
https://lab.dpdk.org/results/dashboard/patchsets/32556/

UNH-IOL DPDK Community Lab

To manage your email subscriptions, visit: 
https://lab.dpdk.org/results/dashboard/preferences/subscriptions/

^ permalink raw reply	[flat|nested] 41+ messages in thread

* |SUCCESS| pw151296 [PATCH] mbuf: enable to be compiled with MSVC
       [not found] <1739224265-4158-1-git-send-email-andremue@linux.microsoft.com>
                   ` (22 preceding siblings ...)
  2025-02-11 14:09 ` dpdklab
@ 2025-02-11 14:26 ` dpdklab
  2025-02-11 14:28 ` dpdklab
                   ` (16 subsequent siblings)
  40 siblings, 0 replies; 41+ messages in thread
From: dpdklab @ 2025-02-11 14:26 UTC (permalink / raw)
  To: Test Report; +Cc: dpdk-test-reports

Test-Label: iol-abi-testing
Test-Status: SUCCESS
http://dpdk.org/patch/151296

_Testing PASS_

Submitter: Andre Muezerie <andremue@linux.microsoft.com>
Date: Monday, February 10 2025 21:51:05 
DPDK git baseline: Repo:dpdk
  Branch: master
  CommitID:9d29cd6dc87d6c35c52194a5f7a34f2d84140353

151296 --> testing pass

Upstream job id: Generic-DPDK-Compile-ABI#115804

Test environment and result as below:

+-------------------+----------+
|    Environment    | abi_test |
+===================+==========+
| CentOS Stream 9   | PASS     |
+-------------------+----------+
| CentOS Stream 10  | PASS     |
+-------------------+----------+
| Debian Bullseye   | PASS     |
+-------------------+----------+
| Fedora 40 (Clang) | PASS     |
+-------------------+----------+
| Debian 12         | PASS     |
+-------------------+----------+
| Fedora 41 (Clang) | PASS     |
+-------------------+----------+
| Fedora 41         | PASS     |
+-------------------+----------+
| openSUSE Leap 15  | PASS     |
+-------------------+----------+
| RHEL8             | PASS     |
+-------------------+----------+
| RHEL9             | PASS     |
+-------------------+----------+
| Ubuntu 22.04      | PASS     |
+-------------------+----------+
| Ubuntu 24.04      | PASS     |
+-------------------+----------+


CentOS Stream 9
	Kernel: Depends on container host
	Compiler: gcc 11.5.0 20240719 (Red Hat 11.5.0-2)

CentOS Stream 10
	Kernel: Depends on container host
	Compiler: gcc 14.2.1 20241104 (Red Hat 14.2.1-6)

Debian Bullseye
	Kernel: Depends on container host
	Compiler: gcc (Debian 10.2.1-6) 10.2.1 20210110

Fedora 40 (Clang)
	Kernel: Depends on container host
	Compiler: clang 18.1.8 (Fedora 18.1.8-1.fc40)

Debian 12
	Kernel: Depends on container host
	Compiler: gcc (Debian 12.2.0-14) 12.2.0

Fedora 41 (Clang)
	Kernel: Depends on container host
	Compiler: clang 19.1.5 (Fedora 19.1.5-1.fc41)

Fedora 41
	Kernel: Depends on container host
	Compiler: gcc 14.2.1 20240912 (Red Hat 14.2.1-3)

openSUSE Leap 15
	Kernel: Depends on container host
	Compiler: gcc (SUSE Linux) 7.5.0

RHEL8
	Kernel: Depends on container host
	Compiler: gcc 8.5.0 20210514 (Red Hat 8.5.0-22)

RHEL9
	Kernel: Depends on container host
	Compiler: gcc 11.5.0 20240719 (Red Hat 11.5.0-2)

Ubuntu 22.04
	Kernel: Depends on container host
	Compiler: gcc (Ubuntu 11.4.0-1ubuntu1~22.04) 11.4.0

Ubuntu 24.04
	Kernel: Depends on container host
	Compiler: gcc (Ubuntu 13.3.0-6ubuntu2~24.04) 13.3.0

To view detailed results, visit:
https://lab.dpdk.org/results/dashboard/patchsets/32556/

UNH-IOL DPDK Community Lab

To manage your email subscriptions, visit: 
https://lab.dpdk.org/results/dashboard/preferences/subscriptions/

^ permalink raw reply	[flat|nested] 41+ messages in thread

* |SUCCESS| pw151296 [PATCH] mbuf: enable to be compiled with MSVC
       [not found] <1739224265-4158-1-git-send-email-andremue@linux.microsoft.com>
                   ` (23 preceding siblings ...)
  2025-02-11 14:26 ` |SUCCESS| " dpdklab
@ 2025-02-11 14:28 ` dpdklab
  2025-02-11 14:28 ` dpdklab
                   ` (15 subsequent siblings)
  40 siblings, 0 replies; 41+ messages in thread
From: dpdklab @ 2025-02-11 14:28 UTC (permalink / raw)
  To: Test Report; +Cc: dpdk-test-reports

Test-Label: iol-abi-testing
Test-Status: SUCCESS
http://dpdk.org/patch/151296

_Testing PASS_

Submitter: Andre Muezerie <andremue@linux.microsoft.com>
Date: Monday, February 10 2025 21:51:05 
DPDK git baseline: Repo:dpdk
  Branch: master
  CommitID:9d29cd6dc87d6c35c52194a5f7a34f2d84140353

151296 --> testing pass

Upstream job id: Generic-DPDK-Compile-ABI#115808

Test environment and result as below:

+-------------------+----------+
|    Environment    | abi_test |
+===================+==========+
| CentOS Stream 9   | PASS     |
+-------------------+----------+
| CentOS Stream 10  | PASS     |
+-------------------+----------+
| Debian Bullseye   | PASS     |
+-------------------+----------+
| Fedora 40 (Clang) | PASS     |
+-------------------+----------+
| Debian 12         | PASS     |
+-------------------+----------+
| Fedora 41 (Clang) | PASS     |
+-------------------+----------+
| Fedora 41         | PASS     |
+-------------------+----------+
| openSUSE Leap 15  | PASS     |
+-------------------+----------+
| RHEL8             | PASS     |
+-------------------+----------+
| RHEL9             | PASS     |
+-------------------+----------+
| Ubuntu 22.04      | PASS     |
+-------------------+----------+
| Ubuntu 24.04      | PASS     |
+-------------------+----------+


CentOS Stream 9
	Kernel: Depends on container host
	Compiler: gcc 11.5.0 20240719 (Red Hat 11.5.0-2)

CentOS Stream 10
	Kernel: Depends on container host
	Compiler: gcc 14.2.1 20241104 (Red Hat 14.2.1-6)

Debian Bullseye
	Kernel: Depends on container host
	Compiler: gcc (Debian 10.2.1-6) 10.2.1 20210110

Fedora 40 (Clang)
	Kernel: Depends on container host
	Compiler: clang 18.1.8 (Fedora 18.1.8-1.fc40)

Debian 12
	Kernel: Depends on container host
	Compiler: gcc (Debian 12.2.0-14) 12.2.0

Fedora 41 (Clang)
	Kernel: Depends on container host
	Compiler: clang 19.1.5 (Fedora 19.1.5-1.fc41)

Fedora 41
	Kernel: Depends on container host
	Compiler: gcc 14.2.1 20240912 (Red Hat 14.2.1-3)

openSUSE Leap 15
	Kernel: Depends on container host
	Compiler: gcc (SUSE Linux) 7.5.0

RHEL8
	Kernel: Depends on container host
	Compiler: gcc 8.5.0 20210514 (Red Hat 8.5.0-22)

RHEL9
	Kernel: Depends on container host
	Compiler: gcc 11.5.0 20240719 (Red Hat 11.5.0-2)

Ubuntu 22.04
	Kernel: Depends on container host
	Compiler: gcc (Ubuntu 11.4.0-1ubuntu1~22.04) 11.4.0

Ubuntu 24.04
	Kernel: Depends on container host
	Compiler: gcc (Ubuntu 13.3.0-6ubuntu2~24.04) 13.3.0

To view detailed results, visit:
https://lab.dpdk.org/results/dashboard/patchsets/32556/

UNH-IOL DPDK Community Lab

To manage your email subscriptions, visit: 
https://lab.dpdk.org/results/dashboard/preferences/subscriptions/

^ permalink raw reply	[flat|nested] 41+ messages in thread

* |SUCCESS| pw151296 [PATCH] mbuf: enable to be compiled with MSVC
       [not found] <1739224265-4158-1-git-send-email-andremue@linux.microsoft.com>
                   ` (24 preceding siblings ...)
  2025-02-11 14:28 ` dpdklab
@ 2025-02-11 14:28 ` dpdklab
  2025-02-11 14:29 ` dpdklab
                   ` (14 subsequent siblings)
  40 siblings, 0 replies; 41+ messages in thread
From: dpdklab @ 2025-02-11 14:28 UTC (permalink / raw)
  To: Test Report; +Cc: dpdk-test-reports

Test-Label: iol-abi-testing
Test-Status: SUCCESS
http://dpdk.org/patch/151296

_Testing PASS_

Submitter: Andre Muezerie <andremue@linux.microsoft.com>
Date: Monday, February 10 2025 21:51:05 
DPDK git baseline: Repo:dpdk
  Branch: master
  CommitID:9d29cd6dc87d6c35c52194a5f7a34f2d84140353

151296 --> testing pass

Upstream job id: Generic-DPDK-Compile-ABI#115811

Test environment and result as below:

+-------------------+----------+
|    Environment    | abi_test |
+===================+==========+
| CentOS Stream 9   | PASS     |
+-------------------+----------+
| CentOS Stream 10  | PASS     |
+-------------------+----------+
| Debian Bullseye   | PASS     |
+-------------------+----------+
| Fedora 40 (Clang) | PASS     |
+-------------------+----------+
| Debian 12         | PASS     |
+-------------------+----------+
| Fedora 41 (Clang) | PASS     |
+-------------------+----------+
| Fedora 41         | PASS     |
+-------------------+----------+
| openSUSE Leap 15  | PASS     |
+-------------------+----------+
| RHEL8             | PASS     |
+-------------------+----------+
| RHEL9             | PASS     |
+-------------------+----------+
| Ubuntu 22.04      | PASS     |
+-------------------+----------+
| Ubuntu 24.04      | PASS     |
+-------------------+----------+


CentOS Stream 9
	Kernel: Depends on container host
	Compiler: gcc 11.5.0 20240719 (Red Hat 11.5.0-2)

CentOS Stream 10
	Kernel: Depends on container host
	Compiler: gcc 14.2.1 20241104 (Red Hat 14.2.1-6)

Debian Bullseye
	Kernel: Depends on container host
	Compiler: gcc (Debian 10.2.1-6) 10.2.1 20210110

Fedora 40 (Clang)
	Kernel: Depends on container host
	Compiler: clang 18.1.8 (Fedora 18.1.8-1.fc40)

Debian 12
	Kernel: Depends on container host
	Compiler: gcc (Debian 12.2.0-14) 12.2.0

Fedora 41 (Clang)
	Kernel: Depends on container host
	Compiler: clang 19.1.5 (Fedora 19.1.5-1.fc41)

Fedora 41
	Kernel: Depends on container host
	Compiler: gcc 14.2.1 20240912 (Red Hat 14.2.1-3)

openSUSE Leap 15
	Kernel: Depends on container host
	Compiler: gcc (SUSE Linux) 7.5.0

RHEL8
	Kernel: Depends on container host
	Compiler: gcc 8.5.0 20210514 (Red Hat 8.5.0-22)

RHEL9
	Kernel: Depends on container host
	Compiler: gcc 11.5.0 20240719 (Red Hat 11.5.0-2)

Ubuntu 22.04
	Kernel: Depends on container host
	Compiler: gcc (Ubuntu 11.4.0-1ubuntu1~22.04) 11.4.0

Ubuntu 24.04
	Kernel: Depends on container host
	Compiler: gcc (Ubuntu 13.3.0-6ubuntu2~24.04) 13.3.0

To view detailed results, visit:
https://lab.dpdk.org/results/dashboard/patchsets/32556/

UNH-IOL DPDK Community Lab

To manage your email subscriptions, visit: 
https://lab.dpdk.org/results/dashboard/preferences/subscriptions/

^ permalink raw reply	[flat|nested] 41+ messages in thread

* |SUCCESS| pw151296 [PATCH] mbuf: enable to be compiled with MSVC
       [not found] <1739224265-4158-1-git-send-email-andremue@linux.microsoft.com>
                   ` (25 preceding siblings ...)
  2025-02-11 14:28 ` dpdklab
@ 2025-02-11 14:29 ` dpdklab
  2025-02-11 14:41 ` |PENDING| " dpdklab
                   ` (13 subsequent siblings)
  40 siblings, 0 replies; 41+ messages in thread
From: dpdklab @ 2025-02-11 14:29 UTC (permalink / raw)
  To: Test Report; +Cc: dpdk-test-reports

Test-Label: iol-unit-amd64-testing
Test-Status: SUCCESS
http://dpdk.org/patch/151296

_Testing PASS_

Submitter: Andre Muezerie <andremue@linux.microsoft.com>
Date: Monday, February 10 2025 21:51:05 
DPDK git baseline: Repo:dpdk
  Branch: master
  CommitID:9d29cd6dc87d6c35c52194a5f7a34f2d84140353

151296 --> testing pass

Upstream job id: Generic-Unit-Test-DPDK#314073

Test environment and result as below:

+-------------------+----------------+
|    Environment    | dpdk_unit_test |
+===================+================+
| CentOS Stream 9   | PASS           |
+-------------------+----------------+
| CentOS Stream 10  | PASS           |
+-------------------+----------------+
| Fedora 40 (Clang) | PASS           |
+-------------------+----------------+
| Fedora 40         | PASS           |
+-------------------+----------------+
| Debian 12         | PASS           |
+-------------------+----------------+
| Debian Bullseye   | PASS           |
+-------------------+----------------+
| Fedora 41         | PASS           |
+-------------------+----------------+
| RHEL9             | PASS           |
+-------------------+----------------+
| RHEL8             | PASS           |
+-------------------+----------------+
| Fedora 41 (Clang) | PASS           |
+-------------------+----------------+
| Ubuntu 20.04      | PASS           |
+-------------------+----------------+
| Ubuntu 24.04      | PASS           |
+-------------------+----------------+
| Ubuntu 22.04      | PASS           |
+-------------------+----------------+


CentOS Stream 9
	Kernel: Depends on container host
	Compiler: gcc 11.5.0 20240719 (Red Hat 11.5.0-2)

CentOS Stream 10
	Kernel: Depends on container host
	Compiler: gcc 14.2.1 20241104 (Red Hat 14.2.1-6)

Fedora 40 (Clang)
	Kernel: Depends on container host
	Compiler: clang 18.1.8 (Fedora 18.1.8-1.fc40)

Fedora 40
	Kernel: Depends on container host
	Compiler: gcc 14.2.1 20240912 (Red Hat 14.2.1-3)

Debian 12
	Kernel: Depends on container host
	Compiler: gcc (Debian 12.2.0-14) 12.2.0

Debian Bullseye
	Kernel: Depends on container host
	Compiler: gcc (Debian 10.2.1-6) 10.2.1 20210110

Fedora 41
	Kernel: Depends on container host
	Compiler: gcc 14.2.1 20240912 (Red Hat 14.2.1-3)

RHEL9
	Kernel: Depends on container host
	Compiler: gcc 11.5.0 20240719 (Red Hat 11.5.0-2)

RHEL8
	Kernel: Depends on container host
	Compiler: gcc 8.5.0 20210514 (Red Hat 8.5.0-22)

Fedora 41 (Clang)
	Kernel: Depends on container host
	Compiler: clang 19.1.5 (Fedora 19.1.5-1.fc41)

Ubuntu 20.04
	Kernel: Depends on container host
	Compiler: gcc (Ubuntu 9.4.0-1ubuntu1~20.04.2) 9.4.0

Ubuntu 24.04
	Kernel: Depends on container host
	Compiler: gcc (Ubuntu 13.3.0-6ubuntu2~24.04) 13.3.0

Ubuntu 22.04
	Kernel: Depends on container host
	Compiler: gcc (Ubuntu 11.4.0-1ubuntu1~22.04) 11.4.0

To view detailed results, visit:
https://lab.dpdk.org/results/dashboard/patchsets/32556/

UNH-IOL DPDK Community Lab

To manage your email subscriptions, visit: 
https://lab.dpdk.org/results/dashboard/preferences/subscriptions/

^ permalink raw reply	[flat|nested] 41+ messages in thread

* |PENDING| pw151296 [PATCH] mbuf: enable to be compiled with MSVC
       [not found] <1739224265-4158-1-git-send-email-andremue@linux.microsoft.com>
                   ` (26 preceding siblings ...)
  2025-02-11 14:29 ` dpdklab
@ 2025-02-11 14:41 ` dpdklab
  2025-02-11 14:51 ` dpdklab
                   ` (12 subsequent siblings)
  40 siblings, 0 replies; 41+ messages in thread
From: dpdklab @ 2025-02-11 14:41 UTC (permalink / raw)
  To: Test Report; +Cc: dpdk-test-reports

Test-Label: iol-unit-arm64-testing
Test-Status: PENDING
http://dpdk.org/patch/151296

_Testing pending_

Submitter: Andre Muezerie <andremue@linux.microsoft.com>
Date: Monday, February 10 2025 21:51:05 
DPDK git baseline: Repo:dpdk
  Branch: master
  CommitID:9d29cd6dc87d6c35c52194a5f7a34f2d84140353

151296 --> testing pending

Upstream job id: Aarch32-Unit-Test#5287

Test environment and result as below:

+-----------------------------+----------------+---------------------------+------------------------------+--------------+
|         Environment         | dpdk_unit_test | cryptodev_sw_zuc_autotest | cryptodev_sw_snow3g_autotest | lpm_autotest |
+=============================+================+===========================+==============================+==============+
| 32-bit Ubuntu 22.04.4 (ARM) | PASS           | SKIPPED                   | SKIPPED                      | SKIPPED      |
+-----------------------------+----------------+---------------------------+------------------------------+--------------+
| CentOS Stream 9 (ARM)       | PEND           | SKIPPED                   | SKIPPED                      | SKIPPED      |
+-----------------------------+----------------+---------------------------+------------------------------+--------------+
| Debian 11 (Buster) (ARM)    | PEND           | SKIPPED                   | SKIPPED                      | SKIPPED      |
+-----------------------------+----------------+---------------------------+------------------------------+--------------+
| Debian 12 (arm)             | PEND           | PEND                      | PEND                         | SKIPPED      |
+-----------------------------+----------------+---------------------------+------------------------------+--------------+
| CentOS Stream 10 (ARM)      | PEND           | SKIPPED                   | SKIPPED                      | SKIPPED      |
+-----------------------------+----------------+---------------------------+------------------------------+--------------+
| Fedora 41 (ARM)             | PEND           | SKIPPED                   | SKIPPED                      | SKIPPED      |
+-----------------------------+----------------+---------------------------+------------------------------+--------------+
| Fedora 40 (ARM Clang)       | PEND           | SKIPPED                   | SKIPPED                      | SKIPPED      |
+-----------------------------+----------------+---------------------------+------------------------------+--------------+
| Fedora 41 (ARM Clang)       | PEND           | SKIPPED                   | SKIPPED                      | SKIPPED      |
+-----------------------------+----------------+---------------------------+------------------------------+--------------+
| Fedora 40 (ARM)             | PEND           | SKIPPED                   | SKIPPED                      | SKIPPED      |
+-----------------------------+----------------+---------------------------+------------------------------+--------------+
| RHEL9 (ARM)                 | PEND           | SKIPPED                   | SKIPPED                      | SKIPPED      |
+-----------------------------+----------------+---------------------------+------------------------------+--------------+
| Ubuntu 24.04 (ARM)          | PEND           | SKIPPED                   | SKIPPED                      | SKIPPED      |
+-----------------------------+----------------+---------------------------+------------------------------+--------------+
| Ubuntu 22.04 (ARM)          | PEND           | SKIPPED                   | SKIPPED                      | SKIPPED      |
+-----------------------------+----------------+---------------------------+------------------------------+--------------+
| Ubuntu 20.04 (ARM)          | PEND           | SKIPPED                   | SKIPPED                      | SKIPPED      |
+-----------------------------+----------------+---------------------------+------------------------------+--------------+
| Ubuntu 20.04 ARM SVE        | SKIPPED        | SKIPPED                   | SKIPPED                      | PEND         |
+-----------------------------+----------------+---------------------------+------------------------------+--------------+


32-bit Ubuntu 22.04.4 (ARM)
	Kernel: 5.15.83+ aarch64
	Compiler: gcc (Ubuntu 11.4.0-1ubuntu1~22.04) 11.4.0

CentOS Stream 9 (ARM)
	Kernel: Depends on container host
	Compiler: gcc 11.5.0 20240719 (Red Hat 11.5.0-2)

Debian 11 (Buster) (ARM)
	Kernel: Depends on container host
	Compiler: gcc (Debian 10.2.1-6) 10.2.1 20210110

Debian 12 (arm)
	Kernel: Depends on container host
	Compiler: gcc (Debian 12.2.0-14) 12.2.0

CentOS Stream 10 (ARM)
	Kernel: Depends on container host
	Compiler: gcc 14.2.1 20241104 (Red Hat 14.2.1-6)

Fedora 41 (ARM)
	Kernel: Depends on container host
	Compiler: gcc 14.2.1 20240912 (Red Hat 14.2.1-3)

Fedora 40 (ARM Clang)
	Kernel: Depends on container host
	Compiler: clang 18.1.8 (Fedora 18.1.8-1.fc40)

Fedora 41 (ARM Clang)
	Kernel: Depends on container host
	Compiler: clang 19.1.5 (Fedora 19.1.5-1.fc41)

Fedora 40 (ARM)
	Kernel: Depends on container host
	Compiler: gcc 14.2.1 20240912 (Red Hat 14.2.1-3)

RHEL9 (ARM)
	Kernel: Depends on container host
	Compiler: gcc 11.5.0 20240719 (Red Hat 11.5.0-2)

Ubuntu 24.04 (ARM)
	Kernel: Depends on container host
	Compiler: gcc (Ubuntu 13.3.0-6ubuntu2~24.04) 13.3.0

Ubuntu 22.04 (ARM)
	Kernel: Depends on container host
	Compiler: gcc (Ubuntu 11.4.0-1ubuntu1~22.04) 11.4.0

Ubuntu 20.04 (ARM)
	Kernel: Depends on container host
	Compiler: gcc (Ubuntu 9.4.0-1ubuntu1~20.04.2) 9.4.0

Ubuntu 20.04 ARM SVE
	Kernel: Depends on container host
	Compiler: gcc (Ubuntu 10.5.0-1ubuntu1~20.04) 10.5.0

To view detailed results, visit:
https://lab.dpdk.org/results/dashboard/patchsets/32556/

UNH-IOL DPDK Community Lab

To manage your email subscriptions, visit: 
https://lab.dpdk.org/results/dashboard/preferences/subscriptions/

^ permalink raw reply	[flat|nested] 41+ messages in thread

* |PENDING| pw151296 [PATCH] mbuf: enable to be compiled with MSVC
       [not found] <1739224265-4158-1-git-send-email-andremue@linux.microsoft.com>
                   ` (27 preceding siblings ...)
  2025-02-11 14:41 ` |PENDING| " dpdklab
@ 2025-02-11 14:51 ` dpdklab
  2025-02-11 14:52 ` dpdklab
                   ` (11 subsequent siblings)
  40 siblings, 0 replies; 41+ messages in thread
From: dpdklab @ 2025-02-11 14:51 UTC (permalink / raw)
  To: Test Report; +Cc: dpdk-test-reports

Test-Label: iol-unit-amd64-testing
Test-Status: PENDING
http://dpdk.org/patch/151296

_Testing pending_

Submitter: Andre Muezerie <andremue@linux.microsoft.com>
Date: Monday, February 10 2025 21:51:05 
DPDK git baseline: Repo:dpdk
  Branch: master
  CommitID:9d29cd6dc87d6c35c52194a5f7a34f2d84140353

151296 --> testing pending

Upstream job id: Generic-Unit-Test-DPDK#314087

Test environment and result as below:

+-------------------+----------------+
|    Environment    | dpdk_unit_test |
+===================+================+
| CentOS Stream 9   | PEND           |
+-------------------+----------------+
| CentOS Stream 10  | PASS           |
+-------------------+----------------+
| Fedora 40         | PEND           |
+-------------------+----------------+
| Debian 12         | PEND           |
+-------------------+----------------+
| Debian Bullseye   | PEND           |
+-------------------+----------------+
| Fedora 40 (Clang) | PEND           |
+-------------------+----------------+
| Fedora 41         | PEND           |
+-------------------+----------------+
| Fedora 41 (Clang) | PEND           |
+-------------------+----------------+
| RHEL8             | PEND           |
+-------------------+----------------+
| Ubuntu 24.04      | PEND           |
+-------------------+----------------+
| RHEL9             | PEND           |
+-------------------+----------------+
| Ubuntu 22.04      | PEND           |
+-------------------+----------------+
| Ubuntu 20.04      | PEND           |
+-------------------+----------------+


CentOS Stream 9
	Kernel: Depends on container host
	Compiler: gcc 11.5.0 20240719 (Red Hat 11.5.0-2)

CentOS Stream 10
	Kernel: Depends on container host
	Compiler: gcc 14.2.1 20241104 (Red Hat 14.2.1-6)

Fedora 40
	Kernel: Depends on container host
	Compiler: gcc 14.2.1 20240912 (Red Hat 14.2.1-3)

Debian 12
	Kernel: Depends on container host
	Compiler: gcc (Debian 12.2.0-14) 12.2.0

Debian Bullseye
	Kernel: Depends on container host
	Compiler: gcc (Debian 10.2.1-6) 10.2.1 20210110

Fedora 40 (Clang)
	Kernel: Depends on container host
	Compiler: clang 18.1.8 (Fedora 18.1.8-1.fc40)

Fedora 41
	Kernel: Depends on container host
	Compiler: gcc 14.2.1 20240912 (Red Hat 14.2.1-3)

Fedora 41 (Clang)
	Kernel: Depends on container host
	Compiler: clang 19.1.5 (Fedora 19.1.5-1.fc41)

RHEL8
	Kernel: Depends on container host
	Compiler: gcc 8.5.0 20210514 (Red Hat 8.5.0-22)

Ubuntu 24.04
	Kernel: Depends on container host
	Compiler: gcc (Ubuntu 13.3.0-6ubuntu2~24.04) 13.3.0

RHEL9
	Kernel: Depends on container host
	Compiler: gcc 11.5.0 20240719 (Red Hat 11.5.0-2)

Ubuntu 22.04
	Kernel: Depends on container host
	Compiler: gcc (Ubuntu 11.4.0-1ubuntu1~22.04) 11.4.0

Ubuntu 20.04
	Kernel: Depends on container host
	Compiler: gcc (Ubuntu 9.4.0-1ubuntu1~20.04.2) 9.4.0

To view detailed results, visit:
https://lab.dpdk.org/results/dashboard/patchsets/32556/

UNH-IOL DPDK Community Lab

To manage your email subscriptions, visit: 
https://lab.dpdk.org/results/dashboard/preferences/subscriptions/

^ permalink raw reply	[flat|nested] 41+ messages in thread

* |PENDING| pw151296 [PATCH] mbuf: enable to be compiled with MSVC
       [not found] <1739224265-4158-1-git-send-email-andremue@linux.microsoft.com>
                   ` (28 preceding siblings ...)
  2025-02-11 14:51 ` dpdklab
@ 2025-02-11 14:52 ` dpdklab
  2025-02-11 14:53 ` |SUCCESS| " dpdklab
                   ` (10 subsequent siblings)
  40 siblings, 0 replies; 41+ messages in thread
From: dpdklab @ 2025-02-11 14:52 UTC (permalink / raw)
  To: Test Report; +Cc: dpdk-test-reports

Test-Label: iol-compile-arm64-testing
Test-Status: PENDING
http://dpdk.org/patch/151296

_Testing pending_

Submitter: Andre Muezerie <andremue@linux.microsoft.com>
Date: Monday, February 10 2025 21:51:05 
DPDK git baseline: Repo:dpdk
  Branch: master
  CommitID:9d29cd6dc87d6c35c52194a5f7a34f2d84140353

151296 --> testing pending

Upstream job id: Generic-DPDK-Compile-Meson#360636

Test environment and result as below:

+------------------------------------+--------------------+
|            Environment             | dpdk_meson_compile |
+====================================+====================+
| RHEL9 (ARM)                        | PEND               |
+------------------------------------+--------------------+
| Ubuntu 20.04 ARM GCC Cross Compile | PEND               |
+------------------------------------+--------------------+
| Ubuntu 20.04 ARM SVE               | PASS               |
+------------------------------------+--------------------+
| Fedora 40 (ARM Clang)              | PEND               |
+------------------------------------+--------------------+
| Fedora 40 (ARM)                    | PEND               |
+------------------------------------+--------------------+
| Debian 12 with MUSDK               | PEND               |
+------------------------------------+--------------------+
| Ubuntu 24.04 (ARM)                 | PEND               |
+------------------------------------+--------------------+
| Fedora 41 (ARM Clang)              | PEND               |
+------------------------------------+--------------------+
| Ubuntu 22.04 (ARM)                 | PEND               |
+------------------------------------+--------------------+
| Ubuntu 20.04 (ARM)                 | PEND               |
+------------------------------------+--------------------+
| Fedora 41 (ARM)                    | PEND               |
+------------------------------------+--------------------+
| CentOS Stream 9 (ARM)              | PEND               |
+------------------------------------+--------------------+
| CentOS Stream 10 (ARM)             | PEND               |
+------------------------------------+--------------------+


RHEL9 (ARM)
	Kernel: Depends on container host
	Compiler: gcc 11.5.0 20240719 (Red Hat 11.5.0-2)

Ubuntu 20.04 ARM GCC Cross Compile
	Kernel: Depends on container host
	Compiler: aarch64-linux-gnu-gcc (Ubuntu 9.4.0-1ubuntu1~20.04.2) 9.4.0

Ubuntu 20.04 ARM SVE
	Kernel: Depends on container host
	Compiler: gcc (Ubuntu 10.5.0-1ubuntu1~20.04) 10.5.0

Fedora 40 (ARM Clang)
	Kernel: Depends on container host
	Compiler: clang 18.1.8 (Fedora 18.1.8-1.fc40)

Fedora 40 (ARM)
	Kernel: Depends on container host
	Compiler: gcc 14.2.1 20240912 (Red Hat 14.2.1-3)

Debian 12 with MUSDK
	Kernel: Depends on container host
	Compiler: gcc (Debian 12.2.0-14) 12.2.0

Ubuntu 24.04 (ARM)
	Kernel: Depends on container host
	Compiler: gcc (Ubuntu 13.3.0-6ubuntu2~24.04) 13.3.0

Fedora 41 (ARM Clang)
	Kernel: Depends on container host
	Compiler: clang 19.1.5 (Fedora 19.1.5-1.fc41)

Ubuntu 22.04 (ARM)
	Kernel: Depends on container host
	Compiler: gcc (Ubuntu 11.4.0-1ubuntu1~22.04) 11.4.0

Ubuntu 20.04 (ARM)
	Kernel: Depends on container host
	Compiler: gcc (Ubuntu 9.4.0-1ubuntu1~20.04.2) 9.4.0

Fedora 41 (ARM)
	Kernel: Depends on container host
	Compiler: gcc 14.2.1 20240912 (Red Hat 14.2.1-3)

CentOS Stream 9 (ARM)
	Kernel: Depends on container host
	Compiler: gcc 11.5.0 20240719 (Red Hat 11.5.0-2)

CentOS Stream 10 (ARM)
	Kernel: Depends on container host
	Compiler: gcc 14.2.1 20241104 (Red Hat 14.2.1-6)

To view detailed results, visit:
https://lab.dpdk.org/results/dashboard/patchsets/32556/

UNH-IOL DPDK Community Lab

To manage your email subscriptions, visit: 
https://lab.dpdk.org/results/dashboard/preferences/subscriptions/

^ permalink raw reply	[flat|nested] 41+ messages in thread

* |SUCCESS| pw151296 [PATCH] mbuf: enable to be compiled with MSVC
       [not found] <1739224265-4158-1-git-send-email-andremue@linux.microsoft.com>
                   ` (29 preceding siblings ...)
  2025-02-11 14:52 ` dpdklab
@ 2025-02-11 14:53 ` dpdklab
  2025-02-11 14:59 ` |FAILURE| " dpdklab
                   ` (9 subsequent siblings)
  40 siblings, 0 replies; 41+ messages in thread
From: dpdklab @ 2025-02-11 14:53 UTC (permalink / raw)
  To: Test Report; +Cc: dpdk-test-reports

Test-Label: iol-unit-amd64-testing
Test-Status: SUCCESS
http://dpdk.org/patch/151296

_Testing PASS_

Submitter: Andre Muezerie <andremue@linux.microsoft.com>
Date: Monday, February 10 2025 21:51:05 
DPDK git baseline: Repo:dpdk
  Branch: master
  CommitID:9d29cd6dc87d6c35c52194a5f7a34f2d84140353

151296 --> testing pass

Upstream job id: Generic-VM-Unit-Test-DPDK#27197

Test environment and result as below:

+---------------------+----------------+
|     Environment     | dpdk_unit_test |
+=====================+================+
| CentOS Stream 9     | PASS           |
+---------------------+----------------+
| CentOS Stream 10    | PASS           |
+---------------------+----------------+
| Fedora 40 (Clang)   | PASS           |
+---------------------+----------------+
| Fedora 40           | PASS           |
+---------------------+----------------+
| Debian 12           | PASS           |
+---------------------+----------------+
| Debian Bullseye     | PASS           |
+---------------------+----------------+
| Fedora 41           | PASS           |
+---------------------+----------------+
| RHEL9               | PASS           |
+---------------------+----------------+
| RHEL8               | PASS           |
+---------------------+----------------+
| Fedora 41 (Clang)   | PASS           |
+---------------------+----------------+
| Ubuntu 20.04        | PASS           |
+---------------------+----------------+
| Ubuntu 24.04        | PASS           |
+---------------------+----------------+
| Ubuntu 22.04        | PASS           |
+---------------------+----------------+
| Windows Server 2022 | PASS           |
+---------------------+----------------+


CentOS Stream 9
	Kernel: Depends on container host
	Compiler: gcc 11.5.0 20240719 (Red Hat 11.5.0-2)

CentOS Stream 10
	Kernel: Depends on container host
	Compiler: gcc 14.2.1 20241104 (Red Hat 14.2.1-6)

Fedora 40 (Clang)
	Kernel: Depends on container host
	Compiler: clang 18.1.8 (Fedora 18.1.8-1.fc40)

Fedora 40
	Kernel: Depends on container host
	Compiler: gcc 14.2.1 20240912 (Red Hat 14.2.1-3)

Debian 12
	Kernel: Depends on container host
	Compiler: gcc (Debian 12.2.0-14) 12.2.0

Debian Bullseye
	Kernel: Depends on container host
	Compiler: gcc (Debian 10.2.1-6) 10.2.1 20210110

Fedora 41
	Kernel: Depends on container host
	Compiler: gcc 14.2.1 20240912 (Red Hat 14.2.1-3)

RHEL9
	Kernel: Depends on container host
	Compiler: gcc 11.5.0 20240719 (Red Hat 11.5.0-2)

RHEL8
	Kernel: Depends on container host
	Compiler: gcc 8.5.0 20210514 (Red Hat 8.5.0-22)

Fedora 41 (Clang)
	Kernel: Depends on container host
	Compiler: clang 19.1.5 (Fedora 19.1.5-1.fc41)

Ubuntu 20.04
	Kernel: Depends on container host
	Compiler: gcc (Ubuntu 9.4.0-1ubuntu1~20.04.2) 9.4.0

Ubuntu 24.04
	Kernel: Depends on container host
	Compiler: gcc (Ubuntu 13.3.0-6ubuntu2~24.04) 13.3.0

Ubuntu 22.04
	Kernel: Depends on container host
	Compiler: gcc (Ubuntu 11.4.0-1ubuntu1~22.04) 11.4.0

Windows Server 2022
	Kernel: 10.0.20348.2031
	Compiler: clang 15.0.7, gcc 14.1.0 (MinGW), and MSVC VS 19.39.33521

To view detailed results, visit:
https://lab.dpdk.org/results/dashboard/patchsets/32556/

UNH-IOL DPDK Community Lab

To manage your email subscriptions, visit: 
https://lab.dpdk.org/results/dashboard/preferences/subscriptions/

^ permalink raw reply	[flat|nested] 41+ messages in thread

* |FAILURE| pw151296 [PATCH] mbuf: enable to be compiled with MSVC
       [not found] <1739224265-4158-1-git-send-email-andremue@linux.microsoft.com>
                   ` (30 preceding siblings ...)
  2025-02-11 14:53 ` |SUCCESS| " dpdklab
@ 2025-02-11 14:59 ` dpdklab
  2025-02-11 15:04 ` |PENDING| " dpdklab
                   ` (8 subsequent siblings)
  40 siblings, 0 replies; 41+ messages in thread
From: dpdklab @ 2025-02-11 14:59 UTC (permalink / raw)
  To: Test Report; +Cc: dpdk-test-reports, Andre Muezerie

Test-Label: iol-unit-amd64-testing
Test-Status: FAILURE
http://dpdk.org/patch/151296

_Testing issues_

Submitter: Andre Muezerie <andremue@linux.microsoft.com>
Date: Monday, February 10 2025 21:51:05 
DPDK git baseline: Repo:dpdk
  Branch: master
  CommitID:9d29cd6dc87d6c35c52194a5f7a34f2d84140353

151296 --> testing issues

Upstream job id: Generic-Unit-Test-DPDK#314091

Test environment and result as below:

+-------------------+----------------+
|    Environment    | dpdk_unit_test |
+===================+================+
| CentOS Stream 9   | PASS           |
+-------------------+----------------+
| CentOS Stream 10  | PASS           |
+-------------------+----------------+
| Fedora 40         | PASS           |
+-------------------+----------------+
| Debian 12         | FAIL           |
+-------------------+----------------+
| Debian Bullseye   | PEND           |
+-------------------+----------------+
| Fedora 40 (Clang) | PEND           |
+-------------------+----------------+
| Fedora 41         | PEND           |
+-------------------+----------------+
| Fedora 41 (Clang) | PEND           |
+-------------------+----------------+
| RHEL8             | PEND           |
+-------------------+----------------+
| Ubuntu 24.04      | PEND           |
+-------------------+----------------+
| RHEL9             | PEND           |
+-------------------+----------------+
| Ubuntu 22.04      | PEND           |
+-------------------+----------------+
| Ubuntu 20.04      | PEND           |
+-------------------+----------------+

==== Unit test summary for Debian 12 (dpdk_unit_test): ====
ninja: Entering directory `/root/workspace/Generic-Unit-Test-DPDK/dpdk/build'
ninja: no work to do.
  1/119 DPDK:fast-tests / acl_autotest                   OK               4.82s
  2/119 DPDK:fast-tests / alarm_autotest                 OK               1.21s
  3/119 DPDK:fast-tests / argparse_autotest              OK               0.19s
  4/119 DPDK:fast-tests / atomic_autotest                OK               0.41s
  5/119 DPDK:fast-tests / bitcount_autotest              OK               0.19s
  6/119 DPDK:fast-tests / bitmap_autotest                OK               0.26s
  7/119 DPDK:fast-tests / bitops_autotest                OK               1.86s
  8/119 DPDK:fast-tests / bitratestats_autotest          OK               0.26s
  9/119 DPDK:fast-tests / bitset_autotest                OK               2.65s
 10/119 DPDK:fast-tests / bpf_autotest                   OK               0.19s
 11/119 DPDK:fast-tests / bpf_convert_autotest           OK               0.19s
 12/119 DPDK:fast-tests / byteorder_autotest             OK               0.18s
 13/119 DPDK:fast-tests / cfgfile_autotest               OK               0.18s
 14/119 DPDK:fast-tests / cksum_autotest                 OK               0.18s
 15/119 DPDK:fast-tests / cmdline_autotest               OK               0.20s
 16/119 DPDK:fast-tests / common_autotest                OK               0.80s
 17/119 DPDK:fast-tests / compressdev_autotest           SKIP             0.16s   exit status 77
 18/119 DPDK:fast-tests / cpuflags_autotest              OK               0.19s
 19/119 DPDK:fast-tests / crc_autotest                   OK               0.18s
 20/119 DPDK:fast-tests / user_delay_us                  OK               0.18s
 21/119 DPDK:fast-tests / debug_autotest                 OK               0.51s
 22/119 DPDK:fast-tests / devargs_autotest               OK               0.18s
 23/119 DPDK:fast-tests / dispatcher_autotest            SKIP             0.16s   exit status 77
 24/119 DPDK:fast-tests / distributor_autotest           OK               1.03s
 25/119 DPDK:fast-tests / eal_flags_c_opt_autotest       OK               0.79s
 26/119 DPDK:fast-tests / eal_flags_main_opt_autotest    OK               0.29s
 27/119 DPDK:fast-tests / eal_flags_n_opt_autotest       OK               0.47s
 28/119 DPDK:fast-tests / eal_flags_hpet_autotest        OK               0.20s
 29/119 DPDK:fast-tests / eal_flags_no_huge_autotest     OK               0.49s
 30/119 DPDK:fast-tests / eal_flags_a_opt_autotest       OK               0.37s
 31/119 DPDK:fast-tests / eal_flags_b_opt_autotest       OK               0.31s
 32/119 DPDK:fast-tests / eal_flags_vdev_opt_autotest    OK               0.56s
 33/119 DPDK:fast-tests / eal_flags_r_opt_autotest       OK               0.26s
 34/119 DPDK:fast-tests / eal_flags_mem_autotest         OK               0.73s
 35/119 DPDK:fast-tests / eal_flags_file_prefix_autotest OK               2.05s
 36/119 DPDK:fast-tests / eal_flags_misc_autotest        FAIL             2.23s   killed by signal 11 SIGSEGV
>>> DPDK_TEST=eal_flags_misc_autotest MALLOC_PERTURB_=248 /root/workspace/Generic-Unit-Test-DPDK/dpdk/build/app/dpdk-test

 37/119 DPDK:fast-tests / eal_fs_autotest                OK               0.17s
 38/119 DPDK:fast-tests / errno_autotest                 OK               0.17s
 39/119 DPDK:fast-tests / ethdev_link_status             OK               0.17s
 40/119 DPDK:fast-tests / event_eth_tx_adapter_autotest  OK               0.45s
 41/119 DPDK:fast-tests / event_ring_autotest            OK               0.17s
 42/119 DPDK:fast-tests / eventdev_common_autotest       OK               0.17s
 43/119 DPDK:fast-tests / eventdev_selftest_sw           OK               0.20s
 44/119 DPDK:fast-tests / fbarray_autotest               OK               0.16s
 45/119 DPDK:fast-tests / fib_autotest                   OK               0.67s
 46/119 DPDK:fast-tests / fib6_autotest                  OK               0.55s
 47/119 DPDK:fast-tests / func_reentrancy_autotest       OK               0.53s
 48/119 DPDK:fast-tests / graph_autotest                 OK               0.17s
 49/119 DPDK:fast-tests / node_list_dump                 OK               0.17s
 50/119 DPDK:fast-tests / hash_autotest                  OK               0.26s
 51/119 DPDK:fast-tests / hash_readwrite_func_autotest   SKIP             0.14s   exit status 77
 52/119 DPDK:fast-tests / interrupt_autotest             OK               1.18s
 53/119 DPDK:fast-tests / ipfrag_autotest                OK               0.14s
 54/119 DPDK:fast-tests / ipsec_autotest                 SKIP             0.17s   exit status 77
 55/119 DPDK:fast-tests / kvargs_autotest                OK               0.17s
 56/119 DPDK:fast-tests / latencystats_autotest          OK               0.17s
 57/119 DPDK:fast-tests / lcore_var_autotest             OK               0.29s
 58/119 DPDK:fast-tests / lcores_autotest                OK               0.73s
 59/119 DPDK:fast-tests / logs_autotest                  OK               0.17s
 60/119 DPDK:fast-tests / lpm_autotest                   OK               1.45s
 61/119 DPDK:fast-tests / lpm6_autotest                  OK               2.47s
 62/119 DPDK:fast-tests / malloc_autotest                OK               0.34s
 63/119 DPDK:fast-tests / mbuf_autotest                  OK               0.17s
 64/119 DPDK:fast-tests / mcslock_autotest               OK               0.40s
 65/119 DPDK:fast-tests / member_autotest                OK               0.78s
 66/119 DPDK:fast-tests / memcpy_autotest                OK               1.72s
 67/119 DPDK:fast-tests / memory_autotest                OK               0.14s
 68/119 DPDK:fast-tests / mempool_autotest               OK               0.42s
 69/119 DPDK:fast-tests / memzone_autotest               OK               0.15s
 70/119 DPDK:fast-tests / meter_autotest                 OK               0.17s
 71/119 DPDK:fast-tests / metrics_autotest               OK               0.17s
 72/119 DPDK:fast-tests / multiprocess_autotest          OK               0.25s
 73/119 DPDK:fast-tests / net_ether_autotest             OK               0.49s
 74/119 DPDK:fast-tests / net_ipv6_autotest              OK               0.17s
 75/119 DPDK:fast-tests / pcapng_autotest                OK               6.83s
 76/119 DPDK:fast-tests / pdcp_autotest                  SKIP             0.16s   exit status 77
 77/119 DPDK:fast-tests / pdump_autotest                 OK               0.28s
 78/119 DPDK:fast-tests / per_lcore_autotest             OK               0.27s
 79/119 DPDK:fast-tests / pflock_autotest                OK               0.27s
 80/119 DPDK:fast-tests / pie_autotest                   OK               0.17s
 81/119 DPDK:fast-tests / ring_pmd_autotest              OK               0.17s
 82/119 DPDK:fast-tests / power_autotest                 OK               0.16s
 83/119 DPDK:fast-tests / power_cpufreq_autotest         SKIP             0.14s   exit status 77
 84/119 DPDK:fast-tests / power_intel_uncore_autotest    SKIP             0.17s   exit status 77
 85/119 DPDK:fast-tests / power_kvm_vm_autotest          SKIP             0.14s   exit status 77
 86/119 DPDK:fast-tests / prefetch_autotest              OK               0.17s
 87/119 DPDK:fast-tests / ptr_compress_autotest          OK               0.16s
 88/119 DPDK:fast-tests / rawdev_autotest                OK               0.17s
 89/119 DPDK:fast-tests / rcu_qsbr_autotest              OK               0.26s
 90/119 DPDK:fast-tests / reorder_autotest               OK               0.27s
 91/119 DPDK:fast-tests / rib_autotest                   OK               3.56s
 92/119 DPDK:fast-tests / rib6_autotest                  OK               3.47s
 93/119 DPDK:fast-tests / ring_autotest                  OK               0.17s
 94/119 DPDK:fast-tests / rwlock_test1_autotest          OK               0.27s
 95/119 DPDK:fast-tests / rwlock_rda_autotest            OK               5.17s
 96/119 DPDK:fast-tests / rwlock_rds_wrm_autotest        OK               5.31s
 97/119 DPDK:fast-tests / rwlock_rde_wro_autotest        OK               5.17s
 98/119 DPDK:fast-tests / sched_autotest                 OK               0.17s
 99/119 DPDK:fast-tests / security_autotest              OK               0.14s
100/119 DPDK:fast-tests / seqlock_autotest               SKIP             0.17s   exit status 77
101/119 DPDK:fast-tests / service_autotest               OK               0.27s
102/119 DPDK:fast-tests / soring_autotest                OK               0.17s
103/119 DPDK:fast-tests / spinlock_autotest              OK               0.18s
104/119 DPDK:fast-tests / stack_autotest                 OK               0.18s
105/119 DPDK:fast-tests / stack_lf_autotest              OK               0.23s
106/119 DPDK:fast-tests / string_autotest                OK               0.17s
107/119 DPDK:fast-tests / table_autotest                 OK               4.68s
108/119 DPDK:fast-tests / tailq_autotest                 OK               0.17s
109/119 DPDK:fast-tests / telemetry_data_autotest        OK               0.17s
110/119 DPDK:fast-tests / telemetry_json_autotest        OK               0.16s
111/119 DPDK:fast-tests / thash_autotest                 OK               0.17s
112/119 DPDK:fast-tests / threads_autotest               OK               0.33s
113/119 DPDK:fast-tests / ticketlock_autotest            OK               0.18s
114/119 DPDK:fast-tests / timer_autotest                 OK               2.48s
115/119 DPDK:fast-tests / trace_autotest                 OK               0.17s
116/119 DPDK:fast-tests / trace_autotest_with_traces     OK               0.17s
117/119 DPDK:fast-tests / vdev_autotest                  OK               0.17s
118/119 DPDK:fast-tests / version_autotest               OK               0.17s
119/119 DPDK:fast-tests / telemetry_all                  SKIP             0.01s   exit status 77


Ok:                 108 
Expected Fail:      0   
Fail:               1   
Unexpected Pass:    0   
Skipped:            10  
Timeout:            0   

Full log written to /root/workspace/Generic-Unit-Test-DPDK/dpdk/build/meson-logs/testlog.txt



Test log output from the failed test eal_flags_misc_autotest:

Sorry, we were not able to find the logs for this test.
Download the log output from the CI site for this test run.
==== End log output ====

CentOS Stream 9
	Kernel: Depends on container host
	Compiler: gcc 11.5.0 20240719 (Red Hat 11.5.0-2)

CentOS Stream 10
	Kernel: Depends on container host
	Compiler: gcc 14.2.1 20241104 (Red Hat 14.2.1-6)

Fedora 40
	Kernel: Depends on container host
	Compiler: gcc 14.2.1 20240912 (Red Hat 14.2.1-3)

Debian 12
	Kernel: Depends on container host
	Compiler: gcc (Debian 12.2.0-14) 12.2.0

Debian Bullseye
	Kernel: Depends on container host
	Compiler: gcc (Debian 10.2.1-6) 10.2.1 20210110

Fedora 40 (Clang)
	Kernel: Depends on container host
	Compiler: clang 18.1.8 (Fedora 18.1.8-1.fc40)

Fedora 41
	Kernel: Depends on container host
	Compiler: gcc 14.2.1 20240912 (Red Hat 14.2.1-3)

Fedora 41 (Clang)
	Kernel: Depends on container host
	Compiler: clang 19.1.5 (Fedora 19.1.5-1.fc41)

RHEL8
	Kernel: Depends on container host
	Compiler: gcc 8.5.0 20210514 (Red Hat 8.5.0-22)

Ubuntu 24.04
	Kernel: Depends on container host
	Compiler: gcc (Ubuntu 13.3.0-6ubuntu2~24.04) 13.3.0

RHEL9
	Kernel: Depends on container host
	Compiler: gcc 11.5.0 20240719 (Red Hat 11.5.0-2)

Ubuntu 22.04
	Kernel: Depends on container host
	Compiler: gcc (Ubuntu 11.4.0-1ubuntu1~22.04) 11.4.0

Ubuntu 20.04
	Kernel: Depends on container host
	Compiler: gcc (Ubuntu 9.4.0-1ubuntu1~20.04.2) 9.4.0

To view detailed results, visit:
https://lab.dpdk.org/results/dashboard/patchsets/32556/

UNH-IOL DPDK Community Lab

To manage your email subscriptions, visit: 
https://lab.dpdk.org/results/dashboard/preferences/subscriptions/

^ permalink raw reply	[flat|nested] 41+ messages in thread

* |PENDING| pw151296 [PATCH] mbuf: enable to be compiled with MSVC
       [not found] <1739224265-4158-1-git-send-email-andremue@linux.microsoft.com>
                   ` (31 preceding siblings ...)
  2025-02-11 14:59 ` |FAILURE| " dpdklab
@ 2025-02-11 15:04 ` dpdklab
  2025-02-11 15:17 ` |SUCCESS| " dpdklab
                   ` (7 subsequent siblings)
  40 siblings, 0 replies; 41+ messages in thread
From: dpdklab @ 2025-02-11 15:04 UTC (permalink / raw)
  To: Test Report; +Cc: dpdk-test-reports

Test-Label: iol-compile-amd64-testing
Test-Status: PENDING
http://dpdk.org/patch/151296

_Testing pending_

Submitter: Andre Muezerie <andremue@linux.microsoft.com>
Date: Monday, February 10 2025 21:51:05 
DPDK git baseline: Repo:dpdk
  Branch: master
  CommitID:9d29cd6dc87d6c35c52194a5f7a34f2d84140353

151296 --> testing pending

Upstream job id: Generic-DPDK-Compile-Meson#360652

Test environment and result as below:

+-------------------+--------------------+-------------------+------------------+
|    Environment    | dpdk_meson_compile | dpdk_compile_spdk | dpdk_compile_ovs |
+===================+====================+===================+==================+
| CentOS Stream 9   | PEND               | PEND              | SKIPPED          |
+-------------------+--------------------+-------------------+------------------+
| CentOS Stream 10  | PASS               | SKIPPED           | SKIPPED          |
+-------------------+--------------------+-------------------+------------------+
| Debian Bullseye   | PEND               | PEND              | SKIPPED          |
+-------------------+--------------------+-------------------+------------------+
| Debian 12         | PEND               | PEND              | SKIPPED          |
+-------------------+--------------------+-------------------+------------------+
| Fedora 41 (Clang) | PEND               | PEND              | PEND             |
+-------------------+--------------------+-------------------+------------------+
| Fedora 41         | PEND               | PEND              | PEND             |
+-------------------+--------------------+-------------------+------------------+
| Fedora 40         | PEND               | PEND              | SKIPPED          |
+-------------------+--------------------+-------------------+------------------+
| Fedora 40 (Clang) | PEND               | PEND              | SKIPPED          |
+-------------------+--------------------+-------------------+------------------+
| openSUSE Leap 15  | PEND               | SKIPPED           | SKIPPED          |
+-------------------+--------------------+-------------------+------------------+
| RHEL8             | PEND               | SKIPPED           | SKIPPED          |
+-------------------+--------------------+-------------------+------------------+


CentOS Stream 9
	Kernel: Depends on container host
	Compiler: gcc 11.5.0 20240719 (Red Hat 11.5.0-2)

CentOS Stream 10
	Kernel: Depends on container host
	Compiler: gcc 14.2.1 20241104 (Red Hat 14.2.1-6)

Debian Bullseye
	Kernel: Depends on container host
	Compiler: gcc (Debian 10.2.1-6) 10.2.1 20210110

Debian 12
	Kernel: Depends on container host
	Compiler: gcc (Debian 12.2.0-14) 12.2.0

Fedora 41 (Clang)
	Kernel: Depends on container host
	Compiler: clang 19.1.5 (Fedora 19.1.5-1.fc41)

Fedora 41
	Kernel: Depends on container host
	Compiler: gcc 14.2.1 20240912 (Red Hat 14.2.1-3)

Fedora 40
	Kernel: Depends on container host
	Compiler: gcc 14.2.1 20240912 (Red Hat 14.2.1-3)

Fedora 40 (Clang)
	Kernel: Depends on container host
	Compiler: clang 18.1.8 (Fedora 18.1.8-1.fc40)

openSUSE Leap 15
	Kernel: Depends on container host
	Compiler: gcc (SUSE Linux) 7.5.0

RHEL8
	Kernel: Depends on container host
	Compiler: gcc 8.5.0 20210514 (Red Hat 8.5.0-22)

To view detailed results, visit:
https://lab.dpdk.org/results/dashboard/patchsets/32556/

UNH-IOL DPDK Community Lab

To manage your email subscriptions, visit: 
https://lab.dpdk.org/results/dashboard/preferences/subscriptions/

^ permalink raw reply	[flat|nested] 41+ messages in thread

* |SUCCESS| pw151296 [PATCH] mbuf: enable to be compiled with MSVC
       [not found] <1739224265-4158-1-git-send-email-andremue@linux.microsoft.com>
                   ` (32 preceding siblings ...)
  2025-02-11 15:04 ` |PENDING| " dpdklab
@ 2025-02-11 15:17 ` dpdklab
  2025-02-11 15:39 ` |FAILURE| " dpdklab
                   ` (6 subsequent siblings)
  40 siblings, 0 replies; 41+ messages in thread
From: dpdklab @ 2025-02-11 15:17 UTC (permalink / raw)
  To: Test Report; +Cc: dpdk-test-reports

Test-Label: iol-abi-testing
Test-Status: SUCCESS
http://dpdk.org/patch/151296

_Testing PASS_

Submitter: Andre Muezerie <andremue@linux.microsoft.com>
Date: Monday, February 10 2025 21:51:05 
DPDK git baseline: Repo:dpdk
  Branch: master
  CommitID:9d29cd6dc87d6c35c52194a5f7a34f2d84140353

151296 --> testing pass

Upstream job id: Generic-DPDK-Compile-ABI#115825

Test environment and result as below:

+-------------------+----------+
|    Environment    | abi_test |
+===================+==========+
| CentOS Stream 9   | PASS     |
+-------------------+----------+
| CentOS Stream 10  | PASS     |
+-------------------+----------+
| Fedora 40 (Clang) | PASS     |
+-------------------+----------+
| Fedora 41 (Clang) | PASS     |
+-------------------+----------+
| Debian Bullseye   | PASS     |
+-------------------+----------+
| Fedora 40         | PASS     |
+-------------------+----------+
| Debian 12         | PASS     |
+-------------------+----------+
| Fedora 41         | PASS     |
+-------------------+----------+
| openSUSE Leap 15  | PASS     |
+-------------------+----------+
| RHEL8             | PASS     |
+-------------------+----------+
| RHEL9             | PASS     |
+-------------------+----------+
| Ubuntu 22.04      | PASS     |
+-------------------+----------+
| Ubuntu 24.04      | PASS     |
+-------------------+----------+


CentOS Stream 9
	Kernel: Depends on container host
	Compiler: gcc 11.5.0 20240719 (Red Hat 11.5.0-2)

CentOS Stream 10
	Kernel: Depends on container host
	Compiler: gcc 14.2.1 20241104 (Red Hat 14.2.1-6)

Fedora 40 (Clang)
	Kernel: Depends on container host
	Compiler: clang 18.1.8 (Fedora 18.1.8-1.fc40)

Fedora 41 (Clang)
	Kernel: Depends on container host
	Compiler: clang 19.1.5 (Fedora 19.1.5-1.fc41)

Debian Bullseye
	Kernel: Depends on container host
	Compiler: gcc (Debian 10.2.1-6) 10.2.1 20210110

Fedora 40
	Kernel: Depends on container host
	Compiler: gcc 14.2.1 20240912 (Red Hat 14.2.1-3)

Debian 12
	Kernel: Depends on container host
	Compiler: gcc (Debian 12.2.0-14) 12.2.0

Fedora 41
	Kernel: Depends on container host
	Compiler: gcc 14.2.1 20240912 (Red Hat 14.2.1-3)

openSUSE Leap 15
	Kernel: Depends on container host
	Compiler: gcc (SUSE Linux) 7.5.0

RHEL8
	Kernel: Depends on container host
	Compiler: gcc 8.5.0 20210514 (Red Hat 8.5.0-22)

RHEL9
	Kernel: Depends on container host
	Compiler: gcc 11.5.0 20240719 (Red Hat 11.5.0-2)

Ubuntu 22.04
	Kernel: Depends on container host
	Compiler: gcc (Ubuntu 11.4.0-1ubuntu1~22.04) 11.4.0

Ubuntu 24.04
	Kernel: Depends on container host
	Compiler: gcc (Ubuntu 13.3.0-6ubuntu2~24.04) 13.3.0

To view detailed results, visit:
https://lab.dpdk.org/results/dashboard/patchsets/32556/

UNH-IOL DPDK Community Lab

To manage your email subscriptions, visit: 
https://lab.dpdk.org/results/dashboard/preferences/subscriptions/

^ permalink raw reply	[flat|nested] 41+ messages in thread

* |FAILURE| pw151296 [PATCH] mbuf: enable to be compiled with MSVC
       [not found] <1739224265-4158-1-git-send-email-andremue@linux.microsoft.com>
                   ` (33 preceding siblings ...)
  2025-02-11 15:17 ` |SUCCESS| " dpdklab
@ 2025-02-11 15:39 ` dpdklab
  2025-02-11 15:47 ` |SUCCESS| " dpdklab
                   ` (5 subsequent siblings)
  40 siblings, 0 replies; 41+ messages in thread
From: dpdklab @ 2025-02-11 15:39 UTC (permalink / raw)
  To: Test Report; +Cc: dpdk-test-reports, Andre Muezerie

Test-Label: iol-unit-amd64-testing
Test-Status: FAILURE
http://dpdk.org/patch/151296

_Testing issues_

Submitter: Andre Muezerie <andremue@linux.microsoft.com>
Date: Monday, February 10 2025 21:51:05 
DPDK git baseline: Repo:dpdk
  Branch: master
  CommitID:9d29cd6dc87d6c35c52194a5f7a34f2d84140353

151296 --> testing issues

Upstream job id: Generic-Unit-Test-DPDK#314104

Test environment and result as below:

+-------------------+----------------+
|    Environment    | dpdk_unit_test |
+===================+================+
| CentOS Stream 9   | PASS           |
+-------------------+----------------+
| CentOS Stream 10  | PASS           |
+-------------------+----------------+
| Fedora 40         | PASS           |
+-------------------+----------------+
| Debian 12         | FAIL           |
+-------------------+----------------+
| Debian Bullseye   | PASS           |
+-------------------+----------------+
| Fedora 40 (Clang) | PASS           |
+-------------------+----------------+
| Fedora 41         | PASS           |
+-------------------+----------------+
| Fedora 41 (Clang) | PASS           |
+-------------------+----------------+
| RHEL8             | PASS           |
+-------------------+----------------+
| Ubuntu 24.04      | PASS           |
+-------------------+----------------+
| RHEL9             | PASS           |
+-------------------+----------------+
| Ubuntu 22.04      | PASS           |
+-------------------+----------------+
| Ubuntu 20.04      | PASS           |
+-------------------+----------------+

==== Unit test summary for Debian 12 (dpdk_unit_test): ====
ninja: Entering directory `/root/workspace/Generic-Unit-Test-DPDK/dpdk/build'
ninja: no work to do.
  1/119 DPDK:fast-tests / acl_autotest                   OK               4.82s
  2/119 DPDK:fast-tests / alarm_autotest                 OK               1.21s
  3/119 DPDK:fast-tests / argparse_autotest              OK               0.19s
  4/119 DPDK:fast-tests / atomic_autotest                OK               0.41s
  5/119 DPDK:fast-tests / bitcount_autotest              OK               0.19s
  6/119 DPDK:fast-tests / bitmap_autotest                OK               0.26s
  7/119 DPDK:fast-tests / bitops_autotest                OK               1.86s
  8/119 DPDK:fast-tests / bitratestats_autotest          OK               0.26s
  9/119 DPDK:fast-tests / bitset_autotest                OK               2.65s
 10/119 DPDK:fast-tests / bpf_autotest                   OK               0.19s
 11/119 DPDK:fast-tests / bpf_convert_autotest           OK               0.19s
 12/119 DPDK:fast-tests / byteorder_autotest             OK               0.18s
 13/119 DPDK:fast-tests / cfgfile_autotest               OK               0.18s
 14/119 DPDK:fast-tests / cksum_autotest                 OK               0.18s
 15/119 DPDK:fast-tests / cmdline_autotest               OK               0.20s
 16/119 DPDK:fast-tests / common_autotest                OK               0.80s
 17/119 DPDK:fast-tests / compressdev_autotest           SKIP             0.16s   exit status 77
 18/119 DPDK:fast-tests / cpuflags_autotest              OK               0.19s
 19/119 DPDK:fast-tests / crc_autotest                   OK               0.18s
 20/119 DPDK:fast-tests / user_delay_us                  OK               0.18s
 21/119 DPDK:fast-tests / debug_autotest                 OK               0.51s
 22/119 DPDK:fast-tests / devargs_autotest               OK               0.18s
 23/119 DPDK:fast-tests / dispatcher_autotest            SKIP             0.16s   exit status 77
 24/119 DPDK:fast-tests / distributor_autotest           OK               1.03s
 25/119 DPDK:fast-tests / eal_flags_c_opt_autotest       OK               0.79s
 26/119 DPDK:fast-tests / eal_flags_main_opt_autotest    OK               0.29s
 27/119 DPDK:fast-tests / eal_flags_n_opt_autotest       OK               0.47s
 28/119 DPDK:fast-tests / eal_flags_hpet_autotest        OK               0.20s
 29/119 DPDK:fast-tests / eal_flags_no_huge_autotest     OK               0.49s
 30/119 DPDK:fast-tests / eal_flags_a_opt_autotest       OK               0.37s
 31/119 DPDK:fast-tests / eal_flags_b_opt_autotest       OK               0.31s
 32/119 DPDK:fast-tests / eal_flags_vdev_opt_autotest    OK               0.56s
 33/119 DPDK:fast-tests / eal_flags_r_opt_autotest       OK               0.26s
 34/119 DPDK:fast-tests / eal_flags_mem_autotest         OK               0.73s
 35/119 DPDK:fast-tests / eal_flags_file_prefix_autotest OK               2.05s
 36/119 DPDK:fast-tests / eal_flags_misc_autotest        FAIL             2.23s   killed by signal 11 SIGSEGV
>>> DPDK_TEST=eal_flags_misc_autotest MALLOC_PERTURB_=248 /root/workspace/Generic-Unit-Test-DPDK/dpdk/build/app/dpdk-test

 37/119 DPDK:fast-tests / eal_fs_autotest                OK               0.17s
 38/119 DPDK:fast-tests / errno_autotest                 OK               0.17s
 39/119 DPDK:fast-tests / ethdev_link_status             OK               0.17s
 40/119 DPDK:fast-tests / event_eth_tx_adapter_autotest  OK               0.45s
 41/119 DPDK:fast-tests / event_ring_autotest            OK               0.17s
 42/119 DPDK:fast-tests / eventdev_common_autotest       OK               0.17s
 43/119 DPDK:fast-tests / eventdev_selftest_sw           OK               0.20s
 44/119 DPDK:fast-tests / fbarray_autotest               OK               0.16s
 45/119 DPDK:fast-tests / fib_autotest                   OK               0.67s
 46/119 DPDK:fast-tests / fib6_autotest                  OK               0.55s
 47/119 DPDK:fast-tests / func_reentrancy_autotest       OK               0.53s
 48/119 DPDK:fast-tests / graph_autotest                 OK               0.17s
 49/119 DPDK:fast-tests / node_list_dump                 OK               0.17s
 50/119 DPDK:fast-tests / hash_autotest                  OK               0.26s
 51/119 DPDK:fast-tests / hash_readwrite_func_autotest   SKIP             0.14s   exit status 77
 52/119 DPDK:fast-tests / interrupt_autotest             OK               1.18s
 53/119 DPDK:fast-tests / ipfrag_autotest                OK               0.14s
 54/119 DPDK:fast-tests / ipsec_autotest                 SKIP             0.17s   exit status 77
 55/119 DPDK:fast-tests / kvargs_autotest                OK               0.17s
 56/119 DPDK:fast-tests / latencystats_autotest          OK               0.17s
 57/119 DPDK:fast-tests / lcore_var_autotest             OK               0.29s
 58/119 DPDK:fast-tests / lcores_autotest                OK               0.73s
 59/119 DPDK:fast-tests / logs_autotest                  OK               0.17s
 60/119 DPDK:fast-tests / lpm_autotest                   OK               1.45s
 61/119 DPDK:fast-tests / lpm6_autotest                  OK               2.47s
 62/119 DPDK:fast-tests / malloc_autotest                OK               0.34s
 63/119 DPDK:fast-tests / mbuf_autotest                  OK               0.17s
 64/119 DPDK:fast-tests / mcslock_autotest               OK               0.40s
 65/119 DPDK:fast-tests / member_autotest                OK               0.78s
 66/119 DPDK:fast-tests / memcpy_autotest                OK               1.72s
 67/119 DPDK:fast-tests / memory_autotest                OK               0.14s
 68/119 DPDK:fast-tests / mempool_autotest               OK               0.42s
 69/119 DPDK:fast-tests / memzone_autotest               OK               0.15s
 70/119 DPDK:fast-tests / meter_autotest                 OK               0.17s
 71/119 DPDK:fast-tests / metrics_autotest               OK               0.17s
 72/119 DPDK:fast-tests / multiprocess_autotest          OK               0.25s
 73/119 DPDK:fast-tests / net_ether_autotest             OK               0.49s
 74/119 DPDK:fast-tests / net_ipv6_autotest              OK               0.17s
 75/119 DPDK:fast-tests / pcapng_autotest                OK               6.83s
 76/119 DPDK:fast-tests / pdcp_autotest                  SKIP             0.16s   exit status 77
 77/119 DPDK:fast-tests / pdump_autotest                 OK               0.28s
 78/119 DPDK:fast-tests / per_lcore_autotest             OK               0.27s
 79/119 DPDK:fast-tests / pflock_autotest                OK               0.27s
 80/119 DPDK:fast-tests / pie_autotest                   OK               0.17s
 81/119 DPDK:fast-tests / ring_pmd_autotest              OK               0.17s
 82/119 DPDK:fast-tests / power_autotest                 OK               0.16s
 83/119 DPDK:fast-tests / power_cpufreq_autotest         SKIP             0.14s   exit status 77
 84/119 DPDK:fast-tests / power_intel_uncore_autotest    SKIP             0.17s   exit status 77
 85/119 DPDK:fast-tests / power_kvm_vm_autotest          SKIP             0.14s   exit status 77
 86/119 DPDK:fast-tests / prefetch_autotest              OK               0.17s
 87/119 DPDK:fast-tests / ptr_compress_autotest          OK               0.16s
 88/119 DPDK:fast-tests / rawdev_autotest                OK               0.17s
 89/119 DPDK:fast-tests / rcu_qsbr_autotest              OK               0.26s
 90/119 DPDK:fast-tests / reorder_autotest               OK               0.27s
 91/119 DPDK:fast-tests / rib_autotest                   OK               3.56s
 92/119 DPDK:fast-tests / rib6_autotest                  OK               3.47s
 93/119 DPDK:fast-tests / ring_autotest                  OK               0.17s
 94/119 DPDK:fast-tests / rwlock_test1_autotest          OK               0.27s
 95/119 DPDK:fast-tests / rwlock_rda_autotest            OK               5.17s
 96/119 DPDK:fast-tests / rwlock_rds_wrm_autotest        OK               5.31s
 97/119 DPDK:fast-tests / rwlock_rde_wro_autotest        OK               5.17s
 98/119 DPDK:fast-tests / sched_autotest                 OK               0.17s
 99/119 DPDK:fast-tests / security_autotest              OK               0.14s
100/119 DPDK:fast-tests / seqlock_autotest               SKIP             0.17s   exit status 77
101/119 DPDK:fast-tests / service_autotest               OK               0.27s
102/119 DPDK:fast-tests / soring_autotest                OK               0.17s
103/119 DPDK:fast-tests / spinlock_autotest              OK               0.18s
104/119 DPDK:fast-tests / stack_autotest                 OK               0.18s
105/119 DPDK:fast-tests / stack_lf_autotest              OK               0.23s
106/119 DPDK:fast-tests / string_autotest                OK               0.17s
107/119 DPDK:fast-tests / table_autotest                 OK               4.68s
108/119 DPDK:fast-tests / tailq_autotest                 OK               0.17s
109/119 DPDK:fast-tests / telemetry_data_autotest        OK               0.17s
110/119 DPDK:fast-tests / telemetry_json_autotest        OK               0.16s
111/119 DPDK:fast-tests / thash_autotest                 OK               0.17s
112/119 DPDK:fast-tests / threads_autotest               OK               0.33s
113/119 DPDK:fast-tests / ticketlock_autotest            OK               0.18s
114/119 DPDK:fast-tests / timer_autotest                 OK               2.48s
115/119 DPDK:fast-tests / trace_autotest                 OK               0.17s
116/119 DPDK:fast-tests / trace_autotest_with_traces     OK               0.17s
117/119 DPDK:fast-tests / vdev_autotest                  OK               0.17s
118/119 DPDK:fast-tests / version_autotest               OK               0.17s
119/119 DPDK:fast-tests / telemetry_all                  SKIP             0.01s   exit status 77


Ok:                 108 
Expected Fail:      0   
Fail:               1   
Unexpected Pass:    0   
Skipped:            10  
Timeout:            0   

Full log written to /root/workspace/Generic-Unit-Test-DPDK/dpdk/build/meson-logs/testlog.txt



Test log output from the failed test eal_flags_misc_autotest:

Sorry, we were not able to find the logs for this test.
Download the log output from the CI site for this test run.
==== End log output ====

CentOS Stream 9
	Kernel: Depends on container host
	Compiler: gcc 11.5.0 20240719 (Red Hat 11.5.0-2)

CentOS Stream 10
	Kernel: Depends on container host
	Compiler: gcc 14.2.1 20241104 (Red Hat 14.2.1-6)

Fedora 40
	Kernel: Depends on container host
	Compiler: gcc 14.2.1 20240912 (Red Hat 14.2.1-3)

Debian 12
	Kernel: Depends on container host
	Compiler: gcc (Debian 12.2.0-14) 12.2.0

Debian Bullseye
	Kernel: Depends on container host
	Compiler: gcc (Debian 10.2.1-6) 10.2.1 20210110

Fedora 40 (Clang)
	Kernel: Depends on container host
	Compiler: clang 18.1.8 (Fedora 18.1.8-1.fc40)

Fedora 41
	Kernel: Depends on container host
	Compiler: gcc 14.2.1 20240912 (Red Hat 14.2.1-3)

Fedora 41 (Clang)
	Kernel: Depends on container host
	Compiler: clang 19.1.5 (Fedora 19.1.5-1.fc41)

RHEL8
	Kernel: Depends on container host
	Compiler: gcc 8.5.0 20210514 (Red Hat 8.5.0-22)

Ubuntu 24.04
	Kernel: Depends on container host
	Compiler: gcc (Ubuntu 13.3.0-6ubuntu2~24.04) 13.3.0

RHEL9
	Kernel: Depends on container host
	Compiler: gcc 11.5.0 20240719 (Red Hat 11.5.0-2)

Ubuntu 22.04
	Kernel: Depends on container host
	Compiler: gcc (Ubuntu 11.4.0-1ubuntu1~22.04) 11.4.0

Ubuntu 20.04
	Kernel: Depends on container host
	Compiler: gcc (Ubuntu 9.4.0-1ubuntu1~20.04.2) 9.4.0

To view detailed results, visit:
https://lab.dpdk.org/results/dashboard/patchsets/32556/

UNH-IOL DPDK Community Lab

To manage your email subscriptions, visit: 
https://lab.dpdk.org/results/dashboard/preferences/subscriptions/

^ permalink raw reply	[flat|nested] 41+ messages in thread

* |SUCCESS| pw151296 [PATCH] mbuf: enable to be compiled with MSVC
       [not found] <1739224265-4158-1-git-send-email-andremue@linux.microsoft.com>
                   ` (34 preceding siblings ...)
  2025-02-11 15:39 ` |FAILURE| " dpdklab
@ 2025-02-11 15:47 ` dpdklab
  2025-02-11 16:04 ` dpdklab
                   ` (4 subsequent siblings)
  40 siblings, 0 replies; 41+ messages in thread
From: dpdklab @ 2025-02-11 15:47 UTC (permalink / raw)
  To: Test Report; +Cc: dpdk-test-reports

Test-Label: iol-unit-arm64-testing
Test-Status: SUCCESS
http://dpdk.org/patch/151296

_Testing PASS_

Submitter: Andre Muezerie <andremue@linux.microsoft.com>
Date: Monday, February 10 2025 21:51:05 
DPDK git baseline: Repo:dpdk
  Branch: master
  CommitID:9d29cd6dc87d6c35c52194a5f7a34f2d84140353

151296 --> testing pass

Upstream job id: Generic-Unit-Test-DPDK#314080

Test environment and result as below:

+-----------------------------+----------------+--------------+------------------------------+---------------------------+
|         Environment         | dpdk_unit_test | lpm_autotest | cryptodev_sw_snow3g_autotest | cryptodev_sw_zuc_autotest |
+=============================+================+==============+==============================+===========================+
| Fedora 40 (ARM)             | PASS           | SKIPPED      | SKIPPED                      | SKIPPED                   |
+-----------------------------+----------------+--------------+------------------------------+---------------------------+
| CentOS Stream 9 (ARM)       | PASS           | SKIPPED      | SKIPPED                      | SKIPPED                   |
+-----------------------------+----------------+--------------+------------------------------+---------------------------+
| Debian 12 (arm)             | PASS           | SKIPPED      | PASS                         | PASS                      |
+-----------------------------+----------------+--------------+------------------------------+---------------------------+
| CentOS Stream 10 (ARM)      | PASS           | SKIPPED      | SKIPPED                      | SKIPPED                   |
+-----------------------------+----------------+--------------+------------------------------+---------------------------+
| Fedora 40 (ARM Clang)       | PASS           | SKIPPED      | SKIPPED                      | SKIPPED                   |
+-----------------------------+----------------+--------------+------------------------------+---------------------------+
| Debian 11 (Buster) (ARM)    | PASS           | SKIPPED      | SKIPPED                      | SKIPPED                   |
+-----------------------------+----------------+--------------+------------------------------+---------------------------+
| Fedora 41 (ARM)             | PASS           | SKIPPED      | SKIPPED                      | SKIPPED                   |
+-----------------------------+----------------+--------------+------------------------------+---------------------------+
| Ubuntu 20.04 (ARM)          | PASS           | SKIPPED      | SKIPPED                      | SKIPPED                   |
+-----------------------------+----------------+--------------+------------------------------+---------------------------+
| Fedora 41 (ARM Clang)       | PASS           | SKIPPED      | SKIPPED                      | SKIPPED                   |
+-----------------------------+----------------+--------------+------------------------------+---------------------------+
| RHEL9 (ARM)                 | PASS           | SKIPPED      | SKIPPED                      | SKIPPED                   |
+-----------------------------+----------------+--------------+------------------------------+---------------------------+
| Ubuntu 22.04 (ARM)          | PASS           | SKIPPED      | SKIPPED                      | SKIPPED                   |
+-----------------------------+----------------+--------------+------------------------------+---------------------------+
| Ubuntu 24.04 (ARM)          | PASS           | SKIPPED      | SKIPPED                      | SKIPPED                   |
+-----------------------------+----------------+--------------+------------------------------+---------------------------+
| 32-bit Ubuntu 22.04.4 (ARM) | PASS           | SKIPPED      | SKIPPED                      | SKIPPED                   |
+-----------------------------+----------------+--------------+------------------------------+---------------------------+
| Ubuntu 20.04 ARM SVE        | SKIPPED        | PASS         | SKIPPED                      | SKIPPED                   |
+-----------------------------+----------------+--------------+------------------------------+---------------------------+


Fedora 40 (ARM)
	Kernel: Depends on container host
	Compiler: gcc 14.2.1 20240912 (Red Hat 14.2.1-3)

CentOS Stream 9 (ARM)
	Kernel: Depends on container host
	Compiler: gcc 11.5.0 20240719 (Red Hat 11.5.0-2)

Debian 12 (arm)
	Kernel: Depends on container host
	Compiler: gcc (Debian 12.2.0-14) 12.2.0

CentOS Stream 10 (ARM)
	Kernel: Depends on container host
	Compiler: gcc 14.2.1 20241104 (Red Hat 14.2.1-6)

Fedora 40 (ARM Clang)
	Kernel: Depends on container host
	Compiler: clang 18.1.8 (Fedora 18.1.8-1.fc40)

Debian 11 (Buster) (ARM)
	Kernel: Depends on container host
	Compiler: gcc (Debian 10.2.1-6) 10.2.1 20210110

Fedora 41 (ARM)
	Kernel: Depends on container host
	Compiler: gcc 14.2.1 20240912 (Red Hat 14.2.1-3)

Ubuntu 20.04 (ARM)
	Kernel: Depends on container host
	Compiler: gcc (Ubuntu 9.4.0-1ubuntu1~20.04.2) 9.4.0

Fedora 41 (ARM Clang)
	Kernel: Depends on container host
	Compiler: clang 19.1.5 (Fedora 19.1.5-1.fc41)

RHEL9 (ARM)
	Kernel: Depends on container host
	Compiler: gcc 11.5.0 20240719 (Red Hat 11.5.0-2)

Ubuntu 22.04 (ARM)
	Kernel: Depends on container host
	Compiler: gcc (Ubuntu 11.4.0-1ubuntu1~22.04) 11.4.0

Ubuntu 24.04 (ARM)
	Kernel: Depends on container host
	Compiler: gcc (Ubuntu 13.3.0-6ubuntu2~24.04) 13.3.0

32-bit Ubuntu 22.04.4 (ARM)
	Kernel: 5.15.83+ aarch64
	Compiler: gcc (Ubuntu 11.4.0-1ubuntu1~22.04) 11.4.0

Ubuntu 20.04 ARM SVE
	Kernel: Depends on container host
	Compiler: gcc (Ubuntu 10.5.0-1ubuntu1~20.04) 10.5.0

To view detailed results, visit:
https://lab.dpdk.org/results/dashboard/patchsets/32556/

UNH-IOL DPDK Community Lab

To manage your email subscriptions, visit: 
https://lab.dpdk.org/results/dashboard/preferences/subscriptions/

^ permalink raw reply	[flat|nested] 41+ messages in thread

* |SUCCESS| pw151296 [PATCH] mbuf: enable to be compiled with MSVC
       [not found] <1739224265-4158-1-git-send-email-andremue@linux.microsoft.com>
                   ` (35 preceding siblings ...)
  2025-02-11 15:47 ` |SUCCESS| " dpdklab
@ 2025-02-11 16:04 ` dpdklab
  2025-02-11 16:09 ` |FAILURE| " dpdklab
                   ` (3 subsequent siblings)
  40 siblings, 0 replies; 41+ messages in thread
From: dpdklab @ 2025-02-11 16:04 UTC (permalink / raw)
  To: Test Report; +Cc: dpdk-test-reports

Test-Label: iol-compile-amd64-testing
Test-Status: SUCCESS
http://dpdk.org/patch/151296

_Testing PASS_

Submitter: Andre Muezerie <andremue@linux.microsoft.com>
Date: Monday, February 10 2025 21:51:05 
DPDK git baseline: Repo:dpdk
  Branch: master
  CommitID:9d29cd6dc87d6c35c52194a5f7a34f2d84140353

151296 --> testing pass

Upstream job id: Generic-DPDK-Compile-Meson#360608

Test environment and result as below:

+---------------------+--------------------+-------------------+------------------+-------------------------+-------------------+----------------------+
|     Environment     | dpdk_meson_compile | dpdk_compile_spdk | dpdk_compile_ovs | dpdk_llvm_clang_compile | dpdk_msvc_compile | dpdk_mingw64_compile |
+=====================+====================+===================+==================+=========================+===================+======================+
| CentOS Stream 9     | PASS               | PASS              | SKIPPED          | SKIPPED                 | SKIPPED           | SKIPPED              |
+---------------------+--------------------+-------------------+------------------+-------------------------+-------------------+----------------------+
| Debian Bullseye     | PASS               | PASS              | SKIPPED          | SKIPPED                 | SKIPPED           | SKIPPED              |
+---------------------+--------------------+-------------------+------------------+-------------------------+-------------------+----------------------+
| CentOS Stream 10    | PASS               | SKIPPED           | SKIPPED          | SKIPPED                 | SKIPPED           | SKIPPED              |
+---------------------+--------------------+-------------------+------------------+-------------------------+-------------------+----------------------+
| Debian 12           | PASS               | PASS              | SKIPPED          | SKIPPED                 | SKIPPED           | SKIPPED              |
+---------------------+--------------------+-------------------+------------------+-------------------------+-------------------+----------------------+
| Fedora 40 (Clang)   | PASS               | PASS              | SKIPPED          | SKIPPED                 | SKIPPED           | SKIPPED              |
+---------------------+--------------------+-------------------+------------------+-------------------------+-------------------+----------------------+
| RHEL8               | PASS               | SKIPPED           | SKIPPED          | SKIPPED                 | SKIPPED           | SKIPPED              |
+---------------------+--------------------+-------------------+------------------+-------------------------+-------------------+----------------------+
| Fedora 40           | PASS               | PASS              | SKIPPED          | SKIPPED                 | SKIPPED           | SKIPPED              |
+---------------------+--------------------+-------------------+------------------+-------------------------+-------------------+----------------------+
| Fedora 41           | PASS               | PASS              | PASS             | SKIPPED                 | SKIPPED           | SKIPPED              |
+---------------------+--------------------+-------------------+------------------+-------------------------+-------------------+----------------------+
| openSUSE Leap 15    | PASS               | SKIPPED           | SKIPPED          | SKIPPED                 | SKIPPED           | SKIPPED              |
+---------------------+--------------------+-------------------+------------------+-------------------------+-------------------+----------------------+
| RHEL9               | PASS               | SKIPPED           | SKIPPED          | SKIPPED                 | SKIPPED           | SKIPPED              |
+---------------------+--------------------+-------------------+------------------+-------------------------+-------------------+----------------------+
| Ubuntu 20.04        | PASS               | SKIPPED           | SKIPPED          | SKIPPED                 | SKIPPED           | SKIPPED              |
+---------------------+--------------------+-------------------+------------------+-------------------------+-------------------+----------------------+
| Ubuntu 24.04        | PASS               | PASS              | PASS             | SKIPPED                 | SKIPPED           | SKIPPED              |
+---------------------+--------------------+-------------------+------------------+-------------------------+-------------------+----------------------+
| Ubuntu 22.04        | PASS               | PASS              | SKIPPED          | SKIPPED                 | SKIPPED           | SKIPPED              |
+---------------------+--------------------+-------------------+------------------+-------------------------+-------------------+----------------------+
| Alpine              | PASS               | SKIPPED           | SKIPPED          | SKIPPED                 | SKIPPED           | SKIPPED              |
+---------------------+--------------------+-------------------+------------------+-------------------------+-------------------+----------------------+
| FreeBSD 13.4        | PASS               | SKIPPED           | SKIPPED          | SKIPPED                 | SKIPPED           | SKIPPED              |
+---------------------+--------------------+-------------------+------------------+-------------------------+-------------------+----------------------+
| FreeBSD 14.2        | PASS               | SKIPPED           | SKIPPED          | SKIPPED                 | SKIPPED           | SKIPPED              |
+---------------------+--------------------+-------------------+------------------+-------------------------+-------------------+----------------------+
| Fedora 41 (Clang)   | PASS               | PASS              | PASS             | SKIPPED                 | SKIPPED           | SKIPPED              |
+---------------------+--------------------+-------------------+------------------+-------------------------+-------------------+----------------------+
| Windows Server 2022 | SKIPPED            | SKIPPED           | SKIPPED          | PASS                    | PASS              | PASS                 |
+---------------------+--------------------+-------------------+------------------+-------------------------+-------------------+----------------------+


CentOS Stream 9
	Kernel: Depends on container host
	Compiler: gcc 11.5.0 20240719 (Red Hat 11.5.0-2)

Debian Bullseye
	Kernel: Depends on container host
	Compiler: gcc (Debian 10.2.1-6) 10.2.1 20210110

CentOS Stream 10
	Kernel: Depends on container host
	Compiler: gcc 14.2.1 20241104 (Red Hat 14.2.1-6)

Debian 12
	Kernel: Depends on container host
	Compiler: gcc (Debian 12.2.0-14) 12.2.0

Fedora 40 (Clang)
	Kernel: Depends on container host
	Compiler: clang 18.1.8 (Fedora 18.1.8-1.fc40)

RHEL8
	Kernel: Depends on container host
	Compiler: gcc 8.5.0 20210514 (Red Hat 8.5.0-22)

Fedora 40
	Kernel: Depends on container host
	Compiler: gcc 14.2.1 20240912 (Red Hat 14.2.1-3)

Fedora 41
	Kernel: Depends on container host
	Compiler: gcc 14.2.1 20240912 (Red Hat 14.2.1-3)

openSUSE Leap 15
	Kernel: Depends on container host
	Compiler: gcc (SUSE Linux) 7.5.0

RHEL9
	Kernel: Depends on container host
	Compiler: gcc 11.5.0 20240719 (Red Hat 11.5.0-2)

Ubuntu 20.04
	Kernel: Depends on container host
	Compiler: gcc (Ubuntu 9.4.0-1ubuntu1~20.04.2) 9.4.0

Ubuntu 24.04
	Kernel: Depends on container host
	Compiler: gcc (Ubuntu 13.3.0-6ubuntu2~24.04) 13.3.0

Ubuntu 22.04
	Kernel: Depends on container host
	Compiler: gcc (Ubuntu 11.4.0-1ubuntu1~22.04) 11.4.0

Alpine
	Kernel: Depends on container host
	Compiler: gcc (Alpine 14.2.0) 14.2.0

FreeBSD 13.4
	Kernel: 13.4-RELEASE-p1
	Compiler: clang 18.1.6

FreeBSD 14.2
	Kernel: 14.2-RELEASE
	Compiler: clang 18.1.6

Fedora 41 (Clang)
	Kernel: Depends on container host
	Compiler: clang 19.1.5 (Fedora 19.1.5-1.fc41)

Windows Server 2022
	Kernel: 10.0.20348.2031
	Compiler: clang 15.0.7, gcc 14.1.0 (MinGW), and MSVC VS 19.39.33521

To view detailed results, visit:
https://lab.dpdk.org/results/dashboard/patchsets/32556/

UNH-IOL DPDK Community Lab

To manage your email subscriptions, visit: 
https://lab.dpdk.org/results/dashboard/preferences/subscriptions/

^ permalink raw reply	[flat|nested] 41+ messages in thread

* |FAILURE| pw151296 [PATCH] mbuf: enable to be compiled with MSVC
       [not found] <1739224265-4158-1-git-send-email-andremue@linux.microsoft.com>
                   ` (36 preceding siblings ...)
  2025-02-11 16:04 ` dpdklab
@ 2025-02-11 16:09 ` dpdklab
  2025-02-11 16:17 ` |SUCCESS| " dpdklab
                   ` (2 subsequent siblings)
  40 siblings, 0 replies; 41+ messages in thread
From: dpdklab @ 2025-02-11 16:09 UTC (permalink / raw)
  To: Test Report; +Cc: dpdk-test-reports, Andre Muezerie

Test-Label: iol-unit-amd64-testing
Test-Status: FAILURE
http://dpdk.org/patch/151296

_Testing issues_

Submitter: Andre Muezerie <andremue@linux.microsoft.com>
Date: Monday, February 10 2025 21:51:05 
DPDK git baseline: Repo:dpdk
  Branch: master
  CommitID:9d29cd6dc87d6c35c52194a5f7a34f2d84140353

151296 --> testing issues

Upstream job id: Generic-VM-Unit-Test-DPDK#27199

Test environment and result as below:

+---------------------+----------------+
|     Environment     | dpdk_unit_test |
+=====================+================+
| CentOS Stream 9     | PASS           |
+---------------------+----------------+
| CentOS Stream 10    | PASS           |
+---------------------+----------------+
| Fedora 40           | PASS           |
+---------------------+----------------+
| Debian 12           | FAIL           |
+---------------------+----------------+
| Debian Bullseye     | PASS           |
+---------------------+----------------+
| Fedora 40 (Clang)   | PASS           |
+---------------------+----------------+
| Fedora 41           | PASS           |
+---------------------+----------------+
| Fedora 41 (Clang)   | PASS           |
+---------------------+----------------+
| RHEL8               | PASS           |
+---------------------+----------------+
| Ubuntu 24.04        | PASS           |
+---------------------+----------------+
| RHEL9               | PASS           |
+---------------------+----------------+
| Ubuntu 22.04        | PASS           |
+---------------------+----------------+
| Ubuntu 20.04        | PASS           |
+---------------------+----------------+
| Windows Server 2022 | PASS           |
+---------------------+----------------+

==== Unit test summary for Debian 12 (dpdk_unit_test): ====
ninja: Entering directory `/root/workspace/Generic-Unit-Test-DPDK/dpdk/build'
ninja: no work to do.
  1/119 DPDK:fast-tests / acl_autotest                   OK               4.82s
  2/119 DPDK:fast-tests / alarm_autotest                 OK               1.21s
  3/119 DPDK:fast-tests / argparse_autotest              OK               0.19s
  4/119 DPDK:fast-tests / atomic_autotest                OK               0.41s
  5/119 DPDK:fast-tests / bitcount_autotest              OK               0.19s
  6/119 DPDK:fast-tests / bitmap_autotest                OK               0.26s
  7/119 DPDK:fast-tests / bitops_autotest                OK               1.86s
  8/119 DPDK:fast-tests / bitratestats_autotest          OK               0.26s
  9/119 DPDK:fast-tests / bitset_autotest                OK               2.65s
 10/119 DPDK:fast-tests / bpf_autotest                   OK               0.19s
 11/119 DPDK:fast-tests / bpf_convert_autotest           OK               0.19s
 12/119 DPDK:fast-tests / byteorder_autotest             OK               0.18s
 13/119 DPDK:fast-tests / cfgfile_autotest               OK               0.18s
 14/119 DPDK:fast-tests / cksum_autotest                 OK               0.18s
 15/119 DPDK:fast-tests / cmdline_autotest               OK               0.20s
 16/119 DPDK:fast-tests / common_autotest                OK               0.80s
 17/119 DPDK:fast-tests / compressdev_autotest           SKIP             0.16s   exit status 77
 18/119 DPDK:fast-tests / cpuflags_autotest              OK               0.19s
 19/119 DPDK:fast-tests / crc_autotest                   OK               0.18s
 20/119 DPDK:fast-tests / user_delay_us                  OK               0.18s
 21/119 DPDK:fast-tests / debug_autotest                 OK               0.51s
 22/119 DPDK:fast-tests / devargs_autotest               OK               0.18s
 23/119 DPDK:fast-tests / dispatcher_autotest            SKIP             0.16s   exit status 77
 24/119 DPDK:fast-tests / distributor_autotest           OK               1.03s
 25/119 DPDK:fast-tests / eal_flags_c_opt_autotest       OK               0.79s
 26/119 DPDK:fast-tests / eal_flags_main_opt_autotest    OK               0.29s
 27/119 DPDK:fast-tests / eal_flags_n_opt_autotest       OK               0.47s
 28/119 DPDK:fast-tests / eal_flags_hpet_autotest        OK               0.20s
 29/119 DPDK:fast-tests / eal_flags_no_huge_autotest     OK               0.49s
 30/119 DPDK:fast-tests / eal_flags_a_opt_autotest       OK               0.37s
 31/119 DPDK:fast-tests / eal_flags_b_opt_autotest       OK               0.31s
 32/119 DPDK:fast-tests / eal_flags_vdev_opt_autotest    OK               0.56s
 33/119 DPDK:fast-tests / eal_flags_r_opt_autotest       OK               0.26s
 34/119 DPDK:fast-tests / eal_flags_mem_autotest         OK               0.73s
 35/119 DPDK:fast-tests / eal_flags_file_prefix_autotest OK               2.05s
 36/119 DPDK:fast-tests / eal_flags_misc_autotest        FAIL             2.23s   killed by signal 11 SIGSEGV
>>> DPDK_TEST=eal_flags_misc_autotest MALLOC_PERTURB_=248 /root/workspace/Generic-Unit-Test-DPDK/dpdk/build/app/dpdk-test

 37/119 DPDK:fast-tests / eal_fs_autotest                OK               0.17s
 38/119 DPDK:fast-tests / errno_autotest                 OK               0.17s
 39/119 DPDK:fast-tests / ethdev_link_status             OK               0.17s
 40/119 DPDK:fast-tests / event_eth_tx_adapter_autotest  OK               0.45s
 41/119 DPDK:fast-tests / event_ring_autotest            OK               0.17s
 42/119 DPDK:fast-tests / eventdev_common_autotest       OK               0.17s
 43/119 DPDK:fast-tests / eventdev_selftest_sw           OK               0.20s
 44/119 DPDK:fast-tests / fbarray_autotest               OK               0.16s
 45/119 DPDK:fast-tests / fib_autotest                   OK               0.67s
 46/119 DPDK:fast-tests / fib6_autotest                  OK               0.55s
 47/119 DPDK:fast-tests / func_reentrancy_autotest       OK               0.53s
 48/119 DPDK:fast-tests / graph_autotest                 OK               0.17s
 49/119 DPDK:fast-tests / node_list_dump                 OK               0.17s
 50/119 DPDK:fast-tests / hash_autotest                  OK               0.26s
 51/119 DPDK:fast-tests / hash_readwrite_func_autotest   SKIP             0.14s   exit status 77
 52/119 DPDK:fast-tests / interrupt_autotest             OK               1.18s
 53/119 DPDK:fast-tests / ipfrag_autotest                OK               0.14s
 54/119 DPDK:fast-tests / ipsec_autotest                 SKIP             0.17s   exit status 77
 55/119 DPDK:fast-tests / kvargs_autotest                OK               0.17s
 56/119 DPDK:fast-tests / latencystats_autotest          OK               0.17s
 57/119 DPDK:fast-tests / lcore_var_autotest             OK               0.29s
 58/119 DPDK:fast-tests / lcores_autotest                OK               0.73s
 59/119 DPDK:fast-tests / logs_autotest                  OK               0.17s
 60/119 DPDK:fast-tests / lpm_autotest                   OK               1.45s
 61/119 DPDK:fast-tests / lpm6_autotest                  OK               2.47s
 62/119 DPDK:fast-tests / malloc_autotest                OK               0.34s
 63/119 DPDK:fast-tests / mbuf_autotest                  OK               0.17s
 64/119 DPDK:fast-tests / mcslock_autotest               OK               0.40s
 65/119 DPDK:fast-tests / member_autotest                OK               0.78s
 66/119 DPDK:fast-tests / memcpy_autotest                OK               1.72s
 67/119 DPDK:fast-tests / memory_autotest                OK               0.14s
 68/119 DPDK:fast-tests / mempool_autotest               OK               0.42s
 69/119 DPDK:fast-tests / memzone_autotest               OK               0.15s
 70/119 DPDK:fast-tests / meter_autotest                 OK               0.17s
 71/119 DPDK:fast-tests / metrics_autotest               OK               0.17s
 72/119 DPDK:fast-tests / multiprocess_autotest          OK               0.25s
 73/119 DPDK:fast-tests / net_ether_autotest             OK               0.49s
 74/119 DPDK:fast-tests / net_ipv6_autotest              OK               0.17s
 75/119 DPDK:fast-tests / pcapng_autotest                OK               6.83s
 76/119 DPDK:fast-tests / pdcp_autotest                  SKIP             0.16s   exit status 77
 77/119 DPDK:fast-tests / pdump_autotest                 OK               0.28s
 78/119 DPDK:fast-tests / per_lcore_autotest             OK               0.27s
 79/119 DPDK:fast-tests / pflock_autotest                OK               0.27s
 80/119 DPDK:fast-tests / pie_autotest                   OK               0.17s
 81/119 DPDK:fast-tests / ring_pmd_autotest              OK               0.17s
 82/119 DPDK:fast-tests / power_autotest                 OK               0.16s
 83/119 DPDK:fast-tests / power_cpufreq_autotest         SKIP             0.14s   exit status 77
 84/119 DPDK:fast-tests / power_intel_uncore_autotest    SKIP             0.17s   exit status 77
 85/119 DPDK:fast-tests / power_kvm_vm_autotest          SKIP             0.14s   exit status 77
 86/119 DPDK:fast-tests / prefetch_autotest              OK               0.17s
 87/119 DPDK:fast-tests / ptr_compress_autotest          OK               0.16s
 88/119 DPDK:fast-tests / rawdev_autotest                OK               0.17s
 89/119 DPDK:fast-tests / rcu_qsbr_autotest              OK               0.26s
 90/119 DPDK:fast-tests / reorder_autotest               OK               0.27s
 91/119 DPDK:fast-tests / rib_autotest                   OK               3.56s
 92/119 DPDK:fast-tests / rib6_autotest                  OK               3.47s
 93/119 DPDK:fast-tests / ring_autotest                  OK               0.17s
 94/119 DPDK:fast-tests / rwlock_test1_autotest          OK               0.27s
 95/119 DPDK:fast-tests / rwlock_rda_autotest            OK               5.17s
 96/119 DPDK:fast-tests / rwlock_rds_wrm_autotest        OK               5.31s
 97/119 DPDK:fast-tests / rwlock_rde_wro_autotest        OK               5.17s
 98/119 DPDK:fast-tests / sched_autotest                 OK               0.17s
 99/119 DPDK:fast-tests / security_autotest              OK               0.14s
100/119 DPDK:fast-tests / seqlock_autotest               SKIP             0.17s   exit status 77
101/119 DPDK:fast-tests / service_autotest               OK               0.27s
102/119 DPDK:fast-tests / soring_autotest                OK               0.17s
103/119 DPDK:fast-tests / spinlock_autotest              OK               0.18s
104/119 DPDK:fast-tests / stack_autotest                 OK               0.18s
105/119 DPDK:fast-tests / stack_lf_autotest              OK               0.23s
106/119 DPDK:fast-tests / string_autotest                OK               0.17s
107/119 DPDK:fast-tests / table_autotest                 OK               4.68s
108/119 DPDK:fast-tests / tailq_autotest                 OK               0.17s
109/119 DPDK:fast-tests / telemetry_data_autotest        OK               0.17s
110/119 DPDK:fast-tests / telemetry_json_autotest        OK               0.16s
111/119 DPDK:fast-tests / thash_autotest                 OK               0.17s
112/119 DPDK:fast-tests / threads_autotest               OK               0.33s
113/119 DPDK:fast-tests / ticketlock_autotest            OK               0.18s
114/119 DPDK:fast-tests / timer_autotest                 OK               2.48s
115/119 DPDK:fast-tests / trace_autotest                 OK               0.17s
116/119 DPDK:fast-tests / trace_autotest_with_traces     OK               0.17s
117/119 DPDK:fast-tests / vdev_autotest                  OK               0.17s
118/119 DPDK:fast-tests / version_autotest               OK               0.17s
119/119 DPDK:fast-tests / telemetry_all                  SKIP             0.01s   exit status 77


Ok:                 108 
Expected Fail:      0   
Fail:               1   
Unexpected Pass:    0   
Skipped:            10  
Timeout:            0   

Full log written to /root/workspace/Generic-Unit-Test-DPDK/dpdk/build/meson-logs/testlog.txt



Test log output from the failed test eal_flags_misc_autotest:

Sorry, we were not able to find the logs for this test.
Download the log output from the CI site for this test run.
==== End log output ====

CentOS Stream 9
	Kernel: Depends on container host
	Compiler: gcc 11.5.0 20240719 (Red Hat 11.5.0-2)

CentOS Stream 10
	Kernel: Depends on container host
	Compiler: gcc 14.2.1 20241104 (Red Hat 14.2.1-6)

Fedora 40
	Kernel: Depends on container host
	Compiler: gcc 14.2.1 20240912 (Red Hat 14.2.1-3)

Debian 12
	Kernel: Depends on container host
	Compiler: gcc (Debian 12.2.0-14) 12.2.0

Debian Bullseye
	Kernel: Depends on container host
	Compiler: gcc (Debian 10.2.1-6) 10.2.1 20210110

Fedora 40 (Clang)
	Kernel: Depends on container host
	Compiler: clang 18.1.8 (Fedora 18.1.8-1.fc40)

Fedora 41
	Kernel: Depends on container host
	Compiler: gcc 14.2.1 20240912 (Red Hat 14.2.1-3)

Fedora 41 (Clang)
	Kernel: Depends on container host
	Compiler: clang 19.1.5 (Fedora 19.1.5-1.fc41)

RHEL8
	Kernel: Depends on container host
	Compiler: gcc 8.5.0 20210514 (Red Hat 8.5.0-22)

Ubuntu 24.04
	Kernel: Depends on container host
	Compiler: gcc (Ubuntu 13.3.0-6ubuntu2~24.04) 13.3.0

RHEL9
	Kernel: Depends on container host
	Compiler: gcc 11.5.0 20240719 (Red Hat 11.5.0-2)

Ubuntu 22.04
	Kernel: Depends on container host
	Compiler: gcc (Ubuntu 11.4.0-1ubuntu1~22.04) 11.4.0

Ubuntu 20.04
	Kernel: Depends on container host
	Compiler: gcc (Ubuntu 9.4.0-1ubuntu1~20.04.2) 9.4.0

Windows Server 2022
	Kernel: 10.0.20348.2031
	Compiler: clang 15.0.7, gcc 14.1.0 (MinGW), and MSVC VS 19.39.33521

To view detailed results, visit:
https://lab.dpdk.org/results/dashboard/patchsets/32556/

UNH-IOL DPDK Community Lab

To manage your email subscriptions, visit: 
https://lab.dpdk.org/results/dashboard/preferences/subscriptions/

^ permalink raw reply	[flat|nested] 41+ messages in thread

* |SUCCESS| pw151296 [PATCH] mbuf: enable to be compiled with MSVC
       [not found] <1739224265-4158-1-git-send-email-andremue@linux.microsoft.com>
                   ` (37 preceding siblings ...)
  2025-02-11 16:09 ` |FAILURE| " dpdklab
@ 2025-02-11 16:17 ` dpdklab
  2025-02-11 16:36 ` dpdklab
  2025-02-11 16:41 ` dpdklab
  40 siblings, 0 replies; 41+ messages in thread
From: dpdklab @ 2025-02-11 16:17 UTC (permalink / raw)
  To: Test Report; +Cc: dpdk-test-reports

Test-Label: iol-compile-amd64-testing
Test-Status: SUCCESS
http://dpdk.org/patch/151296

_Testing PASS_

Submitter: Andre Muezerie <andremue@linux.microsoft.com>
Date: Monday, February 10 2025 21:51:05 
DPDK git baseline: Repo:dpdk
  Branch: master
  CommitID:9d29cd6dc87d6c35c52194a5f7a34f2d84140353

151296 --> testing pass

Upstream job id: Generic-DPDK-Compile-Meson#360658

Test environment and result as below:

+---------------------+--------------------+-------------------+------------------+-------------------+-------------------------+----------------------+
|     Environment     | dpdk_meson_compile | dpdk_compile_spdk | dpdk_compile_ovs | dpdk_msvc_compile | dpdk_llvm_clang_compile | dpdk_mingw64_compile |
+=====================+====================+===================+==================+===================+=========================+======================+
| CentOS Stream 9     | PASS               | PASS              | SKIPPED          | SKIPPED           | SKIPPED                 | SKIPPED              |
+---------------------+--------------------+-------------------+------------------+-------------------+-------------------------+----------------------+
| CentOS Stream 10    | PASS               | SKIPPED           | SKIPPED          | SKIPPED           | SKIPPED                 | SKIPPED              |
+---------------------+--------------------+-------------------+------------------+-------------------+-------------------------+----------------------+
| Debian Bullseye     | PASS               | PASS              | SKIPPED          | SKIPPED           | SKIPPED                 | SKIPPED              |
+---------------------+--------------------+-------------------+------------------+-------------------+-------------------------+----------------------+
| Debian 12           | PASS               | PASS              | SKIPPED          | SKIPPED           | SKIPPED                 | SKIPPED              |
+---------------------+--------------------+-------------------+------------------+-------------------+-------------------------+----------------------+
| Fedora 41 (Clang)   | PASS               | PASS              | PASS             | SKIPPED           | SKIPPED                 | SKIPPED              |
+---------------------+--------------------+-------------------+------------------+-------------------+-------------------------+----------------------+
| Fedora 41           | PASS               | PASS              | PASS             | SKIPPED           | SKIPPED                 | SKIPPED              |
+---------------------+--------------------+-------------------+------------------+-------------------+-------------------------+----------------------+
| Fedora 40           | PASS               | PASS              | SKIPPED          | SKIPPED           | SKIPPED                 | SKIPPED              |
+---------------------+--------------------+-------------------+------------------+-------------------+-------------------------+----------------------+
| Fedora 40 (Clang)   | PASS               | PASS              | SKIPPED          | SKIPPED           | SKIPPED                 | SKIPPED              |
+---------------------+--------------------+-------------------+------------------+-------------------+-------------------------+----------------------+
| openSUSE Leap 15    | PASS               | SKIPPED           | SKIPPED          | SKIPPED           | SKIPPED                 | SKIPPED              |
+---------------------+--------------------+-------------------+------------------+-------------------+-------------------------+----------------------+
| RHEL8               | PASS               | SKIPPED           | SKIPPED          | SKIPPED           | SKIPPED                 | SKIPPED              |
+---------------------+--------------------+-------------------+------------------+-------------------+-------------------------+----------------------+
| Ubuntu 22.04        | PASS               | PASS              | SKIPPED          | SKIPPED           | SKIPPED                 | SKIPPED              |
+---------------------+--------------------+-------------------+------------------+-------------------+-------------------------+----------------------+
| Ubuntu 20.04        | PASS               | SKIPPED           | SKIPPED          | SKIPPED           | SKIPPED                 | SKIPPED              |
+---------------------+--------------------+-------------------+------------------+-------------------+-------------------------+----------------------+
| Ubuntu 24.04        | PASS               | PASS              | PASS             | SKIPPED           | SKIPPED                 | SKIPPED              |
+---------------------+--------------------+-------------------+------------------+-------------------+-------------------------+----------------------+
| RHEL9               | PASS               | SKIPPED           | SKIPPED          | SKIPPED           | SKIPPED                 | SKIPPED              |
+---------------------+--------------------+-------------------+------------------+-------------------+-------------------------+----------------------+
| Alpine              | PASS               | SKIPPED           | SKIPPED          | SKIPPED           | SKIPPED                 | SKIPPED              |
+---------------------+--------------------+-------------------+------------------+-------------------+-------------------------+----------------------+
| FreeBSD 13.4        | PASS               | SKIPPED           | SKIPPED          | SKIPPED           | SKIPPED                 | SKIPPED              |
+---------------------+--------------------+-------------------+------------------+-------------------+-------------------------+----------------------+
| FreeBSD 14.2        | PASS               | SKIPPED           | SKIPPED          | SKIPPED           | SKIPPED                 | SKIPPED              |
+---------------------+--------------------+-------------------+------------------+-------------------+-------------------------+----------------------+
| Windows Server 2022 | SKIPPED            | SKIPPED           | SKIPPED          | PASS              | PASS                    | PASS                 |
+---------------------+--------------------+-------------------+------------------+-------------------+-------------------------+----------------------+


CentOS Stream 9
	Kernel: Depends on container host
	Compiler: gcc 11.5.0 20240719 (Red Hat 11.5.0-2)

CentOS Stream 10
	Kernel: Depends on container host
	Compiler: gcc 14.2.1 20241104 (Red Hat 14.2.1-6)

Debian Bullseye
	Kernel: Depends on container host
	Compiler: gcc (Debian 10.2.1-6) 10.2.1 20210110

Debian 12
	Kernel: Depends on container host
	Compiler: gcc (Debian 12.2.0-14) 12.2.0

Fedora 41 (Clang)
	Kernel: Depends on container host
	Compiler: clang 19.1.5 (Fedora 19.1.5-1.fc41)

Fedora 41
	Kernel: Depends on container host
	Compiler: gcc 14.2.1 20240912 (Red Hat 14.2.1-3)

Fedora 40
	Kernel: Depends on container host
	Compiler: gcc 14.2.1 20240912 (Red Hat 14.2.1-3)

Fedora 40 (Clang)
	Kernel: Depends on container host
	Compiler: clang 18.1.8 (Fedora 18.1.8-1.fc40)

openSUSE Leap 15
	Kernel: Depends on container host
	Compiler: gcc (SUSE Linux) 7.5.0

RHEL8
	Kernel: Depends on container host
	Compiler: gcc 8.5.0 20210514 (Red Hat 8.5.0-22)

Ubuntu 22.04
	Kernel: Depends on container host
	Compiler: gcc (Ubuntu 11.4.0-1ubuntu1~22.04) 11.4.0

Ubuntu 20.04
	Kernel: Depends on container host
	Compiler: gcc (Ubuntu 9.4.0-1ubuntu1~20.04.2) 9.4.0

Ubuntu 24.04
	Kernel: Depends on container host
	Compiler: gcc (Ubuntu 13.3.0-6ubuntu2~24.04) 13.3.0

RHEL9
	Kernel: Depends on container host
	Compiler: gcc 11.5.0 20240719 (Red Hat 11.5.0-2)

Alpine
	Kernel: Depends on container host
	Compiler: gcc (Alpine 14.2.0) 14.2.0

FreeBSD 13.4
	Kernel: 13.4-RELEASE-p1
	Compiler: clang 18.1.6

FreeBSD 14.2
	Kernel: 14.2-RELEASE
	Compiler: clang 18.1.6

Windows Server 2022
	Kernel: 10.0.20348.2031
	Compiler: clang 15.0.7, gcc 14.1.0 (MinGW), and MSVC VS 19.39.33521

To view detailed results, visit:
https://lab.dpdk.org/results/dashboard/patchsets/32556/

UNH-IOL DPDK Community Lab

To manage your email subscriptions, visit: 
https://lab.dpdk.org/results/dashboard/preferences/subscriptions/

^ permalink raw reply	[flat|nested] 41+ messages in thread

* |SUCCESS| pw151296 [PATCH] mbuf: enable to be compiled with MSVC
       [not found] <1739224265-4158-1-git-send-email-andremue@linux.microsoft.com>
                   ` (38 preceding siblings ...)
  2025-02-11 16:17 ` |SUCCESS| " dpdklab
@ 2025-02-11 16:36 ` dpdklab
  2025-02-11 16:41 ` dpdklab
  40 siblings, 0 replies; 41+ messages in thread
From: dpdklab @ 2025-02-11 16:36 UTC (permalink / raw)
  To: Test Report; +Cc: dpdk-test-reports

Test-Label: iol-unit-arm64-testing
Test-Status: SUCCESS
http://dpdk.org/patch/151296

_Testing PASS_

Submitter: Andre Muezerie <andremue@linux.microsoft.com>
Date: Monday, February 10 2025 21:51:05 
DPDK git baseline: Repo:dpdk
  Branch: master
  CommitID:9d29cd6dc87d6c35c52194a5f7a34f2d84140353

151296 --> testing pass

Upstream job id: Generic-Unit-Test-DPDK#314107

Test environment and result as below:

+-----------------------------+----------------+---------------------------+------------------------------+--------------+
|         Environment         | dpdk_unit_test | cryptodev_sw_zuc_autotest | cryptodev_sw_snow3g_autotest | lpm_autotest |
+=============================+================+===========================+==============================+==============+
| 32-bit Ubuntu 22.04.4 (ARM) | PASS           | SKIPPED                   | SKIPPED                      | SKIPPED      |
+-----------------------------+----------------+---------------------------+------------------------------+--------------+
| CentOS Stream 9 (ARM)       | PASS           | SKIPPED                   | SKIPPED                      | SKIPPED      |
+-----------------------------+----------------+---------------------------+------------------------------+--------------+
| Debian 11 (Buster) (ARM)    | PASS           | SKIPPED                   | SKIPPED                      | SKIPPED      |
+-----------------------------+----------------+---------------------------+------------------------------+--------------+
| Debian 12 (arm)             | PASS           | PASS                      | PASS                         | SKIPPED      |
+-----------------------------+----------------+---------------------------+------------------------------+--------------+
| CentOS Stream 10 (ARM)      | PASS           | SKIPPED                   | SKIPPED                      | SKIPPED      |
+-----------------------------+----------------+---------------------------+------------------------------+--------------+
| Fedora 41 (ARM)             | PASS           | SKIPPED                   | SKIPPED                      | SKIPPED      |
+-----------------------------+----------------+---------------------------+------------------------------+--------------+
| Fedora 40 (ARM Clang)       | PASS           | SKIPPED                   | SKIPPED                      | SKIPPED      |
+-----------------------------+----------------+---------------------------+------------------------------+--------------+
| Fedora 41 (ARM Clang)       | PASS           | SKIPPED                   | SKIPPED                      | SKIPPED      |
+-----------------------------+----------------+---------------------------+------------------------------+--------------+
| Fedora 40 (ARM)             | PASS           | SKIPPED                   | SKIPPED                      | SKIPPED      |
+-----------------------------+----------------+---------------------------+------------------------------+--------------+
| RHEL9 (ARM)                 | PASS           | SKIPPED                   | SKIPPED                      | SKIPPED      |
+-----------------------------+----------------+---------------------------+------------------------------+--------------+
| Ubuntu 24.04 (ARM)          | PASS           | SKIPPED                   | SKIPPED                      | SKIPPED      |
+-----------------------------+----------------+---------------------------+------------------------------+--------------+
| Ubuntu 22.04 (ARM)          | PASS           | SKIPPED                   | SKIPPED                      | SKIPPED      |
+-----------------------------+----------------+---------------------------+------------------------------+--------------+
| Ubuntu 20.04 (ARM)          | PASS           | SKIPPED                   | SKIPPED                      | SKIPPED      |
+-----------------------------+----------------+---------------------------+------------------------------+--------------+
| Ubuntu 20.04 ARM SVE        | SKIPPED        | SKIPPED                   | SKIPPED                      | PASS         |
+-----------------------------+----------------+---------------------------+------------------------------+--------------+


32-bit Ubuntu 22.04.4 (ARM)
	Kernel: 5.15.83+ aarch64
	Compiler: gcc (Ubuntu 11.4.0-1ubuntu1~22.04) 11.4.0

CentOS Stream 9 (ARM)
	Kernel: Depends on container host
	Compiler: gcc 11.5.0 20240719 (Red Hat 11.5.0-2)

Debian 11 (Buster) (ARM)
	Kernel: Depends on container host
	Compiler: gcc (Debian 10.2.1-6) 10.2.1 20210110

Debian 12 (arm)
	Kernel: Depends on container host
	Compiler: gcc (Debian 12.2.0-14) 12.2.0

CentOS Stream 10 (ARM)
	Kernel: Depends on container host
	Compiler: gcc 14.2.1 20241104 (Red Hat 14.2.1-6)

Fedora 41 (ARM)
	Kernel: Depends on container host
	Compiler: gcc 14.2.1 20240912 (Red Hat 14.2.1-3)

Fedora 40 (ARM Clang)
	Kernel: Depends on container host
	Compiler: clang 18.1.8 (Fedora 18.1.8-1.fc40)

Fedora 41 (ARM Clang)
	Kernel: Depends on container host
	Compiler: clang 19.1.5 (Fedora 19.1.5-1.fc41)

Fedora 40 (ARM)
	Kernel: Depends on container host
	Compiler: gcc 14.2.1 20240912 (Red Hat 14.2.1-3)

RHEL9 (ARM)
	Kernel: Depends on container host
	Compiler: gcc 11.5.0 20240719 (Red Hat 11.5.0-2)

Ubuntu 24.04 (ARM)
	Kernel: Depends on container host
	Compiler: gcc (Ubuntu 13.3.0-6ubuntu2~24.04) 13.3.0

Ubuntu 22.04 (ARM)
	Kernel: Depends on container host
	Compiler: gcc (Ubuntu 11.4.0-1ubuntu1~22.04) 11.4.0

Ubuntu 20.04 (ARM)
	Kernel: Depends on container host
	Compiler: gcc (Ubuntu 9.4.0-1ubuntu1~20.04.2) 9.4.0

Ubuntu 20.04 ARM SVE
	Kernel: Depends on container host
	Compiler: gcc (Ubuntu 10.5.0-1ubuntu1~20.04) 10.5.0

To view detailed results, visit:
https://lab.dpdk.org/results/dashboard/patchsets/32556/

UNH-IOL DPDK Community Lab

To manage your email subscriptions, visit: 
https://lab.dpdk.org/results/dashboard/preferences/subscriptions/

^ permalink raw reply	[flat|nested] 41+ messages in thread

* |SUCCESS| pw151296 [PATCH] mbuf: enable to be compiled with MSVC
       [not found] <1739224265-4158-1-git-send-email-andremue@linux.microsoft.com>
                   ` (39 preceding siblings ...)
  2025-02-11 16:36 ` dpdklab
@ 2025-02-11 16:41 ` dpdklab
  40 siblings, 0 replies; 41+ messages in thread
From: dpdklab @ 2025-02-11 16:41 UTC (permalink / raw)
  To: Test Report; +Cc: dpdk-test-reports

Test-Label: iol-compile-arm64-testing
Test-Status: SUCCESS
http://dpdk.org/patch/151296

_Testing PASS_

Submitter: Andre Muezerie <andremue@linux.microsoft.com>
Date: Monday, February 10 2025 21:51:05 
DPDK git baseline: Repo:dpdk
  Branch: master
  CommitID:9d29cd6dc87d6c35c52194a5f7a34f2d84140353

151296 --> testing pass

Upstream job id: Generic-DPDK-Compile-Meson#360641

Test environment and result as below:

+----------------------------------------+--------------------+
|              Environment               | dpdk_meson_compile |
+========================================+====================+
| RHEL9 (ARM)                            | PASS               |
+----------------------------------------+--------------------+
| Ubuntu 20.04 ARM GCC Cross Compile     | PASS               |
+----------------------------------------+--------------------+
| Ubuntu 20.04 ARM SVE                   | PASS               |
+----------------------------------------+--------------------+
| Fedora 40 (ARM Clang)                  | PASS               |
+----------------------------------------+--------------------+
| Fedora 40 (ARM)                        | PASS               |
+----------------------------------------+--------------------+
| Debian 12 with MUSDK                   | PASS               |
+----------------------------------------+--------------------+
| Ubuntu 24.04 (ARM)                     | PASS               |
+----------------------------------------+--------------------+
| Fedora 41 (ARM Clang)                  | PASS               |
+----------------------------------------+--------------------+
| Ubuntu 22.04 (ARM)                     | PASS               |
+----------------------------------------+--------------------+
| Ubuntu 20.04 (ARM)                     | PASS               |
+----------------------------------------+--------------------+
| Fedora 41 (ARM)                        | PASS               |
+----------------------------------------+--------------------+
| CentOS Stream 9 (ARM)                  | PASS               |
+----------------------------------------+--------------------+
| CentOS Stream 10 (ARM)                 | PASS               |
+----------------------------------------+--------------------+
| Debian 12 (arm)                        | PASS               |
+----------------------------------------+--------------------+
| Debian 11 (Buster) (ARM)               | PASS               |
+----------------------------------------+--------------------+
| Ubuntu 20.04 ARM Clang Cross Compile   | PASS               |
+----------------------------------------+--------------------+
| Ubuntu 20.04 aarch32 GCC Cross Compile | PASS               |
+----------------------------------------+--------------------+


RHEL9 (ARM)
	Kernel: Depends on container host
	Compiler: gcc 11.5.0 20240719 (Red Hat 11.5.0-2)

Ubuntu 20.04 ARM GCC Cross Compile
	Kernel: Depends on container host
	Compiler: aarch64-linux-gnu-gcc (Ubuntu 9.4.0-1ubuntu1~20.04.2) 9.4.0

Ubuntu 20.04 ARM SVE
	Kernel: Depends on container host
	Compiler: gcc (Ubuntu 10.5.0-1ubuntu1~20.04) 10.5.0

Fedora 40 (ARM Clang)
	Kernel: Depends on container host
	Compiler: clang 18.1.8 (Fedora 18.1.8-1.fc40)

Fedora 40 (ARM)
	Kernel: Depends on container host
	Compiler: gcc 14.2.1 20240912 (Red Hat 14.2.1-3)

Debian 12 with MUSDK
	Kernel: Depends on container host
	Compiler: gcc (Debian 12.2.0-14) 12.2.0

Ubuntu 24.04 (ARM)
	Kernel: Depends on container host
	Compiler: gcc (Ubuntu 13.3.0-6ubuntu2~24.04) 13.3.0

Fedora 41 (ARM Clang)
	Kernel: Depends on container host
	Compiler: clang 19.1.5 (Fedora 19.1.5-1.fc41)

Ubuntu 22.04 (ARM)
	Kernel: Depends on container host
	Compiler: gcc (Ubuntu 11.4.0-1ubuntu1~22.04) 11.4.0

Ubuntu 20.04 (ARM)
	Kernel: Depends on container host
	Compiler: gcc (Ubuntu 9.4.0-1ubuntu1~20.04.2) 9.4.0

Fedora 41 (ARM)
	Kernel: Depends on container host
	Compiler: gcc 14.2.1 20240912 (Red Hat 14.2.1-3)

CentOS Stream 9 (ARM)
	Kernel: Depends on container host
	Compiler: gcc 11.5.0 20240719 (Red Hat 11.5.0-2)

CentOS Stream 10 (ARM)
	Kernel: Depends on container host
	Compiler: gcc 14.2.1 20241104 (Red Hat 14.2.1-6)

Debian 12 (arm)
	Kernel: Depends on container host
	Compiler: gcc (Debian 12.2.0-14) 12.2.0

Debian 11 (Buster) (ARM)
	Kernel: Depends on container host
	Compiler: gcc (Debian 10.2.1-6) 10.2.1 20210110

Ubuntu 20.04 ARM Clang Cross Compile
	Kernel: Depends on container host
	Compiler: clang 10.0.0-4ubuntu1

Ubuntu 20.04 aarch32 GCC Cross Compile
	Kernel: Depends on container host
	Compiler: gcc 9.4.0

To view detailed results, visit:
https://lab.dpdk.org/results/dashboard/patchsets/32556/

UNH-IOL DPDK Community Lab

To manage your email subscriptions, visit: 
https://lab.dpdk.org/results/dashboard/preferences/subscriptions/

^ permalink raw reply	[flat|nested] 41+ messages in thread

end of thread, other threads:[~2025-02-11 16:41 UTC | newest]

Thread overview: 41+ messages (download: mbox.gz / follow: Atom feed)
-- links below jump to the message on this page --
     [not found] <1739224265-4158-1-git-send-email-andremue@linux.microsoft.com>
2025-02-10 21:19 ` |SUCCESS| pw151296 [PATCH] mbuf: enable to be compiled with MSVC qemudev
2025-02-10 21:23 ` qemudev
2025-02-10 21:51 ` checkpatch
2025-02-10 23:05 ` 0-day Robot
2025-02-11 12:15 ` |FAILURE| " dpdklab
2025-02-11 12:23 ` |SUCCESS| " dpdklab
2025-02-11 12:29 ` dpdklab
2025-02-11 12:35 ` dpdklab
2025-02-11 12:36 ` dpdklab
2025-02-11 12:41 ` dpdklab
2025-02-11 12:50 ` dpdklab
2025-02-11 13:00 ` dpdklab
2025-02-11 13:02 ` dpdklab
2025-02-11 13:04 ` dpdklab
2025-02-11 13:07 ` dpdklab
2025-02-11 13:15 ` dpdklab
2025-02-11 13:16 ` dpdklab
2025-02-11 13:25 ` |PENDING| " dpdklab
2025-02-11 13:30 ` dpdklab
2025-02-11 13:36 ` dpdklab
2025-02-11 13:37 ` |SUCCESS| " dpdklab
2025-02-11 14:07 ` |PENDING| " dpdklab
2025-02-11 14:09 ` dpdklab
2025-02-11 14:26 ` |SUCCESS| " dpdklab
2025-02-11 14:28 ` dpdklab
2025-02-11 14:28 ` dpdklab
2025-02-11 14:29 ` dpdklab
2025-02-11 14:41 ` |PENDING| " dpdklab
2025-02-11 14:51 ` dpdklab
2025-02-11 14:52 ` dpdklab
2025-02-11 14:53 ` |SUCCESS| " dpdklab
2025-02-11 14:59 ` |FAILURE| " dpdklab
2025-02-11 15:04 ` |PENDING| " dpdklab
2025-02-11 15:17 ` |SUCCESS| " dpdklab
2025-02-11 15:39 ` |FAILURE| " dpdklab
2025-02-11 15:47 ` |SUCCESS| " dpdklab
2025-02-11 16:04 ` dpdklab
2025-02-11 16:09 ` |FAILURE| " dpdklab
2025-02-11 16:17 ` |SUCCESS| " dpdklab
2025-02-11 16:36 ` dpdklab
2025-02-11 16:41 ` dpdklab

This is a public inbox, see mirroring instructions
for how to clone and mirror all data and code used for this inbox;
as well as URLs for NNTP newsgroup(s).