automatic DPDK test reports
 help / color / mirror / Atom feed
From: dpdklab@iol.unh.edu
To: Test Report <test-report@dpdk.org>
Cc: dpdk-test-reports@iol.unh.edu
Subject: |PENDING| pw151296 [PATCH] mbuf: enable to be compiled with MSVC
Date: Tue, 11 Feb 2025 06:07:06 -0800 (PST)	[thread overview]
Message-ID: <67ab598a.170a0220.7cb5f.1b4fSMTPIN_ADDED_MISSING@mx.google.com> (raw)
In-Reply-To: <1739224265-4158-1-git-send-email-andremue@linux.microsoft.com>

Test-Label: iol-compile-arm64-testing
Test-Status: PENDING
http://dpdk.org/patch/151296

_Testing pending_

Submitter: Andre Muezerie <andremue@linux.microsoft.com>
Date: Monday, February 10 2025 21:51:05 
DPDK git baseline: Repo:dpdk
  Branch: master
  CommitID:9d29cd6dc87d6c35c52194a5f7a34f2d84140353

151296 --> testing pending

Upstream job id: Generic-DPDK-Compile-Meson#360619

Test environment and result as below:

+-----------------------+--------------------+
|      Environment      | dpdk_meson_compile |
+=======================+====================+
| RHEL9 (ARM)           | PEND               |
+-----------------------+--------------------+
| Ubuntu 20.04 ARM SVE  | PASS               |
+-----------------------+--------------------+
| Debian 12 with MUSDK  | PEND               |
+-----------------------+--------------------+
| Fedora 40 (ARM)       | PEND               |
+-----------------------+--------------------+
| Fedora 40 (ARM Clang) | PEND               |
+-----------------------+--------------------+
| Fedora 41 (ARM)       | PEND               |
+-----------------------+--------------------+
| Fedora 41 (ARM Clang) | PEND               |
+-----------------------+--------------------+
| Ubuntu 24.04 (ARM)    | PEND               |
+-----------------------+--------------------+


RHEL9 (ARM)
	Kernel: Depends on container host
	Compiler: gcc 11.5.0 20240719 (Red Hat 11.5.0-2)

Ubuntu 20.04 ARM SVE
	Kernel: Depends on container host
	Compiler: gcc (Ubuntu 10.5.0-1ubuntu1~20.04) 10.5.0

Debian 12 with MUSDK
	Kernel: Depends on container host
	Compiler: gcc (Debian 12.2.0-14) 12.2.0

Fedora 40 (ARM)
	Kernel: Depends on container host
	Compiler: gcc 14.2.1 20240912 (Red Hat 14.2.1-3)

Fedora 40 (ARM Clang)
	Kernel: Depends on container host
	Compiler: clang 18.1.8 (Fedora 18.1.8-1.fc40)

Fedora 41 (ARM)
	Kernel: Depends on container host
	Compiler: gcc 14.2.1 20240912 (Red Hat 14.2.1-3)

Fedora 41 (ARM Clang)
	Kernel: Depends on container host
	Compiler: clang 19.1.5 (Fedora 19.1.5-1.fc41)

Ubuntu 24.04 (ARM)
	Kernel: Depends on container host
	Compiler: gcc (Ubuntu 13.3.0-6ubuntu2~24.04) 13.3.0

To view detailed results, visit:
https://lab.dpdk.org/results/dashboard/patchsets/32556/

UNH-IOL DPDK Community Lab

To manage your email subscriptions, visit: 
https://lab.dpdk.org/results/dashboard/preferences/subscriptions/

  parent reply	other threads:[~2025-02-11 14:07 UTC|newest]

Thread overview: 43+ messages / expand[flat|nested]  mbox.gz  Atom feed  top
     [not found] <1739224265-4158-1-git-send-email-andremue@linux.microsoft.com>
2025-02-10 21:19 ` |SUCCESS| " qemudev
2025-02-10 21:23 ` qemudev
2025-02-10 21:51 ` checkpatch
2025-02-10 23:05 ` 0-day Robot
2025-02-11 12:15 ` |FAILURE| " dpdklab
2025-02-11 12:23 ` |SUCCESS| " dpdklab
2025-02-11 12:29 ` dpdklab
2025-02-11 12:35 ` dpdklab
2025-02-11 12:36 ` dpdklab
2025-02-11 12:41 ` dpdklab
2025-02-11 12:50 ` dpdklab
2025-02-11 13:00 ` dpdklab
2025-02-11 13:02 ` dpdklab
2025-02-11 13:04 ` dpdklab
2025-02-11 13:07 ` dpdklab
2025-02-11 13:15 ` dpdklab
2025-02-11 13:16 ` dpdklab
2025-02-11 13:25 ` |PENDING| " dpdklab
2025-02-11 13:30 ` dpdklab
2025-02-11 13:36 ` dpdklab
2025-02-11 13:37 ` |SUCCESS| " dpdklab
2025-02-11 14:07 ` dpdklab [this message]
2025-02-11 14:09 ` |PENDING| " dpdklab
2025-02-11 14:26 ` |SUCCESS| " dpdklab
2025-02-11 14:28 ` dpdklab
2025-02-11 14:28 ` dpdklab
2025-02-11 14:29 ` dpdklab
2025-02-11 14:41 ` |PENDING| " dpdklab
2025-02-11 14:51 ` dpdklab
2025-02-11 14:52 ` dpdklab
2025-02-11 14:53 ` |SUCCESS| " dpdklab
2025-02-11 14:59 ` |FAILURE| " dpdklab
2025-02-11 15:04 ` |PENDING| " dpdklab
2025-02-11 15:17 ` |SUCCESS| " dpdklab
2025-02-11 15:39 ` |FAILURE| " dpdklab
2025-02-11 15:47 ` |SUCCESS| " dpdklab
2025-02-11 16:04 ` dpdklab
2025-02-11 16:09 ` |FAILURE| " dpdklab
2025-02-11 16:17 ` |SUCCESS| " dpdklab
2025-02-11 16:36 ` dpdklab
2025-02-11 16:41 ` dpdklab
2025-02-11 17:21 ` dpdklab
2025-02-11 17:22 ` dpdklab

Reply instructions:

You may reply publicly to this message via plain-text email
using any one of the following methods:

* Save the following mbox file, import it into your mail client,
  and reply-to-all from there: mbox

  Avoid top-posting and favor interleaved quoting:
  https://en.wikipedia.org/wiki/Posting_style#Interleaved_style

* Reply using the --to, --cc, and --in-reply-to
  switches of git-send-email(1):

  git send-email \
    --in-reply-to=67ab598a.170a0220.7cb5f.1b4fSMTPIN_ADDED_MISSING@mx.google.com \
    --to=dpdklab@iol.unh.edu \
    --cc=dpdk-test-reports@iol.unh.edu \
    --cc=test-report@dpdk.org \
    /path/to/YOUR_REPLY

  https://kernel.org/pub/software/scm/git/docs/git-send-email.html

* If your mail client supports setting the In-Reply-To header
  via mailto: links, try the mailto: link
Be sure your reply has a Subject: header at the top and a blank line before the message body.
This is a public inbox, see mirroring instructions
for how to clone and mirror all data and code used for this inbox;
as well as URLs for NNTP newsgroup(s).