From mboxrd@z Thu Jan 1 00:00:00 1970 Return-Path: Received: from mails.dpdk.org (mails.dpdk.org [217.70.189.124]) by inbox.dpdk.org (Postfix) with ESMTP id ED256461F9 for ; Tue, 11 Feb 2025 16:39:41 +0100 (CET) Received: from mails.dpdk.org (localhost [127.0.0.1]) by mails.dpdk.org (Postfix) with ESMTP id D7FE2402DA; Tue, 11 Feb 2025 16:39:41 +0100 (CET) Received: from mail-io1-f99.google.com (mail-io1-f99.google.com [209.85.166.99]) by mails.dpdk.org (Postfix) with ESMTP id 51356402C9 for ; Tue, 11 Feb 2025 16:39:41 +0100 (CET) Received: by mail-io1-f99.google.com with SMTP id ca18e2360f4ac-8552ae0fc4dso162741039f.1 for ; Tue, 11 Feb 2025 07:39:41 -0800 (PST) DKIM-Signature: v=1; a=rsa-sha256; c=relaxed/relaxed; d=iol.unh.edu; s=unh-iol; t=1739288380; x=1739893180; darn=dpdk.org; h=references:in-reply-to:cc:to:from:subject:message-id:date:from:to :cc:subject:date:message-id:reply-to; bh=G4aADxPr04GZXyyyRWTVgQudqIB4WzNnZj9qcVSBI4c=; b=U4V5OTffUBrvwA8SSktfUCpvPcpBmc6ALZoIwMVbeKCIoE7lwmHaGapN0MOrm5Arvo ru4CluT4e3j3MANQ4qVQqXfoi/iOMOxOERmkh0jmy3wpDzqw5L33kJl3JIb9Uuy6/7w4 vXXZZRjazU5po2WYKOGPU6aCaw04gUzB8cit4= X-Google-DKIM-Signature: v=1; a=rsa-sha256; c=relaxed/relaxed; d=1e100.net; s=20230601; t=1739288380; x=1739893180; h=references:in-reply-to:cc:to:from:subject:message-id:date :x-gm-message-state:from:to:cc:subject:date:message-id:reply-to; bh=G4aADxPr04GZXyyyRWTVgQudqIB4WzNnZj9qcVSBI4c=; b=vathV/Cx532nqWeO0uz3NwDsnCzkAoMw7Q11pZpNQ3T4NWUm4cck2TatjjNNM4n3kD NBSC7fF8YKZ89r2jGz8LjE51JZ6b7bP6ETqB/TIG/uiNwsroL95Ic13H90lZlA395zRr 8mT0ttwrO20oOAgM70V/SV2v9eKLhaFBcKMRA1OJIqsvnXECkwq0P0/f/JoMZ3GqRj+v jRD3ttdf3ms6ebcvOpyuweCcrLKB+sLe0wC/BXbvbBTZBuS5kiT1xM9/jVT6qQiDIAF3 sNF8LbuhIXHb2LP2QqjYUqt8K8M8O4GZfpzUQtwFnkqR7zj5PjZtd5Q9fIuNTepyoNyX AJ7Q== X-Gm-Message-State: AOJu0YxoQXOec2DyCFMTe/qbxQXpqVpp4Wx4N49kr58sdG7e9+rQd/g3 Pb8NSWgffLw5wzY0qcqK+trWGtHsHF557xARn/ohnqVa4VpifPWX/+VjyKNSzHXA0WQ16wZGLOp YW2/1+nzLZeRhq03urYFeSpCPvMsFSvCbRHuebsHpzG0uz0Vb1nq3r7T2 X-Gm-Gg: ASbGnctSFLTY7f6OpqzKpIsQ5DL3b/uQK0uzBSJFFxlIOtCEgyA2aEjxiVmY582rbTr H//DabR5MNWKwt9QV5speWMzzylwwI5/GaSmxl+r/8iH12cYtHrLHn6+2SULZwRONQ4GdLJnYHW bRZhpQ1K6X5EP0rrCmaNHpkt2dBNXAaYKlzDxxhIESyI/95Lkz25PKJ+3M5YuK7ngMBCyesZv3a E0PyI7pnHAztxJhp+7fOoKIZZ0HbWiUBWNoDezZs9MMDtfT1vLb6ZCHM0lnQhJ/3TR3ZCWgpVHT vEbZN1lMCoxI88eFHp4aeKXNirSML8VBufzVkrIafA== X-Google-Smtp-Source: AGHT+IFR4dwoWL32RpZaSeTGxzC0hp0z/uc3wQBqt8FWBuPsgIf5Y3KE9YUSOZSV8E8ybSLHL+u9Sr3p4p66 X-Received: by 2002:a05:6602:1344:b0:84f:5547:8398 with SMTP id ca18e2360f4ac-8554410980dmr443764239f.11.1739288380590; Tue, 11 Feb 2025 07:39:40 -0800 (PST) Received: from postal.iol.unh.edu (postal.iol.unh.edu. [2606:4100:3880:1234::84]) by smtp-relay.gmail.com with ESMTPS id ca18e2360f4ac-85544b63c3asm10715539f.7.2025.02.11.07.39.40 (version=TLS1_2 cipher=ECDHE-ECDSA-AES128-GCM-SHA256 bits=128/128); Tue, 11 Feb 2025 07:39:40 -0800 (PST) X-Relaying-Domain: iol.unh.edu Date: Tue, 11 Feb 2025 07:39:40 -0800 (PST) Message-ID: <67ab6f3c.050a0220.2dc918.5f5fSMTPIN_ADDED_MISSING@mx.google.com> Received: from [172.21.0.7] (unknown [172.18.0.240]) by postal.iol.unh.edu (Postfix) with ESMTP id 17C0B6052471; Tue, 11 Feb 2025 10:39:40 -0500 (EST) Subject: |FAILURE| pw151296 [PATCH] mbuf: enable to be compiled with MSVC From: dpdklab@iol.unh.edu To: Test Report Cc: dpdk-test-reports@iol.unh.edu, Andre Muezerie In-Reply-To: <1739224265-4158-1-git-send-email-andremue@linux.microsoft.com> References: <1739224265-4158-1-git-send-email-andremue@linux.microsoft.com> Content-Type: text/plain X-BeenThere: test-report@dpdk.org X-Mailman-Version: 2.1.29 Precedence: list List-Id: automatic DPDK test reports List-Unsubscribe: , List-Archive: List-Post: List-Help: List-Subscribe: , Errors-To: test-report-bounces@dpdk.org Test-Label: iol-unit-amd64-testing Test-Status: FAILURE http://dpdk.org/patch/151296 _Testing issues_ Submitter: Andre Muezerie Date: Monday, February 10 2025 21:51:05 DPDK git baseline: Repo:dpdk Branch: master CommitID:9d29cd6dc87d6c35c52194a5f7a34f2d84140353 151296 --> testing issues Upstream job id: Generic-Unit-Test-DPDK#314104 Test environment and result as below: +-------------------+----------------+ | Environment | dpdk_unit_test | +===================+================+ | CentOS Stream 9 | PASS | +-------------------+----------------+ | CentOS Stream 10 | PASS | +-------------------+----------------+ | Fedora 40 | PASS | +-------------------+----------------+ | Debian 12 | FAIL | +-------------------+----------------+ | Debian Bullseye | PASS | +-------------------+----------------+ | Fedora 40 (Clang) | PASS | +-------------------+----------------+ | Fedora 41 | PASS | +-------------------+----------------+ | Fedora 41 (Clang) | PASS | +-------------------+----------------+ | RHEL8 | PASS | +-------------------+----------------+ | Ubuntu 24.04 | PASS | +-------------------+----------------+ | RHEL9 | PASS | +-------------------+----------------+ | Ubuntu 22.04 | PASS | +-------------------+----------------+ | Ubuntu 20.04 | PASS | +-------------------+----------------+ ==== Unit test summary for Debian 12 (dpdk_unit_test): ==== ninja: Entering directory `/root/workspace/Generic-Unit-Test-DPDK/dpdk/build' ninja: no work to do. 1/119 DPDK:fast-tests / acl_autotest OK 4.82s 2/119 DPDK:fast-tests / alarm_autotest OK 1.21s 3/119 DPDK:fast-tests / argparse_autotest OK 0.19s 4/119 DPDK:fast-tests / atomic_autotest OK 0.41s 5/119 DPDK:fast-tests / bitcount_autotest OK 0.19s 6/119 DPDK:fast-tests / bitmap_autotest OK 0.26s 7/119 DPDK:fast-tests / bitops_autotest OK 1.86s 8/119 DPDK:fast-tests / bitratestats_autotest OK 0.26s 9/119 DPDK:fast-tests / bitset_autotest OK 2.65s 10/119 DPDK:fast-tests / bpf_autotest OK 0.19s 11/119 DPDK:fast-tests / bpf_convert_autotest OK 0.19s 12/119 DPDK:fast-tests / byteorder_autotest OK 0.18s 13/119 DPDK:fast-tests / cfgfile_autotest OK 0.18s 14/119 DPDK:fast-tests / cksum_autotest OK 0.18s 15/119 DPDK:fast-tests / cmdline_autotest OK 0.20s 16/119 DPDK:fast-tests / common_autotest OK 0.80s 17/119 DPDK:fast-tests / compressdev_autotest SKIP 0.16s exit status 77 18/119 DPDK:fast-tests / cpuflags_autotest OK 0.19s 19/119 DPDK:fast-tests / crc_autotest OK 0.18s 20/119 DPDK:fast-tests / user_delay_us OK 0.18s 21/119 DPDK:fast-tests / debug_autotest OK 0.51s 22/119 DPDK:fast-tests / devargs_autotest OK 0.18s 23/119 DPDK:fast-tests / dispatcher_autotest SKIP 0.16s exit status 77 24/119 DPDK:fast-tests / distributor_autotest OK 1.03s 25/119 DPDK:fast-tests / eal_flags_c_opt_autotest OK 0.79s 26/119 DPDK:fast-tests / eal_flags_main_opt_autotest OK 0.29s 27/119 DPDK:fast-tests / eal_flags_n_opt_autotest OK 0.47s 28/119 DPDK:fast-tests / eal_flags_hpet_autotest OK 0.20s 29/119 DPDK:fast-tests / eal_flags_no_huge_autotest OK 0.49s 30/119 DPDK:fast-tests / eal_flags_a_opt_autotest OK 0.37s 31/119 DPDK:fast-tests / eal_flags_b_opt_autotest OK 0.31s 32/119 DPDK:fast-tests / eal_flags_vdev_opt_autotest OK 0.56s 33/119 DPDK:fast-tests / eal_flags_r_opt_autotest OK 0.26s 34/119 DPDK:fast-tests / eal_flags_mem_autotest OK 0.73s 35/119 DPDK:fast-tests / eal_flags_file_prefix_autotest OK 2.05s 36/119 DPDK:fast-tests / eal_flags_misc_autotest FAIL 2.23s killed by signal 11 SIGSEGV >>> DPDK_TEST=eal_flags_misc_autotest MALLOC_PERTURB_=248 /root/workspace/Generic-Unit-Test-DPDK/dpdk/build/app/dpdk-test 37/119 DPDK:fast-tests / eal_fs_autotest OK 0.17s 38/119 DPDK:fast-tests / errno_autotest OK 0.17s 39/119 DPDK:fast-tests / ethdev_link_status OK 0.17s 40/119 DPDK:fast-tests / event_eth_tx_adapter_autotest OK 0.45s 41/119 DPDK:fast-tests / event_ring_autotest OK 0.17s 42/119 DPDK:fast-tests / eventdev_common_autotest OK 0.17s 43/119 DPDK:fast-tests / eventdev_selftest_sw OK 0.20s 44/119 DPDK:fast-tests / fbarray_autotest OK 0.16s 45/119 DPDK:fast-tests / fib_autotest OK 0.67s 46/119 DPDK:fast-tests / fib6_autotest OK 0.55s 47/119 DPDK:fast-tests / func_reentrancy_autotest OK 0.53s 48/119 DPDK:fast-tests / graph_autotest OK 0.17s 49/119 DPDK:fast-tests / node_list_dump OK 0.17s 50/119 DPDK:fast-tests / hash_autotest OK 0.26s 51/119 DPDK:fast-tests / hash_readwrite_func_autotest SKIP 0.14s exit status 77 52/119 DPDK:fast-tests / interrupt_autotest OK 1.18s 53/119 DPDK:fast-tests / ipfrag_autotest OK 0.14s 54/119 DPDK:fast-tests / ipsec_autotest SKIP 0.17s exit status 77 55/119 DPDK:fast-tests / kvargs_autotest OK 0.17s 56/119 DPDK:fast-tests / latencystats_autotest OK 0.17s 57/119 DPDK:fast-tests / lcore_var_autotest OK 0.29s 58/119 DPDK:fast-tests / lcores_autotest OK 0.73s 59/119 DPDK:fast-tests / logs_autotest OK 0.17s 60/119 DPDK:fast-tests / lpm_autotest OK 1.45s 61/119 DPDK:fast-tests / lpm6_autotest OK 2.47s 62/119 DPDK:fast-tests / malloc_autotest OK 0.34s 63/119 DPDK:fast-tests / mbuf_autotest OK 0.17s 64/119 DPDK:fast-tests / mcslock_autotest OK 0.40s 65/119 DPDK:fast-tests / member_autotest OK 0.78s 66/119 DPDK:fast-tests / memcpy_autotest OK 1.72s 67/119 DPDK:fast-tests / memory_autotest OK 0.14s 68/119 DPDK:fast-tests / mempool_autotest OK 0.42s 69/119 DPDK:fast-tests / memzone_autotest OK 0.15s 70/119 DPDK:fast-tests / meter_autotest OK 0.17s 71/119 DPDK:fast-tests / metrics_autotest OK 0.17s 72/119 DPDK:fast-tests / multiprocess_autotest OK 0.25s 73/119 DPDK:fast-tests / net_ether_autotest OK 0.49s 74/119 DPDK:fast-tests / net_ipv6_autotest OK 0.17s 75/119 DPDK:fast-tests / pcapng_autotest OK 6.83s 76/119 DPDK:fast-tests / pdcp_autotest SKIP 0.16s exit status 77 77/119 DPDK:fast-tests / pdump_autotest OK 0.28s 78/119 DPDK:fast-tests / per_lcore_autotest OK 0.27s 79/119 DPDK:fast-tests / pflock_autotest OK 0.27s 80/119 DPDK:fast-tests / pie_autotest OK 0.17s 81/119 DPDK:fast-tests / ring_pmd_autotest OK 0.17s 82/119 DPDK:fast-tests / power_autotest OK 0.16s 83/119 DPDK:fast-tests / power_cpufreq_autotest SKIP 0.14s exit status 77 84/119 DPDK:fast-tests / power_intel_uncore_autotest SKIP 0.17s exit status 77 85/119 DPDK:fast-tests / power_kvm_vm_autotest SKIP 0.14s exit status 77 86/119 DPDK:fast-tests / prefetch_autotest OK 0.17s 87/119 DPDK:fast-tests / ptr_compress_autotest OK 0.16s 88/119 DPDK:fast-tests / rawdev_autotest OK 0.17s 89/119 DPDK:fast-tests / rcu_qsbr_autotest OK 0.26s 90/119 DPDK:fast-tests / reorder_autotest OK 0.27s 91/119 DPDK:fast-tests / rib_autotest OK 3.56s 92/119 DPDK:fast-tests / rib6_autotest OK 3.47s 93/119 DPDK:fast-tests / ring_autotest OK 0.17s 94/119 DPDK:fast-tests / rwlock_test1_autotest OK 0.27s 95/119 DPDK:fast-tests / rwlock_rda_autotest OK 5.17s 96/119 DPDK:fast-tests / rwlock_rds_wrm_autotest OK 5.31s 97/119 DPDK:fast-tests / rwlock_rde_wro_autotest OK 5.17s 98/119 DPDK:fast-tests / sched_autotest OK 0.17s 99/119 DPDK:fast-tests / security_autotest OK 0.14s 100/119 DPDK:fast-tests / seqlock_autotest SKIP 0.17s exit status 77 101/119 DPDK:fast-tests / service_autotest OK 0.27s 102/119 DPDK:fast-tests / soring_autotest OK 0.17s 103/119 DPDK:fast-tests / spinlock_autotest OK 0.18s 104/119 DPDK:fast-tests / stack_autotest OK 0.18s 105/119 DPDK:fast-tests / stack_lf_autotest OK 0.23s 106/119 DPDK:fast-tests / string_autotest OK 0.17s 107/119 DPDK:fast-tests / table_autotest OK 4.68s 108/119 DPDK:fast-tests / tailq_autotest OK 0.17s 109/119 DPDK:fast-tests / telemetry_data_autotest OK 0.17s 110/119 DPDK:fast-tests / telemetry_json_autotest OK 0.16s 111/119 DPDK:fast-tests / thash_autotest OK 0.17s 112/119 DPDK:fast-tests / threads_autotest OK 0.33s 113/119 DPDK:fast-tests / ticketlock_autotest OK 0.18s 114/119 DPDK:fast-tests / timer_autotest OK 2.48s 115/119 DPDK:fast-tests / trace_autotest OK 0.17s 116/119 DPDK:fast-tests / trace_autotest_with_traces OK 0.17s 117/119 DPDK:fast-tests / vdev_autotest OK 0.17s 118/119 DPDK:fast-tests / version_autotest OK 0.17s 119/119 DPDK:fast-tests / telemetry_all SKIP 0.01s exit status 77 Ok: 108 Expected Fail: 0 Fail: 1 Unexpected Pass: 0 Skipped: 10 Timeout: 0 Full log written to /root/workspace/Generic-Unit-Test-DPDK/dpdk/build/meson-logs/testlog.txt Test log output from the failed test eal_flags_misc_autotest: Sorry, we were not able to find the logs for this test. Download the log output from the CI site for this test run. ==== End log output ==== CentOS Stream 9 Kernel: Depends on container host Compiler: gcc 11.5.0 20240719 (Red Hat 11.5.0-2) CentOS Stream 10 Kernel: Depends on container host Compiler: gcc 14.2.1 20241104 (Red Hat 14.2.1-6) Fedora 40 Kernel: Depends on container host Compiler: gcc 14.2.1 20240912 (Red Hat 14.2.1-3) Debian 12 Kernel: Depends on container host Compiler: gcc (Debian 12.2.0-14) 12.2.0 Debian Bullseye Kernel: Depends on container host Compiler: gcc (Debian 10.2.1-6) 10.2.1 20210110 Fedora 40 (Clang) Kernel: Depends on container host Compiler: clang 18.1.8 (Fedora 18.1.8-1.fc40) Fedora 41 Kernel: Depends on container host Compiler: gcc 14.2.1 20240912 (Red Hat 14.2.1-3) Fedora 41 (Clang) Kernel: Depends on container host Compiler: clang 19.1.5 (Fedora 19.1.5-1.fc41) RHEL8 Kernel: Depends on container host Compiler: gcc 8.5.0 20210514 (Red Hat 8.5.0-22) Ubuntu 24.04 Kernel: Depends on container host Compiler: gcc (Ubuntu 13.3.0-6ubuntu2~24.04) 13.3.0 RHEL9 Kernel: Depends on container host Compiler: gcc 11.5.0 20240719 (Red Hat 11.5.0-2) Ubuntu 22.04 Kernel: Depends on container host Compiler: gcc (Ubuntu 11.4.0-1ubuntu1~22.04) 11.4.0 Ubuntu 20.04 Kernel: Depends on container host Compiler: gcc (Ubuntu 9.4.0-1ubuntu1~20.04.2) 9.4.0 To view detailed results, visit: https://lab.dpdk.org/results/dashboard/patchsets/32556/ UNH-IOL DPDK Community Lab To manage your email subscriptions, visit: https://lab.dpdk.org/results/dashboard/preferences/subscriptions/