automatic DPDK test reports
 help / color / mirror / Atom feed
From: dpdklab@iol.unh.edu
To: Test Report <test-report@dpdk.org>
Cc: dpdk-test-reports@iol.unh.edu
Subject: |SUCCESS| pw151377 [PATCH] examples/l3fwd: adjust Tx burst size base
Date: Wed, 12 Feb 2025 00:03:16 -0800 (PST)	[thread overview]
Message-ID: <67ac55c4.050a0220.860b4.3d37SMTPIN_ADDED_MISSING@mx.google.com> (raw)
In-Reply-To: <20250212045416.2393001-1-sivaprasad.tummala@amd.com>

Test-Label: iol-compile-amd64-testing
Test-Status: SUCCESS
http://dpdk.org/patch/151377

_Testing PASS_

Submitter: Sivaprasad Tummala <Sivaprasad.Tummala@amd.com>
Date: Wednesday, February 12 2025 04:54:16 
DPDK git baseline: Repo:dpdk
  Branch: master
  CommitID:046cca99c3fd03bfb95d3e27a56aab40c2c8f45a

151377 --> testing pass

Upstream job id: Windows-Compile-DPDK-Native#26641

Test environment and result as below:

+---------------------+--------------------+-------------------+-------------------------+----------------------+
|     Environment     | dpdk_meson_compile | dpdk_msvc_compile | dpdk_llvm_clang_compile | dpdk_mingw64_compile |
+=====================+====================+===================+=========================+======================+
| FreeBSD 13.4        | PASS               | SKIPPED           | SKIPPED                 | SKIPPED              |
+---------------------+--------------------+-------------------+-------------------------+----------------------+
| FreeBSD 14.2        | PASS               | SKIPPED           | SKIPPED                 | SKIPPED              |
+---------------------+--------------------+-------------------+-------------------------+----------------------+
| Windows Server 2022 | SKIPPED            | PASS              | PASS                    | PASS                 |
+---------------------+--------------------+-------------------+-------------------------+----------------------+


FreeBSD 13.4
	Kernel: 13.4-RELEASE-p1
	Compiler: clang 18.1.6

FreeBSD 14.2
	Kernel: 14.2-RELEASE
	Compiler: clang 18.1.6

Windows Server 2022
	Kernel: 10.0.20348.2031
	Compiler: clang 15.0.7, gcc 14.1.0 (MinGW), and MSVC VS 19.39.33521

To view detailed results, visit:
https://lab.dpdk.org/results/dashboard/patchsets/32565/

UNH-IOL DPDK Community Lab

To manage your email subscriptions, visit: 
https://lab.dpdk.org/results/dashboard/preferences/subscriptions/

  parent reply	other threads:[~2025-02-12  8:03 UTC|newest]

Thread overview: 20+ messages / expand[flat|nested]  mbox.gz  Atom feed  top
     [not found] <20250212045416.2393001-1-sivaprasad.tummala@amd.com>
2025-02-12  4:27 ` |SUCCESS| pw151377 [PATCH] examples/l3fwd: adjust Tx burst size based on Rx burst qemudev
2025-02-12  4:33 ` |FAILURE| " qemudev
2025-02-12  4:56 ` |SUCCESS| " checkpatch
2025-02-12  6:05 ` 0-day Robot
2025-02-12  6:59 ` |SUCCESS| pw151377 [PATCH] examples/l3fwd: adjust Tx burst size base dpdklab
2025-02-12  7:05 ` |PENDING| " dpdklab
2025-02-12  7:14 ` |SUCCESS| " dpdklab
2025-02-12  7:16 ` dpdklab
2025-02-12  7:20 ` |PENDING| " dpdklab
2025-02-12  7:33 ` dpdklab
2025-02-12  7:35 ` |SUCCESS| " dpdklab
2025-02-12  7:46 ` dpdklab
2025-02-12  7:47 ` dpdklab
2025-02-12  8:03 ` dpdklab [this message]
2025-02-12  8:20 ` dpdklab
2025-02-12  8:38 ` dpdklab
2025-02-12  8:58 ` dpdklab
2025-02-12 10:36 ` dpdklab
2025-02-12 10:55 ` dpdklab
2025-02-12 11:04 ` dpdklab

Reply instructions:

You may reply publicly to this message via plain-text email
using any one of the following methods:

* Save the following mbox file, import it into your mail client,
  and reply-to-all from there: mbox

  Avoid top-posting and favor interleaved quoting:
  https://en.wikipedia.org/wiki/Posting_style#Interleaved_style

* Reply using the --to, --cc, and --in-reply-to
  switches of git-send-email(1):

  git send-email \
    --in-reply-to=67ac55c4.050a0220.860b4.3d37SMTPIN_ADDED_MISSING@mx.google.com \
    --to=dpdklab@iol.unh.edu \
    --cc=dpdk-test-reports@iol.unh.edu \
    --cc=test-report@dpdk.org \
    /path/to/YOUR_REPLY

  https://kernel.org/pub/software/scm/git/docs/git-send-email.html

* If your mail client supports setting the In-Reply-To header
  via mailto: links, try the mailto: link
Be sure your reply has a Subject: header at the top and a blank line before the message body.
This is a public inbox, see mirroring instructions
for how to clone and mirror all data and code used for this inbox;
as well as URLs for NNTP newsgroup(s).