From mboxrd@z Thu Jan 1 00:00:00 1970 Return-Path: Received: from mails.dpdk.org (mails.dpdk.org [217.70.189.124]) by inbox.dpdk.org (Postfix) with ESMTP id CFBB646201 for ; Wed, 12 Feb 2025 10:36:14 +0100 (CET) Received: from mails.dpdk.org (localhost [127.0.0.1]) by mails.dpdk.org (Postfix) with ESMTP id A7B90410FB; Wed, 12 Feb 2025 10:36:14 +0100 (CET) Received: from mail-qk1-f226.google.com (mail-qk1-f226.google.com [209.85.222.226]) by mails.dpdk.org (Postfix) with ESMTP id D3FA640269 for ; Wed, 12 Feb 2025 10:36:13 +0100 (CET) Received: by mail-qk1-f226.google.com with SMTP id af79cd13be357-7c0506ec9b3so430231785a.1 for ; Wed, 12 Feb 2025 01:36:13 -0800 (PST) DKIM-Signature: v=1; a=rsa-sha256; c=relaxed/relaxed; d=iol.unh.edu; s=unh-iol; t=1739352973; x=1739957773; darn=dpdk.org; h=cc:to:from:subject:message-id:date:from:to:cc:subject:date :message-id:reply-to; bh=PM58PZ5dqZG4ByH0d/1p7y5movw1z5TY4CypN9ZhKI0=; b=jSttM99SjCIBVk1aHbeaPN9G/nghF7XCud9xByKG/V7fCdpSprG+yRHkYBtLtkBG1z YNLmYArJBgsqo0VPmZ0ccKEpJlvlvbPZFgHNmPIgnOSGqurEcUSKBfotqd2539iGjFBM tbF+q6mYTnOpkjifYwFKWsGUs5KE+Y8c+qcXg= X-Google-DKIM-Signature: v=1; a=rsa-sha256; c=relaxed/relaxed; d=1e100.net; s=20230601; t=1739352973; x=1739957773; h=cc:to:from:subject:message-id:date:x-gm-message-state:from:to:cc :subject:date:message-id:reply-to; bh=PM58PZ5dqZG4ByH0d/1p7y5movw1z5TY4CypN9ZhKI0=; b=q1NU4KjDjjok/PTKQKL6bGds2P/q7ZnSgEKSY6R/ppKAT/ADM/77rRnXDVrLCxP8qj MWWoor9JSqj3aG+7IaJTHpsEstSKLda5cl7lsrTzQ7jSd3rd0rIj5df+EILXffBLFPeb anscrPGGB0dQWHdH0ugY3kS5FVkI/PKyFmGPm6K+tunKnMsdB+o6mk90h19txy5PvCN7 9BugRsL04qdqVHKtzUR7j+z78UTNkF7cm+ur7UgOb5HzZGn6Z7FKjijfGpXUGgnBWIiB YxUgCCGWsRc3hSg4SypHINzHRcVD9ttUYdnnqEcRAsennQuFUn9imid6Z3e7DWnBWQ2k DHiw== X-Gm-Message-State: AOJu0YzGCE9PL3bUNXXs8Y1JQUdHDUFOpZbLhplBbSw+6fn1nA6RsyS7 2Nl+jzv1CVzES3ak6kDoZsUeOxOg9YKMDIBIl66iKl6xBta50WCw7Mi+xt50wgWZ/zQXXD/gQSl IC/TaMjw44YYdw8up4APtMa7PodZ4+GvZ X-Gm-Gg: ASbGncvv1PjCnEZX5fqmCLNjm7x/Is1974bfKRvEM+5XC2sSi467ddo7YG7/W2GInbn a+mto8WztmBtTkjvO8TJKBe5w+Bsx6dkOXBbcYBSWco+RdbZsKOAw6gCpoyb+ZPfh2eEaO4C+S4 bax8lHn9q8zpsfrXgCTfImVRgdOF5FP1QpMBj0+jMpClEA/8vxIZQQnYrwV9DbSgt5ZqWdW/NBk PxSb6X5qoZpfdu5nm1y0QxGH5e7+nLls7suBSd9xcnymUH+Ul+mOT+IRmLuUoC6ALPUAfrxWcYs 4z4a67ROs1qJK9yZcP8yWu2GIXLy0A== X-Google-Smtp-Source: AGHT+IEbS1Sfg2iK5XSiA58qbAlv+E7rNI4ONSvjbpda0lShdC9hFAMqzoowTctV4BATkt8y4vsl2Y4pxBzm X-Received: by 2002:a05:620a:1990:b0:7c0:650b:73aa with SMTP id af79cd13be357-7c06fc5705cmr328688885a.2.1739352973117; Wed, 12 Feb 2025 01:36:13 -0800 (PST) Received: from postal.iol.unh.edu (postal.iol.unh.edu. [132.177.123.84]) by smtp-relay.gmail.com with ESMTPS id af79cd13be357-7c060884b69sm31967485a.7.2025.02.12.01.36.13 (version=TLS1_2 cipher=ECDHE-ECDSA-AES128-GCM-SHA256 bits=128/128); Wed, 12 Feb 2025 01:36:13 -0800 (PST) X-Relaying-Domain: iol.unh.edu Date: Wed, 12 Feb 2025 01:36:13 -0800 (PST) Message-ID: <67ac6b8d.050a0220.25cae3.124bSMTPIN_ADDED_MISSING@mx.google.com> Received: from [172.21.0.6] (unknown [172.18.0.240]) by postal.iol.unh.edu (Postfix) with ESMTP id C39776052471; Wed, 12 Feb 2025 04:36:12 -0500 (EST) Subject: |WARNING| [GIT MASTER] 7ce7d3341d7e21c2a81f2fea8e451681d7306d77 From: dpdklab@iol.unh.edu To: Test Report Cc: dpdk-test-reports@iol.unh.edu, Xueming Li , Christian Ehrhardt , Kevin Traynor , Luca Boccassi Content-Type: text/plain X-BeenThere: test-report@dpdk.org X-Mailman-Version: 2.1.29 Precedence: list List-Id: automatic DPDK test reports List-Unsubscribe: , List-Archive: List-Post: List-Help: List-Subscribe: , Errors-To: test-report-bounces@dpdk.org _Testing issues_ Branch: tags/v22.11 7ce7d3341d7e21c2a81f2fea8e451681d7306d77 --> testing issues Upstream job id: Generic-DPDK-Compile-Meson#360838 Test environment and result as below: +---------------------+--------------------+-------------------------+----------------------+ | Environment | dpdk_meson_compile | dpdk_llvm_clang_compile | dpdk_mingw64_compile | +=====================+====================+=========================+======================+ | CentOS Stream 9 | PASS | SKIPPED | SKIPPED | +---------------------+--------------------+-------------------------+----------------------+ | Debian 12 | PASS | SKIPPED | SKIPPED | +---------------------+--------------------+-------------------------+----------------------+ | Fedora 40 | PASS | SKIPPED | SKIPPED | +---------------------+--------------------+-------------------------+----------------------+ | Fedora 40 (Clang) | PASS | SKIPPED | SKIPPED | +---------------------+--------------------+-------------------------+----------------------+ | CentOS Stream 10 | PASS | SKIPPED | SKIPPED | +---------------------+--------------------+-------------------------+----------------------+ | Debian Bullseye | PASS | SKIPPED | SKIPPED | +---------------------+--------------------+-------------------------+----------------------+ | RHEL8 | PASS | SKIPPED | SKIPPED | +---------------------+--------------------+-------------------------+----------------------+ | Fedora 41 | PASS | SKIPPED | SKIPPED | +---------------------+--------------------+-------------------------+----------------------+ | RHEL9 | PASS | SKIPPED | SKIPPED | +---------------------+--------------------+-------------------------+----------------------+ | Fedora 41 (Clang) | PASS | SKIPPED | SKIPPED | +---------------------+--------------------+-------------------------+----------------------+ | openSUSE Leap 15 | PASS | SKIPPED | SKIPPED | +---------------------+--------------------+-------------------------+----------------------+ | Ubuntu 22.04 | PASS | SKIPPED | SKIPPED | +---------------------+--------------------+-------------------------+----------------------+ | Ubuntu 24.04 | PASS | SKIPPED | SKIPPED | +---------------------+--------------------+-------------------------+----------------------+ | FreeBSD 13.4 | PASS | SKIPPED | SKIPPED | +---------------------+--------------------+-------------------------+----------------------+ | FreeBSD 14.2 | PASS | SKIPPED | SKIPPED | +---------------------+--------------------+-------------------------+----------------------+ | Ubuntu 20.04 | PASS | SKIPPED | SKIPPED | +---------------------+--------------------+-------------------------+----------------------+ | Windows Server 2022 | SKIPPED | FAIL | PASS | +---------------------+--------------------+-------------------------+----------------------+ ==== 20 line log output for Windows Server 2022 (dpdk_llvm_clang_compile): ==== ..\lib\eal\include/rte_common.h:850:32: note: expanded from macro 'RTE_FMT_TAIL' #define RTE_FMT_TAIL(fmt, ...) __VA_ARGS__ ^~~~~~~~~~~ ..\lib\eal\include/rte_common.h:848:39: note: expanded from macro 'RTE_FMT' #define RTE_FMT(fmt, ...) fmt "%.0s", __VA_ARGS__ "" ^~~~~~~~~~~ ../drivers/crypto/mlx5/mlx5_crypto.c:463:18: note: forward declaration of 'struct mlx5_err_cqe' volatile struct mlx5_err_cqe *cqe = (volatile struct mlx5_err_cqe *) ^ 3 errors generated. [619/788] Compiling C object drivers/libtmp_rte_net_vmxnet3.a.p/net_vmxnet3_vmxnet3_rxtx.c.obj [620/788] Compiling C object drivers/libtmp_rte_net_vmxnet3.a.p/net_vmxnet3_vmxnet3_ethdev.c.obj [621/788] Compiling C object app/dpdk-testpmd.exe.p/test-pmd_cmd_flex_item.c.obj [622/788] Generating rte_net_octeon_ep.pmd.c with a custom command (wrapped by meson to set PATH) [623/788] Compiling C object app/dpdk-testpmd.exe.p/test-pmd_cmdline_tm.c.obj [624/788] Compiling C object drivers/libtmp_rte_net_mlx5.a.p/net_mlx5_mlx5_tx_nompw.c.obj [625/788] Compiling C object app/dpdk-testpmd.exe.p/test-pmd_cmdline_flow.c.obj [626/788] Compiling C object drivers/libtmp_rte_net_mlx5.a.p/net_mlx5_mlx5_tx_empw.c.obj [627/788] Compiling C object drivers/libtmp_rte_net_mlx5.a.p/net_mlx5_mlx5_tx_txpp.c.obj ninja: build stopped: subcommand failed. ==== End log output ==== CentOS Stream 9 Kernel: Depends on container host Compiler: gcc 11.5.0 20240719 (Red Hat 11.5.0-2) Debian 12 Kernel: Depends on container host Compiler: gcc (Debian 12.2.0-14) 12.2.0 Fedora 40 Kernel: Depends on container host Compiler: gcc 14.2.1 20240912 (Red Hat 14.2.1-3) Fedora 40 (Clang) Kernel: Depends on container host Compiler: clang 18.1.8 (Fedora 18.1.8-1.fc40) CentOS Stream 10 Kernel: Depends on container host Compiler: gcc 14.2.1 20241104 (Red Hat 14.2.1-6) Debian Bullseye Kernel: Depends on container host Compiler: gcc (Debian 10.2.1-6) 10.2.1 20210110 RHEL8 Kernel: Depends on container host Compiler: gcc 8.5.0 20210514 (Red Hat 8.5.0-22) Fedora 41 Kernel: Depends on container host Compiler: gcc 14.2.1 20240912 (Red Hat 14.2.1-3) RHEL9 Kernel: Depends on container host Compiler: gcc 11.5.0 20240719 (Red Hat 11.5.0-2) Fedora 41 (Clang) Kernel: Depends on container host Compiler: clang 19.1.5 (Fedora 19.1.5-1.fc41) openSUSE Leap 15 Kernel: Depends on container host Compiler: gcc (SUSE Linux) 7.5.0 Ubuntu 22.04 Kernel: Depends on container host Compiler: gcc (Ubuntu 11.4.0-1ubuntu1~22.04) 11.4.0 Ubuntu 24.04 Kernel: Depends on container host Compiler: gcc (Ubuntu 13.3.0-6ubuntu2~24.04) 13.3.0 FreeBSD 13.4 Kernel: 13.4-RELEASE-p1 Compiler: clang 18.1.6 FreeBSD 14.2 Kernel: 14.2-RELEASE Compiler: clang 18.1.6 Ubuntu 20.04 Kernel: Depends on container host Compiler: gcc (Ubuntu 9.4.0-1ubuntu1~20.04.2) 9.4.0 Windows Server 2022 Kernel: 10.0.20348.2031 Compiler: clang 15.0.7, gcc 14.1.0 (MinGW), and MSVC VS 19.39.33521 To view detailed results, visit: https://lab.dpdk.org/results/dashboard/tarballs/32551/ UNH-IOL DPDK Community Lab To manage your email subscriptions, visit: https://lab.dpdk.org/results/dashboard/preferences/subscriptions/