From mboxrd@z Thu Jan 1 00:00:00 1970 Return-Path: Received: from mails.dpdk.org (mails.dpdk.org [217.70.189.124]) by inbox.dpdk.org (Postfix) with ESMTP id EDBC34620D for ; Thu, 13 Feb 2025 07:20:04 +0100 (CET) Received: from mails.dpdk.org (localhost [127.0.0.1]) by mails.dpdk.org (Postfix) with ESMTP id C6EE9402A3; Thu, 13 Feb 2025 07:20:04 +0100 (CET) Received: from mail-pj1-f100.google.com (mail-pj1-f100.google.com [209.85.216.100]) by mails.dpdk.org (Postfix) with ESMTP id F07D94028C for ; Thu, 13 Feb 2025 07:20:02 +0100 (CET) Received: by mail-pj1-f100.google.com with SMTP id 98e67ed59e1d1-2fbffe0254fso1065509a91.3 for ; Wed, 12 Feb 2025 22:20:02 -0800 (PST) DKIM-Signature: v=1; a=rsa-sha256; c=relaxed/relaxed; d=iol.unh.edu; s=unh-iol; t=1739427602; x=1740032402; darn=dpdk.org; h=cc:to:from:subject:message-id:date:from:to:cc:subject:date :message-id:reply-to; bh=Ua1Az50OY9wlrcQmojwye7cUv/MBNEyUjs9FueUHaJc=; b=dqPF12YyJc3/dp1L5Y+D5H4Vwr9LLTW/RnOtQLO+ixrUy9hhI85PZ3A4odQeve9Use jOM9HHKHpjJBALHZsqqbOI1qFUFL9qhNy/Eh/E2sRrHOm2t0amNSsrNprc7XvFFxXyYp X/6ZKu5TqkyiTwjmSrRtALyAXkSB8DZvBVwXo= X-Google-DKIM-Signature: v=1; a=rsa-sha256; c=relaxed/relaxed; d=1e100.net; s=20230601; t=1739427602; x=1740032402; h=cc:to:from:subject:message-id:date:x-gm-message-state:from:to:cc :subject:date:message-id:reply-to; bh=Ua1Az50OY9wlrcQmojwye7cUv/MBNEyUjs9FueUHaJc=; b=lEUPjhYjtAbPrcWt3BcFkOwTn3eu9uF1tbC3S0uDBpzcolnq9MfCAVXg95SAOtu+IO eCdqXqyfm8/H5JQxseEhHaUfSHSL38gJTl2a9kdSV8nF1pQsEO19VO8/uHkupIaE7vZZ X45gJWM/2VvaB39DidiNDOXOAfDGJ6zPA0BXZM2fiK4mzJkvbJoPH8zk4hkV6w9zcrcu 9QbmJzAeFtYXu3uvyDOCGO158Ztasspj6lRX/99QpEeyeCxhYdQaQZHXL7U2R6YZVM+3 vo1FifkHvhYoMUtld0Qv9lFj4yeRLy3HljVSBx/FbcUXsXlEUyBt4NQi76DzFTr0MHbX t2wA== X-Gm-Message-State: AOJu0YyFaV2T68u3/XoZ1svcn9X7v8bzfJzdK7qhmiAHSkC8/V/Zn5ue nqLDXJMWnoOGNLG3D1eybs4JBoe/hDWqiBgMOvHW0nLr0SCm7iWnvY6Col8EQlbyctsqruF02N7 qn46Fxh9trzUB+ZNZJN4hXa0BjzYVa4W9 X-Gm-Gg: ASbGncs8ZceLIYq5zXe+K9QqQFaGGDMBnWTTlmuUpdCIA3L/MfNd2lNlnv6hnd3t8vu OLhpOatWzLGbZpPe5fFHQ6Yn4lMOuOSdVOFx4uNhv+9D5UKR5aSyxr50PJ4WpIC1Zv3XvVUwlq8 hgxyM2c++VlN/Lc6vgug5gTricAV2mfOuZGxv/MoBNj7YzcPwatkMkun7w2elzOZCKqHuoxhNNV LTvBzZDR5Y+h4lLDXRvvot7g7YsSF1jM/iS/NXwkWY6AOfccirDvSjKHpogHT7b3GoUZC+RCY0i xhx841uyXOer5FVmNfjn+AS/ydO2tA== X-Google-Smtp-Source: AGHT+IFSI6jIPf1YGh7VMKzHFE+SjFIOMBifLyqnXL2fatpdSbjW1fhwm0iuKVMygrYXAowGhc7XlERjgjX2 X-Received: by 2002:a05:6a00:1d9a:b0:732:1f45:fcca with SMTP id d2e1a72fcca58-7322c411718mr11035029b3a.21.1739427601843; Wed, 12 Feb 2025 22:20:01 -0800 (PST) Received: from postal.iol.unh.edu (postal.iol.unh.edu. [132.177.123.84]) by smtp-relay.gmail.com with ESMTPS id d2e1a72fcca58-7324256df7dsm46136b3a.8.2025.02.12.22.20.01 (version=TLS1_2 cipher=ECDHE-ECDSA-AES128-GCM-SHA256 bits=128/128); Wed, 12 Feb 2025 22:20:01 -0800 (PST) X-Relaying-Domain: iol.unh.edu Date: Wed, 12 Feb 2025 22:20:01 -0800 (PST) Message-ID: <67ad8f11.050a0220.227ac6.2690SMTPIN_ADDED_MISSING@mx.google.com> Received: from [172.21.0.7] (unknown [172.18.0.240]) by postal.iol.unh.edu (Postfix) with ESMTP id EBD626052471; Thu, 13 Feb 2025 01:20:00 -0500 (EST) Subject: |WARNING| [GIT MASTER] 7ce7d3341d7e21c2a81f2fea8e451681d7306d77 From: dpdklab@iol.unh.edu To: Test Report Cc: dpdk-test-reports@iol.unh.edu, Xueming Li , Christian Ehrhardt , Kevin Traynor , Luca Boccassi Content-Type: text/plain X-BeenThere: test-report@dpdk.org X-Mailman-Version: 2.1.29 Precedence: list List-Id: automatic DPDK test reports List-Unsubscribe: , List-Archive: List-Post: List-Help: List-Subscribe: , Errors-To: test-report-bounces@dpdk.org _Testing issues_ Branch: tags/v22.11 7ce7d3341d7e21c2a81f2fea8e451681d7306d77 --> testing issues Upstream job id: Windows-Compile-DPDK-Native#26650 Test environment and result as below: +---------------------+--------------------+-------------------------+ | Environment | dpdk_meson_compile | dpdk_llvm_clang_compile | +=====================+====================+=========================+ | Debian 12 | PEND | SKIPPED | +---------------------+--------------------+-------------------------+ | CentOS Stream 10 | PEND | SKIPPED | +---------------------+--------------------+-------------------------+ | Debian Bullseye | PEND | SKIPPED | +---------------------+--------------------+-------------------------+ | Fedora 40 (Clang) | PEND | SKIPPED | +---------------------+--------------------+-------------------------+ | CentOS Stream 9 | PEND | SKIPPED | +---------------------+--------------------+-------------------------+ | openSUSE Leap 15 | PEND | SKIPPED | +---------------------+--------------------+-------------------------+ | RHEL8 | PEND | SKIPPED | +---------------------+--------------------+-------------------------+ | Fedora 41 (Clang) | PEND | SKIPPED | +---------------------+--------------------+-------------------------+ | Fedora 41 | PEND | SKIPPED | +---------------------+--------------------+-------------------------+ | RHEL9 | PEND | SKIPPED | +---------------------+--------------------+-------------------------+ | Fedora 40 | PEND | SKIPPED | +---------------------+--------------------+-------------------------+ | Ubuntu 20.04 | PEND | SKIPPED | +---------------------+--------------------+-------------------------+ | FreeBSD 13.4 | PASS | SKIPPED | +---------------------+--------------------+-------------------------+ | Ubuntu 24.04 | PEND | SKIPPED | +---------------------+--------------------+-------------------------+ | Ubuntu 22.04 | PEND | SKIPPED | +---------------------+--------------------+-------------------------+ | FreeBSD 14.2 | PASS | SKIPPED | +---------------------+--------------------+-------------------------+ | Windows Server 2022 | SKIPPED | FAIL | +---------------------+--------------------+-------------------------+ ==== 20 line log output for Windows Server 2022 (dpdk_llvm_clang_compile): ==== ..\lib\eal\include/rte_common.h:850:32: note: expanded from macro 'RTE_FMT_TAIL' #define RTE_FMT_TAIL(fmt, ...) __VA_ARGS__ ^~~~~~~~~~~ ..\lib\eal\include/rte_common.h:848:39: note: expanded from macro 'RTE_FMT' #define RTE_FMT(fmt, ...) fmt "%.0s", __VA_ARGS__ "" ^~~~~~~~~~~ ../drivers/crypto/mlx5/mlx5_crypto.c:463:18: note: forward declaration of 'struct mlx5_err_cqe' volatile struct mlx5_err_cqe *cqe = (volatile struct mlx5_err_cqe *) ^ 3 errors generated. [626/788] Compiling C object drivers/libtmp_rte_net_vmxnet3.a.p/net_vmxnet3_vmxnet3_ethdev.c.obj [627/788] Compiling C object drivers/libtmp_rte_net_vmxnet3.a.p/net_vmxnet3_vmxnet3_rxtx.c.obj [628/788] Compiling C object drivers/libtmp_rte_crypto_mlx5.a.p/crypto_mlx5_mlx5_crypto_dek.c.obj [629/788] Compiling C object app/dpdk-testpmd.exe.p/test-pmd_cmd_flex_item.c.obj [630/788] Generating rte_net_octeon_ep.pmd.c with a custom command (wrapped by meson to set PATH) [631/788] Compiling C object drivers/libtmp_rte_net_mlx5.a.p/net_mlx5_mlx5_tx_nompw.c.obj [632/788] Compiling C object drivers/libtmp_rte_net_mlx5.a.p/net_mlx5_mlx5_tx_empw.c.obj [633/788] Compiling C object app/test/dpdk-test.exe.p/test_cryptodev.c.obj [634/788] Compiling C object drivers/libtmp_rte_net_mlx5.a.p/net_mlx5_mlx5_tx_txpp.c.obj ninja: build stopped: subcommand failed. ==== End log output ==== Debian 12 Kernel: Depends on container host Compiler: gcc (Debian 12.2.0-14) 12.2.0 CentOS Stream 10 Kernel: Depends on container host Compiler: gcc 14.2.1 20241104 (Red Hat 14.2.1-6) Debian Bullseye Kernel: Depends on container host Compiler: gcc (Debian 10.2.1-6) 10.2.1 20210110 Fedora 40 (Clang) Kernel: Depends on container host Compiler: clang 18.1.8 (Fedora 18.1.8-1.fc40) CentOS Stream 9 Kernel: Depends on container host Compiler: gcc 11.5.0 20240719 (Red Hat 11.5.0-2) openSUSE Leap 15 Kernel: Depends on container host Compiler: gcc (SUSE Linux) 7.5.0 RHEL8 Kernel: Depends on container host Compiler: gcc 8.5.0 20210514 (Red Hat 8.5.0-22) Fedora 41 (Clang) Kernel: Depends on container host Compiler: clang 19.1.5 (Fedora 19.1.5-1.fc41) Fedora 41 Kernel: Depends on container host Compiler: gcc 14.2.1 20240912 (Red Hat 14.2.1-3) RHEL9 Kernel: Depends on container host Compiler: gcc 11.5.0 20240719 (Red Hat 11.5.0-2) Fedora 40 Kernel: Depends on container host Compiler: gcc 14.2.1 20240912 (Red Hat 14.2.1-3) Ubuntu 20.04 Kernel: Depends on container host Compiler: gcc (Ubuntu 9.4.0-1ubuntu1~20.04.2) 9.4.0 FreeBSD 13.4 Kernel: 13.4-RELEASE-p1 Compiler: clang 18.1.6 Ubuntu 24.04 Kernel: Depends on container host Compiler: gcc (Ubuntu 13.3.0-6ubuntu2~24.04) 13.3.0 Ubuntu 22.04 Kernel: Depends on container host Compiler: gcc (Ubuntu 11.4.0-1ubuntu1~22.04) 11.4.0 FreeBSD 14.2 Kernel: 14.2-RELEASE Compiler: clang 18.1.6 Windows Server 2022 Kernel: 10.0.20348.2031 Compiler: clang 15.0.7, gcc 14.1.0 (MinGW), and MSVC VS 19.39.33521 To view detailed results, visit: https://lab.dpdk.org/results/dashboard/tarballs/32559/ UNH-IOL DPDK Community Lab To manage your email subscriptions, visit: https://lab.dpdk.org/results/dashboard/preferences/subscriptions/