From mboxrd@z Thu Jan 1 00:00:00 1970 Return-Path: Received: from mails.dpdk.org (mails.dpdk.org [217.70.189.124]) by inbox.dpdk.org (Postfix) with ESMTP id 6CD334620F for ; Thu, 13 Feb 2025 08:31:38 +0100 (CET) Received: from mails.dpdk.org (localhost [127.0.0.1]) by mails.dpdk.org (Postfix) with ESMTP id 650CA402A3; Thu, 13 Feb 2025 08:31:38 +0100 (CET) Received: from mail-qv1-f99.google.com (mail-qv1-f99.google.com [209.85.219.99]) by mails.dpdk.org (Postfix) with ESMTP id 2A20D4028C for ; Thu, 13 Feb 2025 08:31:37 +0100 (CET) Received: by mail-qv1-f99.google.com with SMTP id 6a1803df08f44-6e46269d2c2so8316776d6.3 for ; Wed, 12 Feb 2025 23:31:37 -0800 (PST) DKIM-Signature: v=1; a=rsa-sha256; c=relaxed/relaxed; d=iol.unh.edu; s=unh-iol; t=1739431896; x=1740036696; darn=dpdk.org; h=cc:to:from:subject:message-id:date:from:to:cc:subject:date :message-id:reply-to; bh=nEEITNkD5MJk4xHTy00G2mhyqfFWM63v25PN1jdxyJM=; b=f4mrbj4czocixd2ctizHHfPj278hxyGyd0ceNLqaBQ2kl5CRjaJXvGpIDkpaJEcbu5 2/xXYycBa245xEq636c2gQlO1/F49A8C5w9NmKZ8XozWg82GNEtuEjyg+bfUozCzT/Rd h6+jVnMb7X/wF+nli6lSzl4isg/6RLYXaznYw= X-Google-DKIM-Signature: v=1; a=rsa-sha256; c=relaxed/relaxed; d=1e100.net; s=20230601; t=1739431896; x=1740036696; h=cc:to:from:subject:message-id:date:x-gm-message-state:from:to:cc :subject:date:message-id:reply-to; bh=nEEITNkD5MJk4xHTy00G2mhyqfFWM63v25PN1jdxyJM=; b=wccoC56BlvWr4KxFSaOCCqbypXRtWK8IoAN+dm5nS3Xrse7aiU2/6ul24kwmLAT+oU W2OsIn2BUlVGrJ3SBfvYpYhVZ8b8PDQZv+pkm9FCY9L4c2wzzHYBIcYIwUAlG3Q5OaXp jGvpDsm7jzYgQIR2Wuuqv6ImMWaqIVJ1q/kOxZHdMSSN5pjwXyBPYoJ7nJwKdXIuVjC6 wOUcamnNNjY1vMeE50GsLMpjJCW+oaEA2360Adj7X1GyELxAN7oSX19oQVm4wTL9OlA7 oBghcLHaNZpDuOeMGHXwn6fEx2Fd7jPiQTX/xazdelQTrI5CGMIP5BHHpLCM5LAj6kik UDqA== X-Gm-Message-State: AOJu0YzGUIHC9rdyPhgOBIx9yrbIkisxIMsiz2mZ1atw1YsTSyt/lnJZ nLyAi/RUE7C8qoQ8UYZqlbdsDMZ+96V1WIEmDSPu9gci6LieNSCwIiVI3DDyOrOQMU/rTjqBVrA Df7AYFgWBu5V+RMkk/dolECsUBSI6wsoOamyJTTRlwxj8uVlp X-Gm-Gg: ASbGncs40RHy9+Py5V31tcBJSju5eQttW43tHn0MfJom5mQIOHmxwcdYioSBbqXk+Ys OMF8KP2s8k90yd5j8MFhSlT8UcP2Olv/m/fKyg+/NNfkkJgLBkTgJdEpJDvAVGclRK47m62Q9CR Mal8V3Paxr9vXrSp3eGEYeTm90shhmUjat9Vph/LvlKszkJqJus1oMYx1qrjAn/uPSIOSatVzTJ LauEfCefhiz7Fm2IIKWHltiv0kanx6wWj1AyxBHnBlP1pYjxWwDi6hwGPwuuLWUAp4EVCfCvdy0 F9IgbFad8DHz+oF85NiAr5vxQMqWgwp2HdbRHDd8ZQ== X-Google-Smtp-Source: AGHT+IHxcX6/39Bwgh0J79pwrGQMRv8HcfBmZ9OGvzQ3ZoRby7aIICx2VR2mHDjsyX/f+3PGvGdTh0lvKqgM X-Received: by 2002:a05:6214:5186:b0:6e6:5bb2:c1a6 with SMTP id 6a1803df08f44-6e65c184275mr55112796d6.28.1739431896569; Wed, 12 Feb 2025 23:31:36 -0800 (PST) Received: from postal.iol.unh.edu (postal.iol.unh.edu. [2606:4100:3880:1234::84]) by smtp-relay.gmail.com with ESMTPS id 6a1803df08f44-6e65d7a3528sm416626d6.58.2025.02.12.23.31.36 (version=TLS1_2 cipher=ECDHE-ECDSA-AES128-GCM-SHA256 bits=128/128); Wed, 12 Feb 2025 23:31:36 -0800 (PST) X-Relaying-Domain: iol.unh.edu Date: Wed, 12 Feb 2025 23:31:36 -0800 (PST) Message-ID: <67ad9fd8.050a0220.cfc93.22b6SMTPIN_ADDED_MISSING@mx.google.com> Received: from [172.21.0.5] (unknown [172.18.0.240]) by postal.iol.unh.edu (Postfix) with ESMTP id 472896052471; Thu, 13 Feb 2025 02:31:36 -0500 (EST) Subject: |FAILURE| [GIT MASTER] 7ce7d3341d7e21c2a81f2fea8e451681d7306d77 From: dpdklab@iol.unh.edu To: Test Report Cc: dpdk-test-reports@iol.unh.edu, Xueming Li , Christian Ehrhardt , Kevin Traynor , Luca Boccassi Content-Type: text/plain X-BeenThere: test-report@dpdk.org X-Mailman-Version: 2.1.29 Precedence: list List-Id: automatic DPDK test reports List-Unsubscribe: , List-Archive: List-Post: List-Help: List-Subscribe: , Errors-To: test-report-bounces@dpdk.org _Testing issues_ Branch: tags/v22.11 7ce7d3341d7e21c2a81f2fea8e451681d7306d77 --> testing issues Upstream job id: Generic-Unit-Test-DPDK#314475 Test environment and result as below: +---------------------+----------------+ | Environment | dpdk_unit_test | +=====================+================+ | Fedora 40 (Clang) | FAIL | +---------------------+----------------+ | Debian Bullseye | FAIL | +---------------------+----------------+ | Fedora 40 | FAIL | +---------------------+----------------+ | CentOS Stream 10 | FAIL | +---------------------+----------------+ | RHEL9 | FAIL | +---------------------+----------------+ | CentOS Stream 9 | FAIL | +---------------------+----------------+ | Debian 12 | FAIL | +---------------------+----------------+ | Fedora 41 | FAIL | +---------------------+----------------+ | Ubuntu 20.04 | FAIL | +---------------------+----------------+ | Ubuntu 24.04 | FAIL | +---------------------+----------------+ | Ubuntu 22.04 | FAIL | +---------------------+----------------+ | Fedora 41 (Clang) | FAIL | +---------------------+----------------+ | RHEL8 | FAIL | +---------------------+----------------+ | Windows Server 2022 | FAIL | +---------------------+----------------+ ==== Unit test summary for Windows Server 2022 (dpdk_unit_test): ==== Failed to get the unit test results. Displaying the unit test results is not supported for some environments, such as our aarch32 testing, where meson is not used to run the tests. Download the logs available on our CI site. ==== End log output ==== Fedora 40 (Clang) Kernel: Depends on container host Compiler: clang 18.1.8 (Fedora 18.1.8-1.fc40) Debian Bullseye Kernel: Depends on container host Compiler: gcc (Debian 10.2.1-6) 10.2.1 20210110 Fedora 40 Kernel: Depends on container host Compiler: gcc 14.2.1 20240912 (Red Hat 14.2.1-3) CentOS Stream 10 Kernel: Depends on container host Compiler: gcc 14.2.1 20241104 (Red Hat 14.2.1-6) RHEL9 Kernel: Depends on container host Compiler: gcc 11.5.0 20240719 (Red Hat 11.5.0-2) CentOS Stream 9 Kernel: Depends on container host Compiler: gcc 11.5.0 20240719 (Red Hat 11.5.0-2) Debian 12 Kernel: Depends on container host Compiler: gcc (Debian 12.2.0-14) 12.2.0 Fedora 41 Kernel: Depends on container host Compiler: gcc 14.2.1 20240912 (Red Hat 14.2.1-3) Ubuntu 20.04 Kernel: Depends on container host Compiler: gcc (Ubuntu 9.4.0-1ubuntu1~20.04.2) 9.4.0 Ubuntu 24.04 Kernel: Depends on container host Compiler: gcc (Ubuntu 13.3.0-6ubuntu2~24.04) 13.3.0 Ubuntu 22.04 Kernel: Depends on container host Compiler: gcc (Ubuntu 11.4.0-1ubuntu1~22.04) 11.4.0 Fedora 41 (Clang) Kernel: Depends on container host Compiler: clang 19.1.5 (Fedora 19.1.5-1.fc41) RHEL8 Kernel: Depends on container host Compiler: gcc 8.5.0 20210514 (Red Hat 8.5.0-22) Windows Server 2022 Kernel: 10.0.20348.2031 Compiler: clang 15.0.7, gcc 14.1.0 (MinGW), and MSVC VS 19.39.33521 To view detailed results, visit: https://lab.dpdk.org/results/dashboard/tarballs/32559/ UNH-IOL DPDK Community Lab To manage your email subscriptions, visit: https://lab.dpdk.org/results/dashboard/preferences/subscriptions/