From mboxrd@z Thu Jan 1 00:00:00 1970 Return-Path: Received: from mails.dpdk.org (mails.dpdk.org [217.70.189.124]) by inbox.dpdk.org (Postfix) with ESMTP id 4D74B4620F for ; Thu, 13 Feb 2025 09:16:58 +0100 (CET) Received: from mails.dpdk.org (localhost [127.0.0.1]) by mails.dpdk.org (Postfix) with ESMTP id 277C2402A3; Thu, 13 Feb 2025 09:16:58 +0100 (CET) Received: from mail-qt1-f227.google.com (mail-qt1-f227.google.com [209.85.160.227]) by mails.dpdk.org (Postfix) with ESMTP id 8018A4028C for ; Thu, 13 Feb 2025 09:16:57 +0100 (CET) Received: by mail-qt1-f227.google.com with SMTP id d75a77b69052e-471c8bdabcfso799301cf.2 for ; Thu, 13 Feb 2025 00:16:57 -0800 (PST) DKIM-Signature: v=1; a=rsa-sha256; c=relaxed/relaxed; d=iol.unh.edu; s=unh-iol; t=1739434617; x=1740039417; darn=dpdk.org; h=cc:to:from:subject:message-id:date:from:to:cc:subject:date :message-id:reply-to; bh=EXSzw/X2PPH00/QB2aMbyCUSATBiOreiyOnflr6FYQQ=; b=Fh1+2ba7x4uSam/KomNCAZmhjEEUZPSguV0lG7HQAJc9ac8GmmMCavSW8ljF8Z72iC +a7HkLKHFoNqnbolHxzmAMLuX8PJqZL6HMc0smNwXA2USpmjUTxeBwTXGggKhvHx8KtI hoTKVUELsY6V2MGbWvrlqzHX3RIA3yyw0/NG8= X-Google-DKIM-Signature: v=1; a=rsa-sha256; c=relaxed/relaxed; d=1e100.net; s=20230601; t=1739434617; x=1740039417; h=cc:to:from:subject:message-id:date:x-gm-message-state:from:to:cc :subject:date:message-id:reply-to; bh=EXSzw/X2PPH00/QB2aMbyCUSATBiOreiyOnflr6FYQQ=; b=SrUkCxm3uOwn3WjcDXaLvYrGbxC7Qz5Pqk60rH+UO+dZ3EH79xgtDlU6N9B3ALCizZ 098GuHZdvJUrg8Q9h29y+KFi+YmyK4StiszVcPuy+F14MMUVpfQYWq5Wr5akxF5ZKw+6 FmpBKMuyJWtRbo0NLlldw+dwRHjKxhYZyGj3SOZSEBCFGHxVfdFILQU1Oignt0hXAZ9p gj7GgmF9C8UDjsAU4BWTeJ+8fycFsLIMfoE5Yhe6ZVNGI0YoPf1nZxYI7HuyWOj4jVWD HN6OcqdrQcCr/5uNJ1dCS00LdMy0Pol/kdGgE6qANUrQBnSZhD4SXkH3IqgmR3KVTQhn X62Q== X-Gm-Message-State: AOJu0YyV1EciV2kdYh8W7LF0/+3bv98IMPmEU6KGggc6m7ILnpQjP/ps XwlzfCoARX6ZaW6bq1Opk9H/DEldtbChppVzPrVjA4SdlDUwfiY1wOsrytuaLnPbxPiY98w5Mja /M8nA6j0pIZFZQPIL3V55PL4YggP9UiGR X-Gm-Gg: ASbGncu0wKRjosYj8nJ+xRAtR/96fs5l0hUsIyECD3oWe4Fsu/wj78D/3eMUEdgjEVD 8UGnwEwb0/UX+KPrzf4zMN/7kWQksSqTlvhE0wN1wDNfCUc+0vQjrF+VBYVQZe5H/Z7EE9EJkm/ FyORGJ+peGNm3AYQ3xFC0pMFUlUIY47c22QiaM742loUPS00koh/x4QZTm4LTeZUqq6d0xF0Z3C /wGjX93DT7b34NeqWQK4kKtjnhQkAvNdhr8uwe3nX+7EKP/6HAsZpOK8XuJbtNqone5614eKs/f 4xXcCkoyaSBGqbJXF6BHZuR+QVLoWw== X-Google-Smtp-Source: AGHT+IF0dMEYCdba0N73+TbdDGdM2ZrxcrDT/g1HpvoAep8oTIScqNPmEq22s1DY4bFc7iK88U0laF214qiS X-Received: by 2002:a05:622a:590f:b0:471:baf2:4b9c with SMTP id d75a77b69052e-471bebf135cmr42204901cf.0.1739434616821; Thu, 13 Feb 2025 00:16:56 -0800 (PST) Received: from postal.iol.unh.edu (postal.iol.unh.edu. [132.177.123.84]) by smtp-relay.gmail.com with ESMTPS id d75a77b69052e-471c2afd522sm279451cf.15.2025.02.13.00.16.56 (version=TLS1_2 cipher=ECDHE-ECDSA-AES128-GCM-SHA256 bits=128/128); Thu, 13 Feb 2025 00:16:56 -0800 (PST) X-Relaying-Domain: iol.unh.edu Date: Thu, 13 Feb 2025 00:16:56 -0800 (PST) Message-ID: <67adaa78.050a0220.1ccb50.1b8eSMTPIN_ADDED_MISSING@mx.google.com> Received: from [172.21.0.6] (unknown [172.18.0.240]) by postal.iol.unh.edu (Postfix) with ESMTP id 66E4C6052471; Thu, 13 Feb 2025 03:16:56 -0500 (EST) Subject: |WARNING| [GIT MASTER] 7ce7d3341d7e21c2a81f2fea8e451681d7306d77 From: dpdklab@iol.unh.edu To: Test Report Cc: dpdk-test-reports@iol.unh.edu, Xueming Li , Christian Ehrhardt , Kevin Traynor , Luca Boccassi Content-Type: text/plain X-BeenThere: test-report@dpdk.org X-Mailman-Version: 2.1.29 Precedence: list List-Id: automatic DPDK test reports List-Unsubscribe: , List-Archive: List-Post: List-Help: List-Subscribe: , Errors-To: test-report-bounces@dpdk.org _Testing issues_ Branch: tags/v22.11 7ce7d3341d7e21c2a81f2fea8e451681d7306d77 --> testing issues Upstream job id: Generic-DPDK-Compile-Meson#361087 Test environment and result as below: +---------------------+--------------------+-------------------------+----------------------+ | Environment | dpdk_meson_compile | dpdk_llvm_clang_compile | dpdk_mingw64_compile | +=====================+====================+=========================+======================+ | Debian 12 | PASS | SKIPPED | SKIPPED | +---------------------+--------------------+-------------------------+----------------------+ | CentOS Stream 10 | PASS | SKIPPED | SKIPPED | +---------------------+--------------------+-------------------------+----------------------+ | Debian Bullseye | PASS | SKIPPED | SKIPPED | +---------------------+--------------------+-------------------------+----------------------+ | Fedora 40 (Clang) | PASS | SKIPPED | SKIPPED | +---------------------+--------------------+-------------------------+----------------------+ | CentOS Stream 9 | PASS | SKIPPED | SKIPPED | +---------------------+--------------------+-------------------------+----------------------+ | openSUSE Leap 15 | PASS | SKIPPED | SKIPPED | +---------------------+--------------------+-------------------------+----------------------+ | RHEL8 | PASS | SKIPPED | SKIPPED | +---------------------+--------------------+-------------------------+----------------------+ | Fedora 41 (Clang) | PASS | SKIPPED | SKIPPED | +---------------------+--------------------+-------------------------+----------------------+ | Fedora 41 | PASS | SKIPPED | SKIPPED | +---------------------+--------------------+-------------------------+----------------------+ | RHEL9 | PASS | SKIPPED | SKIPPED | +---------------------+--------------------+-------------------------+----------------------+ | Fedora 40 | PASS | SKIPPED | SKIPPED | +---------------------+--------------------+-------------------------+----------------------+ | Ubuntu 20.04 | PASS | SKIPPED | SKIPPED | +---------------------+--------------------+-------------------------+----------------------+ | FreeBSD 13.4 | PASS | SKIPPED | SKIPPED | +---------------------+--------------------+-------------------------+----------------------+ | Ubuntu 24.04 | PASS | SKIPPED | SKIPPED | +---------------------+--------------------+-------------------------+----------------------+ | Ubuntu 22.04 | PASS | SKIPPED | SKIPPED | +---------------------+--------------------+-------------------------+----------------------+ | FreeBSD 14.2 | PASS | SKIPPED | SKIPPED | +---------------------+--------------------+-------------------------+----------------------+ | Windows Server 2022 | SKIPPED | FAIL | PASS | +---------------------+--------------------+-------------------------+----------------------+ ==== 20 line log output for Windows Server 2022 (dpdk_llvm_clang_compile): ==== ..\lib\eal\include/rte_common.h:850:32: note: expanded from macro 'RTE_FMT_TAIL' #define RTE_FMT_TAIL(fmt, ...) __VA_ARGS__ ^~~~~~~~~~~ ..\lib\eal\include/rte_common.h:848:39: note: expanded from macro 'RTE_FMT' #define RTE_FMT(fmt, ...) fmt "%.0s", __VA_ARGS__ "" ^~~~~~~~~~~ ../drivers/crypto/mlx5/mlx5_crypto.c:463:18: note: forward declaration of 'struct mlx5_err_cqe' volatile struct mlx5_err_cqe *cqe = (volatile struct mlx5_err_cqe *) ^ 3 errors generated. [626/788] Compiling C object drivers/libtmp_rte_net_vmxnet3.a.p/net_vmxnet3_vmxnet3_ethdev.c.obj [627/788] Compiling C object drivers/libtmp_rte_net_vmxnet3.a.p/net_vmxnet3_vmxnet3_rxtx.c.obj [628/788] Compiling C object drivers/libtmp_rte_crypto_mlx5.a.p/crypto_mlx5_mlx5_crypto_dek.c.obj [629/788] Compiling C object app/dpdk-testpmd.exe.p/test-pmd_cmd_flex_item.c.obj [630/788] Generating rte_net_octeon_ep.pmd.c with a custom command (wrapped by meson to set PATH) [631/788] Compiling C object drivers/libtmp_rte_net_mlx5.a.p/net_mlx5_mlx5_tx_nompw.c.obj [632/788] Compiling C object drivers/libtmp_rte_net_mlx5.a.p/net_mlx5_mlx5_tx_empw.c.obj [633/788] Compiling C object app/test/dpdk-test.exe.p/test_cryptodev.c.obj [634/788] Compiling C object drivers/libtmp_rte_net_mlx5.a.p/net_mlx5_mlx5_tx_txpp.c.obj ninja: build stopped: subcommand failed. ==== End log output ==== Debian 12 Kernel: Depends on container host Compiler: gcc (Debian 12.2.0-14) 12.2.0 CentOS Stream 10 Kernel: Depends on container host Compiler: gcc 14.2.1 20241104 (Red Hat 14.2.1-6) Debian Bullseye Kernel: Depends on container host Compiler: gcc (Debian 10.2.1-6) 10.2.1 20210110 Fedora 40 (Clang) Kernel: Depends on container host Compiler: clang 18.1.8 (Fedora 18.1.8-1.fc40) CentOS Stream 9 Kernel: Depends on container host Compiler: gcc 11.5.0 20240719 (Red Hat 11.5.0-2) openSUSE Leap 15 Kernel: Depends on container host Compiler: gcc (SUSE Linux) 7.5.0 RHEL8 Kernel: Depends on container host Compiler: gcc 8.5.0 20210514 (Red Hat 8.5.0-22) Fedora 41 (Clang) Kernel: Depends on container host Compiler: clang 19.1.5 (Fedora 19.1.5-1.fc41) Fedora 41 Kernel: Depends on container host Compiler: gcc 14.2.1 20240912 (Red Hat 14.2.1-3) RHEL9 Kernel: Depends on container host Compiler: gcc 11.5.0 20240719 (Red Hat 11.5.0-2) Fedora 40 Kernel: Depends on container host Compiler: gcc 14.2.1 20240912 (Red Hat 14.2.1-3) Ubuntu 20.04 Kernel: Depends on container host Compiler: gcc (Ubuntu 9.4.0-1ubuntu1~20.04.2) 9.4.0 FreeBSD 13.4 Kernel: 13.4-RELEASE-p1 Compiler: clang 18.1.6 Ubuntu 24.04 Kernel: Depends on container host Compiler: gcc (Ubuntu 13.3.0-6ubuntu2~24.04) 13.3.0 Ubuntu 22.04 Kernel: Depends on container host Compiler: gcc (Ubuntu 11.4.0-1ubuntu1~22.04) 11.4.0 FreeBSD 14.2 Kernel: 14.2-RELEASE Compiler: clang 18.1.6 Windows Server 2022 Kernel: 10.0.20348.2031 Compiler: clang 15.0.7, gcc 14.1.0 (MinGW), and MSVC VS 19.39.33521 To view detailed results, visit: https://lab.dpdk.org/results/dashboard/tarballs/32559/ UNH-IOL DPDK Community Lab To manage your email subscriptions, visit: https://lab.dpdk.org/results/dashboard/preferences/subscriptions/