automatic DPDK test reports
 help / color / mirror / Atom feed
From: dpdklab@iol.unh.edu
To: Test Report <test-report@dpdk.org>
Cc: dpdk-test-reports@iol.unh.edu
Subject: |SUCCESS| pw151448-151458 [PATCH] [v1,16/16] net/zxdh: provide meter
Date: Thu, 13 Feb 2025 02:38:11 -0800 (PST)	[thread overview]
Message-ID: <67adcb93.170a0220.100ee7.27d6SMTPIN_ADDED_MISSING@mx.google.com> (raw)
In-Reply-To: <20250213064134.88166-17-wang.junlong1@zte.com.cn>

Test-Label: iol-sample-apps-testing
Test-Status: SUCCESS
http://dpdk.org/patch/151458

_Testing PASS_

Submitter: Junlong Wang <wang.junlong1@zte.com.cn>
Date: Thursday, February 13 2025 06:41:32 
DPDK git baseline: Repo:dpdk
  Branch: master
  CommitID:88e17c88943145bb956b5bf6059a8043dbd33a99

151448-151458 --> testing pass

Upstream job id: Template-DTS-Pipeline#212478

Test environment and result as below:

+--------------------+----------------------+
|    Environment     | compressdev_zlib_pmd |
+====================+======================+
| Ubuntu 22.04 (ARM) | PASS                 |
+--------------------+----------------------+
| Ubuntu 22.04       | PASS                 |
+--------------------+----------------------+


Ubuntu 22.04 (ARM)
	Kernel: 5.15.0-97-generic
	Compiler: gcc gcc (Ubuntu 11.4.0-1ubuntu1~22.04) 11.4.0

Ubuntu 22.04
	Kernel: 5.15.0-100-generic
	Compiler: gcc gcc (Ubuntu 11.4.0-1ubuntu1~22.04) 11.4.0

To view detailed results, visit:
https://lab.dpdk.org/results/dashboard/patchsets/32571/

UNH-IOL DPDK Community Lab

To manage your email subscriptions, visit: 
https://lab.dpdk.org/results/dashboard/preferences/subscriptions/

  parent reply	other threads:[~2025-02-13 10:38 UTC|newest]

Thread overview: 20+ messages / expand[flat|nested]  mbox.gz  Atom feed  top
     [not found] <20250213064134.88166-17-wang.junlong1@zte.com.cn>
2025-02-13  6:23 ` |SUCCESS| pw151448-151458 [PATCH v1 16/16] net/zxdh: provide meter ops implementations qemudev
2025-02-13  6:28 ` qemudev
2025-02-13  6:58 ` |WARNING| pw151458 " checkpatch
2025-02-13  8:05 ` |FAILURE| " 0-day Robot
2025-02-13 10:04 ` |SUCCESS| pw151448-151458 [PATCH] [v1,16/16] net/zxdh: provide meter dpdklab
2025-02-13 10:07 ` dpdklab
2025-02-13 10:16 ` dpdklab
2025-02-13 10:19 ` dpdklab
2025-02-13 10:29 ` dpdklab
2025-02-13 10:38 ` dpdklab [this message]
2025-02-13 10:46 ` dpdklab
2025-02-13 10:58 ` dpdklab
2025-02-13 11:52 ` |PENDING| " dpdklab
2025-02-13 11:55 ` dpdklab
2025-02-13 12:02 ` dpdklab
2025-02-13 12:09 ` |SUCCESS| " dpdklab
2025-02-13 12:18 ` |PENDING| " dpdklab
2025-02-13 12:39 ` |SUCCESS| " dpdklab
2025-02-13 13:57 ` dpdklab
2025-02-13 13:59 ` dpdklab

Reply instructions:

You may reply publicly to this message via plain-text email
using any one of the following methods:

* Save the following mbox file, import it into your mail client,
  and reply-to-all from there: mbox

  Avoid top-posting and favor interleaved quoting:
  https://en.wikipedia.org/wiki/Posting_style#Interleaved_style

* Reply using the --to, --cc, and --in-reply-to
  switches of git-send-email(1):

  git send-email \
    --in-reply-to=67adcb93.170a0220.100ee7.27d6SMTPIN_ADDED_MISSING@mx.google.com \
    --to=dpdklab@iol.unh.edu \
    --cc=dpdk-test-reports@iol.unh.edu \
    --cc=test-report@dpdk.org \
    /path/to/YOUR_REPLY

  https://kernel.org/pub/software/scm/git/docs/git-send-email.html

* If your mail client supports setting the In-Reply-To header
  via mailto: links, try the mailto: link
Be sure your reply has a Subject: header at the top and a blank line before the message body.
This is a public inbox, see mirroring instructions
for how to clone and mirror all data and code used for this inbox;
as well as URLs for NNTP newsgroup(s).