automatic DPDK test reports
 help / color / mirror / Atom feed
From: dpdklab@iol.unh.edu
To: Test Report <test-report@dpdk.org>
Cc: dpdk-test-reports@iol.unh.edu
Subject: |PENDING| pw151448-151458 [PATCH] [v1,16/16] net/zxdh: provide meter
Date: Thu, 13 Feb 2025 03:52:50 -0800 (PST)	[thread overview]
Message-ID: <67addd12.170a0220.11d5c3.3ae6SMTPIN_ADDED_MISSING@mx.google.com> (raw)
In-Reply-To: <20250213064134.88166-17-wang.junlong1@zte.com.cn>

Test-Label: iol-unit-arm64-testing
Test-Status: PENDING
http://dpdk.org/patch/151458

_Testing pending_

Submitter: Junlong Wang <wang.junlong1@zte.com.cn>
Date: Thursday, February 13 2025 06:41:32 
DPDK git baseline: Repo:dpdk
  Branch: master
  CommitID:88e17c88943145bb956b5bf6059a8043dbd33a99

151448-151458 --> testing pending

Upstream job id: Aarch32-Unit-Test#5308

Test environment and result as below:

+-----------------------------+----------------+------------------------------+--------------+---------------------------+
|         Environment         | dpdk_unit_test | cryptodev_sw_snow3g_autotest | lpm_autotest | cryptodev_sw_zuc_autotest |
+=============================+================+==============================+==============+===========================+
| 32-bit Ubuntu 22.04.4 (ARM) | PASS           | SKIPPED                      | SKIPPED      | SKIPPED                   |
+-----------------------------+----------------+------------------------------+--------------+---------------------------+
| Debian 12 (arm)             | SKIPPED        | PEND                         | SKIPPED      | PEND                      |
+-----------------------------+----------------+------------------------------+--------------+---------------------------+
| Ubuntu 20.04 ARM SVE        | SKIPPED        | SKIPPED                      | PEND         | SKIPPED                   |
+-----------------------------+----------------+------------------------------+--------------+---------------------------+


32-bit Ubuntu 22.04.4 (ARM)
	Kernel: 5.15.83+ aarch64
	Compiler: gcc (Ubuntu 11.4.0-1ubuntu1~22.04) 11.4.0

Debian 12 (arm)
	Kernel: Depends on container host
	Compiler: gcc (Debian 12.2.0-14) 12.2.0

Ubuntu 20.04 ARM SVE
	Kernel: Depends on container host
	Compiler: gcc (Ubuntu 10.5.0-1ubuntu1~20.04) 10.5.0

To view detailed results, visit:
https://lab.dpdk.org/results/dashboard/patchsets/32571/

UNH-IOL DPDK Community Lab

To manage your email subscriptions, visit: 
https://lab.dpdk.org/results/dashboard/preferences/subscriptions/

  parent reply	other threads:[~2025-02-13 11:52 UTC|newest]

Thread overview: 23+ messages / expand[flat|nested]  mbox.gz  Atom feed  top
     [not found] <20250213064134.88166-17-wang.junlong1@zte.com.cn>
2025-02-13  6:23 ` |SUCCESS| pw151448-151458 [PATCH v1 16/16] net/zxdh: provide meter ops implementations qemudev
2025-02-13  6:28 ` qemudev
2025-02-13  6:58 ` |WARNING| pw151458 " checkpatch
2025-02-13  8:05 ` |FAILURE| " 0-day Robot
2025-02-13 10:04 ` |SUCCESS| pw151448-151458 [PATCH] [v1,16/16] net/zxdh: provide meter dpdklab
2025-02-13 10:07 ` dpdklab
2025-02-13 10:16 ` dpdklab
2025-02-13 10:19 ` dpdklab
2025-02-13 10:29 ` dpdklab
2025-02-13 10:38 ` dpdklab
2025-02-13 10:46 ` dpdklab
2025-02-13 10:58 ` dpdklab
2025-02-13 11:52 ` dpdklab [this message]
2025-02-13 11:55 ` |PENDING| " dpdklab
2025-02-13 12:02 ` dpdklab
2025-02-13 12:09 ` |SUCCESS| " dpdklab
2025-02-13 12:18 ` |PENDING| " dpdklab
2025-02-13 12:39 ` |SUCCESS| " dpdklab
2025-02-13 13:57 ` dpdklab
2025-02-13 13:59 ` dpdklab
2025-02-13 14:53 ` dpdklab
2025-02-13 15:30 ` dpdklab
2025-02-13 15:33 ` dpdklab

Reply instructions:

You may reply publicly to this message via plain-text email
using any one of the following methods:

* Save the following mbox file, import it into your mail client,
  and reply-to-all from there: mbox

  Avoid top-posting and favor interleaved quoting:
  https://en.wikipedia.org/wiki/Posting_style#Interleaved_style

* Reply using the --to, --cc, and --in-reply-to
  switches of git-send-email(1):

  git send-email \
    --in-reply-to=67addd12.170a0220.11d5c3.3ae6SMTPIN_ADDED_MISSING@mx.google.com \
    --to=dpdklab@iol.unh.edu \
    --cc=dpdk-test-reports@iol.unh.edu \
    --cc=test-report@dpdk.org \
    /path/to/YOUR_REPLY

  https://kernel.org/pub/software/scm/git/docs/git-send-email.html

* If your mail client supports setting the In-Reply-To header
  via mailto: links, try the mailto: link
Be sure your reply has a Subject: header at the top and a blank line before the message body.
This is a public inbox, see mirroring instructions
for how to clone and mirror all data and code used for this inbox;
as well as URLs for NNTP newsgroup(s).