* |SUCCESS| pw151448-151458 [PATCH v1 16/16] net/zxdh: provide meter ops implementations
[not found] <20250213064134.88166-17-wang.junlong1@zte.com.cn>
@ 2025-02-13 6:23 ` qemudev
2025-02-13 6:28 ` qemudev
` (22 subsequent siblings)
23 siblings, 0 replies; 24+ messages in thread
From: qemudev @ 2025-02-13 6:23 UTC (permalink / raw)
To: test-report
Test-Label: loongarch-compilation
Test-Status: SUCCESS
http://dpdk.org/patch/151458
_Compilation OK_
Submitter: Junlong Wang <wang.junlong1@zte.com.cn>
Date: Thu, 13 Feb 2025 14:41:17 +0800
DPDK git baseline: Repo:dpdk-next-net
Branch: main
CommitID: 88e17c88943145bb956b5bf6059a8043dbd33a99
151448-151458 --> meson & ninja build successfully
Test environment and result as below:
+---------------------+----------------+
| Environment | compilation |
+---------------------+----------------+
| Loongnix-Server 8.3 | PASS |
+---------------------+----------------+
Loongnix-Server 8.3
Kernel: 4.19.190+
Compiler: gcc 8.3
^ permalink raw reply [flat|nested] 24+ messages in thread
* |SUCCESS| pw151448-151458 [PATCH v1 16/16] net/zxdh: provide meter ops implementations
[not found] <20250213064134.88166-17-wang.junlong1@zte.com.cn>
2025-02-13 6:23 ` |SUCCESS| pw151448-151458 [PATCH v1 16/16] net/zxdh: provide meter ops implementations qemudev
@ 2025-02-13 6:28 ` qemudev
2025-02-13 6:58 ` |WARNING| pw151458 " checkpatch
` (21 subsequent siblings)
23 siblings, 0 replies; 24+ messages in thread
From: qemudev @ 2025-02-13 6:28 UTC (permalink / raw)
To: test-report
Test-Label: loongarch-unit-testing
Test-Status: SUCCESS
http://dpdk.org/patch/151458
_Unit Testing PASS_
Submitter: Junlong Wang <wang.junlong1@zte.com.cn>
Date: Thu, 13 Feb 2025 14:41:17 +0800
DPDK git baseline: Repo:dpdk-next-net
Branch: main
CommitID: 88e17c88943145bb956b5bf6059a8043dbd33a99
151448-151458 --> testing pass
Test environment and result as below:
+---------------------+----------------+
| Environment | dpdk_unit_test |
+---------------------+----------------+
| Loongnix-Server 8.3 | PASS |
+---------------------+----------------+
Loongnix-Server 8.3
Kernel: 4.19.190+
Compiler: gcc 8.3
Test result details:
1/119 DPDK:fast-tests / acl_autotest OK 3.31s
2/119 DPDK:fast-tests / alarm_autotest OK 1.50s
3/119 DPDK:fast-tests / argparse_autotest OK 0.50s
4/119 DPDK:fast-tests / atomic_autotest OK 7.23s
5/119 DPDK:fast-tests / bitcount_autotest OK 0.31s
6/119 DPDK:fast-tests / bitmap_autotest OK 0.31s
7/119 DPDK:fast-tests / bitops_autotest OK 1.81s
8/119 DPDK:fast-tests / bitratestats_autotest OK 0.31s
9/119 DPDK:fast-tests / bitset_autotest OK 3.08s
10/119 DPDK:fast-tests / bpf_autotest OK 0.30s
11/119 DPDK:fast-tests / bpf_convert_autotest OK 0.31s
12/119 DPDK:fast-tests / byteorder_autotest OK 0.31s
13/119 DPDK:fast-tests / cfgfile_autotest OK 0.31s
14/119 DPDK:fast-tests / cksum_autotest OK 0.31s
15/119 DPDK:fast-tests / cmdline_autotest OK 0.31s
16/119 DPDK:fast-tests / common_autotest OK 1.19s
17/119 DPDK:fast-tests / compressdev_autotest SKIP 0.06s exit status 77
18/119 DPDK:fast-tests / cpuflags_autotest OK 0.30s
19/119 DPDK:fast-tests / crc_autotest OK 0.31s
20/119 DPDK:fast-tests / user_delay_us OK 0.31s
21/119 DPDK:fast-tests / debug_autotest OK 19.63s
22/119 DPDK:fast-tests / devargs_autotest OK 0.30s
23/119 DPDK:fast-tests / dispatcher_autotest OK 2.49s
24/119 DPDK:fast-tests / distributor_autotest OK 1.20s
25/119 DPDK:fast-tests / eal_flags_c_opt_autotest OK 0.78s
26/119 DPDK:fast-tests / eal_flags_main_opt_autotest OK 0.21s
27/119 DPDK:fast-tests / eal_flags_n_opt_autotest OK 0.19s
28/119 DPDK:fast-tests / eal_flags_hpet_autotest OK 0.13s
29/119 DPDK:fast-tests / eal_flags_no_huge_autotest OK 0.21s
30/119 DPDK:fast-tests / eal_flags_a_opt_autotest OK 0.29s
31/119 DPDK:fast-tests / eal_flags_b_opt_autotest OK 0.24s
32/119 DPDK:fast-tests / eal_flags_vdev_opt_autotest OK 0.19s
33/119 DPDK:fast-tests / eal_flags_r_opt_autotest OK 0.18s
34/119 DPDK:fast-tests / eal_flags_mem_autotest OK 0.58s
35/119 DPDK:fast-tests / eal_flags_file_prefix_autotest OK 22.23s
36/119 DPDK:fast-tests / eal_flags_misc_autotest OK 1.02s
37/119 DPDK:fast-tests / eal_fs_autotest OK 0.30s
38/119 DPDK:fast-tests / errno_autotest OK 0.31s
39/119 DPDK:fast-tests / ethdev_link_status OK 0.30s
40/119 DPDK:fast-tests / event_eth_tx_adapter_autotest OK 1.68s
41/119 DPDK:fast-tests / event_ring_autotest OK 0.31s
42/119 DPDK:fast-tests / eventdev_common_autotest OK 0.31s
43/119 DPDK:fast-tests / eventdev_selftest_sw OK 7.11s
44/119 DPDK:fast-tests / fbarray_autotest OK 0.31s
45/119 DPDK:fast-tests / fib_autotest OK 1.20s
46/119 DPDK:fast-tests / fib6_autotest OK 0.98s
47/119 DPDK:fast-tests / func_reentrancy_autotest OK 2.33s
48/119 DPDK:fast-tests / graph_autotest OK 0.31s
49/119 DPDK:fast-tests / node_list_dump OK 0.31s
50/119 DPDK:fast-tests / hash_autotest OK 0.93s
51/119 DPDK:fast-tests / hash_readwrite_func_autotest OK 6.38s
52/119 DPDK:fast-tests / interrupt_autotest OK 1.61s
53/119 DPDK:fast-tests / ipfrag_autotest OK 0.07s
54/119 DPDK:fast-tests / ipsec_autotest SKIP 0.31s exit status 77
55/119 DPDK:fast-tests / kvargs_autotest OK 0.31s
56/119 DPDK:fast-tests / latencystats_autotest OK 0.31s
57/119 DPDK:fast-tests / lcore_var_autotest OK 0.45s
58/119 DPDK:fast-tests / lcores_autotest OK 5.12s
59/119 DPDK:fast-tests / logs_autotest OK 0.31s
60/119 DPDK:fast-tests / lpm_autotest OK 2.37s
61/119 DPDK:fast-tests / lpm6_autotest OK 5.47s
62/119 DPDK:fast-tests / malloc_autotest OK 60.01s
63/119 DPDK:fast-tests / mbuf_autotest OK 4.96s
64/119 DPDK:fast-tests / mcslock_autotest OK 2.57s
65/119 DPDK:fast-tests / member_autotest OK 1.49s
66/119 DPDK:fast-tests / memcpy_autotest OK 6.49s
67/119 DPDK:fast-tests / memory_autotest OK 0.08s
68/119 DPDK:fast-tests / mempool_autotest OK 0.43s
69/119 DPDK:fast-tests / memzone_autotest OK 0.14s
70/119 DPDK:fast-tests / meter_autotest OK 0.19s
71/119 DPDK:fast-tests / metrics_autotest OK 0.19s
72/119 DPDK:fast-tests / multiprocess_autotest OK 0.17s
73/119 DPDK:fast-tests / net_ether_autotest OK 0.85s
74/119 DPDK:fast-tests / net_ipv6_autotest OK 0.19s
75/119 DPDK:fast-tests / pcapng_autotest OK 7.68s
76/119 DPDK:fast-tests / pdcp_autotest SKIP 0.06s exit status 77
77/119 DPDK:fast-tests / pdump_autotest OK 0.32s
78/119 DPDK:fast-tests / per_lcore_autotest OK 0.29s
79/119 DPDK:fast-tests / pflock_autotest OK 1.00s
80/119 DPDK:fast-tests / pie_autotest OK 0.19s
81/119 DPDK:fast-tests / ring_pmd_autotest OK 0.19s
82/119 DPDK:fast-tests / power_autotest OK 0.19s
83/119 DPDK:fast-tests / power_cpufreq_autotest SKIP 0.06s exit status 77
84/119 DPDK:fast-tests / power_intel_uncore_autotest SKIP 0.19s exit status 77
85/119 DPDK:fast-tests / power_kvm_vm_autotest SKIP 0.06s exit status 77
86/119 DPDK:fast-tests / prefetch_autotest OK 0.19s
87/119 DPDK:fast-tests / ptr_compress_autotest OK 0.19s
88/119 DPDK:fast-tests / rawdev_autotest OK 0.19s
89/119 DPDK:fast-tests / rcu_qsbr_autotest OK 0.72s
90/119 DPDK:fast-tests / reorder_autotest OK 0.25s
91/119 DPDK:fast-tests / rib_autotest OK 8.85s
92/119 DPDK:fast-tests / rib6_autotest OK 8.82s
93/119 DPDK:fast-tests / ring_autotest OK 0.22s
94/119 DPDK:fast-tests / rwlock_test1_autotest OK 0.94s
95/119 DPDK:fast-tests / rwlock_rda_autotest OK 5.19s
96/119 DPDK:fast-tests / rwlock_rds_wrm_autotest OK 5.19s
97/119 DPDK:fast-tests / rwlock_rde_wro_autotest OK 5.19s
98/119 DPDK:fast-tests / sched_autotest OK 0.20s
99/119 DPDK:fast-tests / security_autotest OK 0.06s
100/119 DPDK:fast-tests / seqlock_autotest OK 2.20s
101/119 DPDK:fast-tests / service_autotest OK 2.89s
102/119 DPDK:fast-tests / soring_autotest OK 0.46s
103/119 DPDK:fast-tests / spinlock_autotest OK 0.53s
104/119 DPDK:fast-tests / stack_autotest OK 0.86s
105/119 DPDK:fast-tests / stack_lf_autotest SKIP 0.06s exit status 77
106/119 DPDK:fast-tests / string_autotest OK 0.43s
107/119 DPDK:fast-tests / table_autotest OK 7.70s
108/119 DPDK:fast-tests / tailq_autotest OK 0.43s
109/119 DPDK:fast-tests / telemetry_data_autotest OK 0.44s
110/119 DPDK:fast-tests / telemetry_json_autotest OK 0.43s
111/119 DPDK:fast-tests / thash_autotest OK 0.45s
112/119 DPDK:fast-tests / threads_autotest OK 0.62s
113/119 DPDK:fast-tests / ticketlock_autotest OK 0.57s
114/119 DPDK:fast-tests / timer_autotest OK 3.97s
115/119 DPDK:fast-tests / trace_autotest OK 0.43s
116/119 DPDK:fast-tests / trace_autotest_with_traces OK 0.44s
117/119 DPDK:fast-tests / vdev_autotest OK 0.43s
118/119 DPDK:fast-tests / version_autotest OK 0.43s
119/119 DPDK:fast-tests / telemetry_all OK 1.35s
Ok: 112
Expected Fail: 0
Fail: 0
Unexpected Pass: 0
Skipped: 7
Timeout: 0
^ permalink raw reply [flat|nested] 24+ messages in thread
* |WARNING| pw151458 [PATCH v1 16/16] net/zxdh: provide meter ops implementations
[not found] <20250213064134.88166-17-wang.junlong1@zte.com.cn>
2025-02-13 6:23 ` |SUCCESS| pw151448-151458 [PATCH v1 16/16] net/zxdh: provide meter ops implementations qemudev
2025-02-13 6:28 ` qemudev
@ 2025-02-13 6:58 ` checkpatch
2025-02-13 8:05 ` |FAILURE| " 0-day Robot
` (20 subsequent siblings)
23 siblings, 0 replies; 24+ messages in thread
From: checkpatch @ 2025-02-13 6:58 UTC (permalink / raw)
To: test-report; +Cc: Junlong Wang
Test-Label: checkpatch
Test-Status: WARNING
http://dpdk.org/patch/151458
_coding style issues_
WARNING:TYPO_SPELLING: 'invaild' may be misspelled - perhaps 'invalid'?
#829: FILE: drivers/net/zxdh/zxdh_mtr.c:182:
+ "Meter profile param id invaild or null");
WARNING:TYPO_SPELLING: 'unsupport' may be misspelled - perhaps 'unsupported'?
#1473: FILE: drivers/net/zxdh/zxdh_mtr.c:826:
+ " meter id exceed 1024 unsupport ");
total: 0 errors, 2 warnings, 0 checks, 2569 lines checked
__rte_packed_begin and __rte_packed_end should always be used in pairs.
^ permalink raw reply [flat|nested] 24+ messages in thread
* |FAILURE| pw151458 [PATCH v1 16/16] net/zxdh: provide meter ops implementations
[not found] <20250213064134.88166-17-wang.junlong1@zte.com.cn>
` (2 preceding siblings ...)
2025-02-13 6:58 ` |WARNING| pw151458 " checkpatch
@ 2025-02-13 8:05 ` 0-day Robot
2025-02-13 10:04 ` |SUCCESS| pw151448-151458 [PATCH] [v1,16/16] net/zxdh: provide meter dpdklab
` (19 subsequent siblings)
23 siblings, 0 replies; 24+ messages in thread
From: 0-day Robot @ 2025-02-13 8:05 UTC (permalink / raw)
To: test-report; +Cc: wang.junlong1, robot
From: robot@bytheb.org
Test-Label: github-robot: build
Test-Status: FAILURE
http://patchwork.dpdk.org/patch/151458/
_github build: failed_
Build URL: https://github.com/ovsrobot/dpdk/actions/runs/13302271740
Build Logs:
-----------------------Summary of failed steps-----------------------
"Check patches" failed at step Check patches
----------------------End summary of failed steps--------------------
-------------------------------BEGIN LOGS----------------------------
####################################################################################
#### [Begin job log] "Check patches" at step Check patches
####################################################################################
^[[36;1mfailed=^[[0m
^[[36;1mdevtools/check-doc-vs-code.sh upstream/main || failed=true^[[0m
^[[36;1mdevtools/check-meson.py || failed=true^[[0m
^[[36;1mdevtools/check-symbol-maps.sh || failed=true^[[0m
^[[36;1m[ -z "$failed" ]^[[0m
shell: /usr/bin/bash --noprofile --norc -exo pipefail {0}
env:
REF_GIT_BRANCH: main
REF_GIT_REPO: https://dpdk.org/git/dpdk
REF_GIT_TAG: v24.11
##[endgroup]
+ git remote add upstream https://dpdk.org/git/dpdk
+ git fetch upstream main
From https://dpdk.org/git/dpdk
* branch main -> FETCH_HEAD
* [new branch] main -> upstream/main
+ failed=
+ devtools/check-doc-vs-code.sh upstream/main
rte_flow doc out of sync for zxdh
action drop
+ failed=true
+ devtools/check-meson.py
+ devtools/check-symbol-maps.sh
+ '[' -z true ']'
##[error]Process completed with exit code 1.
####################################################################################
#### [End job log] "Check patches" at step Check patches
####################################################################################
--------------------------------END LOGS-----------------------------
^ permalink raw reply [flat|nested] 24+ messages in thread
* |SUCCESS| pw151448-151458 [PATCH] [v1,16/16] net/zxdh: provide meter
[not found] <20250213064134.88166-17-wang.junlong1@zte.com.cn>
` (3 preceding siblings ...)
2025-02-13 8:05 ` |FAILURE| " 0-day Robot
@ 2025-02-13 10:04 ` dpdklab
2025-02-13 10:07 ` dpdklab
` (18 subsequent siblings)
23 siblings, 0 replies; 24+ messages in thread
From: dpdklab @ 2025-02-13 10:04 UTC (permalink / raw)
To: Test Report; +Cc: dpdk-test-reports
Test-Label: iol-intel-Performance
Test-Status: SUCCESS
http://dpdk.org/patch/151458
_Performance Testing PASS_
Submitter: Junlong Wang <wang.junlong1@zte.com.cn>
Date: Thursday, February 13 2025 06:41:32
DPDK git baseline: Repo:dpdk
Branch: master
CommitID:88e17c88943145bb956b5bf6059a8043dbd33a99
151448-151458 --> performance testing pass
Upstream job id: Template-DTS-Pipeline#212469
Test environment and result as below:
Ubuntu 22.04
Kernel: 5.15.0-131-generic
Compiler: gcc (Ubuntu 11.4.0-1ubuntu1~22.04) 11.4.0
NIC: Intel Corporation Ethernet Converged Network Adapter 82599ES 10000 Mbps
Fail/Total: 0/6
Detail performance results:
+----------+-------------+---------+------------+------------------------------+
| num_cpus | num_threads | txd/rxd | frame_size | throughput difference from |
| | | | | expected |
+==========+=============+=========+============+==============================+
| 1 | 2 | 128 | 64 | -1.2% |
+----------+-------------+---------+------------+------------------------------+
| 1 | 2 | 512 | 64 | 0.1% |
+----------+-------------+---------+------------+------------------------------+
| 1 | 2 | 2048 | 64 | -0.0% |
+----------+-------------+---------+------------+------------------------------+
| 1 | 1 | 128 | 64 | -0.5% |
+----------+-------------+---------+------------+------------------------------+
| 1 | 1 | 512 | 64 | -0.2% |
+----------+-------------+---------+------------+------------------------------+
| 1 | 1 | 2048 | 64 | 0.8% |
+----------+-------------+---------+------------+------------------------------+
To view detailed results, visit:
https://lab.dpdk.org/results/dashboard/patchsets/32571/
UNH-IOL DPDK Community Lab
To manage your email subscriptions, visit:
https://lab.dpdk.org/results/dashboard/preferences/subscriptions/
^ permalink raw reply [flat|nested] 24+ messages in thread
* |SUCCESS| pw151448-151458 [PATCH] [v1,16/16] net/zxdh: provide meter
[not found] <20250213064134.88166-17-wang.junlong1@zte.com.cn>
` (4 preceding siblings ...)
2025-02-13 10:04 ` |SUCCESS| pw151448-151458 [PATCH] [v1,16/16] net/zxdh: provide meter dpdklab
@ 2025-02-13 10:07 ` dpdklab
2025-02-13 10:16 ` dpdklab
` (17 subsequent siblings)
23 siblings, 0 replies; 24+ messages in thread
From: dpdklab @ 2025-02-13 10:07 UTC (permalink / raw)
To: Ali Alnubani, Test Report; +Cc: dpdk-test-reports
Test-Label: iol-mellanox-Performance
Test-Status: SUCCESS
http://dpdk.org/patch/151458
_Performance Testing PASS_
Submitter: Junlong Wang <wang.junlong1@zte.com.cn>
Date: Thursday, February 13 2025 06:41:32
DPDK git baseline: Repo:dpdk
Branch: master
CommitID:88e17c88943145bb956b5bf6059a8043dbd33a99
151448-151458 --> performance testing pass
Upstream job id: Template-DTS-Pipeline#212467
Test environment and result as below:
Ubuntu 24.04
Kernel: 6.8.0-45-generic
Compiler: gcc 13.2.0
NIC: NVIDIA Mellanox ConnectX-7 100000 Mbps
Fail/Total: 0/6
Detail performance results:
+------------+---------+----------+-------------+------------------------------+
| frame_size | txd/rxd | num_cpus | num_threads | throughput difference from |
| | | | | expected |
+============+=========+==========+=============+==============================+
| 64 | 1024 | 1 | 1 | 1.2% |
+------------+---------+----------+-------------+------------------------------+
| 128 | 1024 | 1 | 1 | 0.7% |
+------------+---------+----------+-------------+------------------------------+
| 256 | 1024 | 1 | 1 | 1.0% |
+------------+---------+----------+-------------+------------------------------+
| 512 | 1024 | 1 | 1 | 0.1% |
+------------+---------+----------+-------------+------------------------------+
| 1024 | 1024 | 1 | 1 | 0.0% |
+------------+---------+----------+-------------+------------------------------+
| 1518 | 1024 | 1 | 1 | -0.0% |
+------------+---------+----------+-------------+------------------------------+
Ubuntu 24.04
Kernel: 6.8.0-45-generic
Compiler: gcc 13.2.0
NIC: Mellanox ConnectX-6 Lx 25000 Mbps
Fail/Total: 0/6
Detail performance results:
+------------+---------+----------+-------------+------------------------------+
| frame_size | txd/rxd | num_cpus | num_threads | throughput difference from |
| | | | | expected |
+============+=========+==========+=============+==============================+
| 64 | 1024 | 1 | 1 | 0.2% |
+------------+---------+----------+-------------+------------------------------+
| 128 | 1024 | 1 | 1 | 0.2% |
+------------+---------+----------+-------------+------------------------------+
| 256 | 1024 | 1 | 1 | -0.1% |
+------------+---------+----------+-------------+------------------------------+
| 512 | 1024 | 1 | 1 | -0.2% |
+------------+---------+----------+-------------+------------------------------+
| 1024 | 1024 | 1 | 1 | -0.1% |
+------------+---------+----------+-------------+------------------------------+
| 1518 | 1024 | 1 | 1 | 0.2% |
+------------+---------+----------+-------------+------------------------------+
To view detailed results, visit:
https://lab.dpdk.org/results/dashboard/patchsets/32571/
UNH-IOL DPDK Community Lab
To manage your email subscriptions, visit:
https://lab.dpdk.org/results/dashboard/preferences/subscriptions/
^ permalink raw reply [flat|nested] 24+ messages in thread
* |SUCCESS| pw151448-151458 [PATCH] [v1,16/16] net/zxdh: provide meter
[not found] <20250213064134.88166-17-wang.junlong1@zte.com.cn>
` (5 preceding siblings ...)
2025-02-13 10:07 ` dpdklab
@ 2025-02-13 10:16 ` dpdklab
2025-02-13 10:19 ` dpdklab
` (16 subsequent siblings)
23 siblings, 0 replies; 24+ messages in thread
From: dpdklab @ 2025-02-13 10:16 UTC (permalink / raw)
To: Test Report; +Cc: dpdk-test-reports
Test-Label: iol-sample-apps-testing
Test-Status: SUCCESS
http://dpdk.org/patch/151458
_Testing PASS_
Submitter: Junlong Wang <wang.junlong1@zte.com.cn>
Date: Thursday, February 13 2025 06:41:32
DPDK git baseline: Repo:dpdk
Branch: master
CommitID:88e17c88943145bb956b5bf6059a8043dbd33a99
151448-151458 --> testing pass
Upstream job id: Template-DTS-Pipeline#212477
Test environment and result as below:
+--------------------+----------------------+
| Environment | compressdev_zlib_pmd |
+====================+======================+
| Ubuntu 22.04 (ARM) | PASS |
+--------------------+----------------------+
Ubuntu 22.04 (ARM)
Kernel: 5.15.0-97-generic
Compiler: gcc gcc (Ubuntu 11.4.0-1ubuntu1~22.04) 11.4.0
To view detailed results, visit:
https://lab.dpdk.org/results/dashboard/patchsets/32571/
UNH-IOL DPDK Community Lab
To manage your email subscriptions, visit:
https://lab.dpdk.org/results/dashboard/preferences/subscriptions/
^ permalink raw reply [flat|nested] 24+ messages in thread
* |SUCCESS| pw151448-151458 [PATCH] [v1,16/16] net/zxdh: provide meter
[not found] <20250213064134.88166-17-wang.junlong1@zte.com.cn>
` (6 preceding siblings ...)
2025-02-13 10:16 ` dpdklab
@ 2025-02-13 10:19 ` dpdklab
2025-02-13 10:29 ` dpdklab
` (15 subsequent siblings)
23 siblings, 0 replies; 24+ messages in thread
From: dpdklab @ 2025-02-13 10:19 UTC (permalink / raw)
To: Test Report; +Cc: dpdk-test-reports
Test-Label: iol-intel-Functional
Test-Status: SUCCESS
http://dpdk.org/patch/151458
_Functional Testing PASS_
Submitter: Junlong Wang <wang.junlong1@zte.com.cn>
Date: Thursday, February 13 2025 06:41:32
DPDK git baseline: Repo:dpdk
Branch: master
CommitID:88e17c88943145bb956b5bf6059a8043dbd33a99
151448-151458 --> functional testing pass
Upstream job id: Template-DTS-Pipeline#212473
Test environment and result as below:
Ubuntu 22.04
Kernel: 5.15.0-131-generic
Compiler: gcc (Ubuntu 11.4.0-1ubuntu1~22.04) 11.4.0
NIC: Intel Corporation Ethernet Converged Network Adapter 82599ES 10000 Mbps
Aggregate Results by Test Suite
+-----------------------------+--------+
| Test Suite | Result |
+=============================+========+
| unit_tests_mbuf | PASS |
+-----------------------------+--------+
| vhost_virtio_user_interrupt | PASS |
+-----------------------------+--------+
| virtio_smoke | PASS |
+-----------------------------+--------+
To view detailed results, visit:
https://lab.dpdk.org/results/dashboard/patchsets/32571/
UNH-IOL DPDK Community Lab
To manage your email subscriptions, visit:
https://lab.dpdk.org/results/dashboard/preferences/subscriptions/
^ permalink raw reply [flat|nested] 24+ messages in thread
* |SUCCESS| pw151448-151458 [PATCH] [v1,16/16] net/zxdh: provide meter
[not found] <20250213064134.88166-17-wang.junlong1@zte.com.cn>
` (7 preceding siblings ...)
2025-02-13 10:19 ` dpdklab
@ 2025-02-13 10:29 ` dpdklab
2025-02-13 10:38 ` dpdklab
` (14 subsequent siblings)
23 siblings, 0 replies; 24+ messages in thread
From: dpdklab @ 2025-02-13 10:29 UTC (permalink / raw)
To: Test Report; +Cc: dpdk-test-reports
Test-Label: iol-marvell-Functional
Test-Status: SUCCESS
http://dpdk.org/patch/151458
_Functional Testing PASS_
Submitter: Junlong Wang <wang.junlong1@zte.com.cn>
Date: Thursday, February 13 2025 06:41:32
DPDK git baseline: Repo:dpdk
Branch: master
CommitID:88e17c88943145bb956b5bf6059a8043dbd33a99
151448-151458 --> functional testing pass
Upstream job id: Template-DTS-Pipeline#212476
Test environment and result as below:
Ubuntu 20.04.6
Kernel: 5.4.105
Compiler: gcc 9.4
NIC: Marvell CN106XX 50000 Mbps
Target: arm64-native-linuxapp-gcc
Aggregate Results by Test Suite
+-----------------+--------+
| Test Suite | Result |
+=================+========+
| cmdline | PASS |
+-----------------+--------+
| ipv4_reassembly | PASS |
+-----------------+--------+
| rxtx_callbacks | PASS |
+-----------------+--------+
| tso | PASS |
+-----------------+--------+
To view detailed results, visit:
https://lab.dpdk.org/results/dashboard/patchsets/32571/
UNH-IOL DPDK Community Lab
To manage your email subscriptions, visit:
https://lab.dpdk.org/results/dashboard/preferences/subscriptions/
^ permalink raw reply [flat|nested] 24+ messages in thread
* |SUCCESS| pw151448-151458 [PATCH] [v1,16/16] net/zxdh: provide meter
[not found] <20250213064134.88166-17-wang.junlong1@zte.com.cn>
` (8 preceding siblings ...)
2025-02-13 10:29 ` dpdklab
@ 2025-02-13 10:38 ` dpdklab
2025-02-13 10:46 ` dpdklab
` (13 subsequent siblings)
23 siblings, 0 replies; 24+ messages in thread
From: dpdklab @ 2025-02-13 10:38 UTC (permalink / raw)
To: Test Report; +Cc: dpdk-test-reports
Test-Label: iol-sample-apps-testing
Test-Status: SUCCESS
http://dpdk.org/patch/151458
_Testing PASS_
Submitter: Junlong Wang <wang.junlong1@zte.com.cn>
Date: Thursday, February 13 2025 06:41:32
DPDK git baseline: Repo:dpdk
Branch: master
CommitID:88e17c88943145bb956b5bf6059a8043dbd33a99
151448-151458 --> testing pass
Upstream job id: Template-DTS-Pipeline#212478
Test environment and result as below:
+--------------------+----------------------+
| Environment | compressdev_zlib_pmd |
+====================+======================+
| Ubuntu 22.04 (ARM) | PASS |
+--------------------+----------------------+
| Ubuntu 22.04 | PASS |
+--------------------+----------------------+
Ubuntu 22.04 (ARM)
Kernel: 5.15.0-97-generic
Compiler: gcc gcc (Ubuntu 11.4.0-1ubuntu1~22.04) 11.4.0
Ubuntu 22.04
Kernel: 5.15.0-100-generic
Compiler: gcc gcc (Ubuntu 11.4.0-1ubuntu1~22.04) 11.4.0
To view detailed results, visit:
https://lab.dpdk.org/results/dashboard/patchsets/32571/
UNH-IOL DPDK Community Lab
To manage your email subscriptions, visit:
https://lab.dpdk.org/results/dashboard/preferences/subscriptions/
^ permalink raw reply [flat|nested] 24+ messages in thread
* |SUCCESS| pw151448-151458 [PATCH] [v1,16/16] net/zxdh: provide meter
[not found] <20250213064134.88166-17-wang.junlong1@zte.com.cn>
` (9 preceding siblings ...)
2025-02-13 10:38 ` dpdklab
@ 2025-02-13 10:46 ` dpdklab
2025-02-13 10:58 ` dpdklab
` (12 subsequent siblings)
23 siblings, 0 replies; 24+ messages in thread
From: dpdklab @ 2025-02-13 10:46 UTC (permalink / raw)
To: Test Report; +Cc: dpdk-test-reports
Test-Label: iol-intel-Functional
Test-Status: SUCCESS
http://dpdk.org/patch/151458
_Functional Testing PASS_
Submitter: Junlong Wang <wang.junlong1@zte.com.cn>
Date: Thursday, February 13 2025 06:41:32
DPDK git baseline: Repo:dpdk
Branch: master
CommitID:88e17c88943145bb956b5bf6059a8043dbd33a99
151448-151458 --> functional testing pass
Upstream job id: Template-DTS-Pipeline#212475
Test environment and result as below:
Ubuntu 22.04
Kernel: 5.15.0-131-generic
Compiler: gcc (Ubuntu 11.4.0-1ubuntu1~22.04) 11.4.0
NIC: Intel Corporation Ethernet Converged Network Adapter 82599ES 10000 Mbps
Aggregate Results by Test Suite
+-----------------------------+--------+
| Test Suite | Result |
+=============================+========+
| unit_tests_mbuf | PASS |
+-----------------------------+--------+
| vhost_virtio_user_interrupt | PASS |
+-----------------------------+--------+
| virtio_smoke | PASS |
+-----------------------------+--------+
Arm Ampere Altra - Ubuntu 22.04
Kernel: 5.15.83+
Compiler: gcc 11.4
NIC: Intel Corporation QAT 8970 0 Mbps
Aggregate Results by Test Suite
+----------------------------+--------+
| Test Suite | Result |
+============================+========+
| crypto_perf_cryptodev_perf | PASS |
+----------------------------+--------+
To view detailed results, visit:
https://lab.dpdk.org/results/dashboard/patchsets/32571/
UNH-IOL DPDK Community Lab
To manage your email subscriptions, visit:
https://lab.dpdk.org/results/dashboard/preferences/subscriptions/
^ permalink raw reply [flat|nested] 24+ messages in thread
* |SUCCESS| pw151448-151458 [PATCH] [v1,16/16] net/zxdh: provide meter
[not found] <20250213064134.88166-17-wang.junlong1@zte.com.cn>
` (10 preceding siblings ...)
2025-02-13 10:46 ` dpdklab
@ 2025-02-13 10:58 ` dpdklab
2025-02-13 11:52 ` |PENDING| " dpdklab
` (11 subsequent siblings)
23 siblings, 0 replies; 24+ messages in thread
From: dpdklab @ 2025-02-13 10:58 UTC (permalink / raw)
To: Test Report; +Cc: dpdk-test-reports
Test-Label: iol-broadcom-Performance
Test-Status: SUCCESS
http://dpdk.org/patch/151458
_Performance Testing PASS_
Submitter: Junlong Wang <wang.junlong1@zte.com.cn>
Date: Thursday, February 13 2025 06:41:32
DPDK git baseline: Repo:dpdk
Branch: master
CommitID:88e17c88943145bb956b5bf6059a8043dbd33a99
151448-151458 --> performance testing pass
Upstream job id: Template-DTS-Pipeline#212471
Test environment and result as below:
Ubuntu 22.04
Kernel: 5.15.0-100-generic
Compiler: gcc (Ubuntu 11.4.0-1ubuntu1~22.04) 11.4.0
NIC: Broadcom Inc. and subsidiaries BCM57414 NetXtreme-E 10Gb/25Gb RDMA Ethernet Controller 16d7 25 Mbps
Fail/Total: 0/3
Detail performance results:
+------------+---------+----------+-------------+------------------------------+
| frame_size | txd/rxd | num_cpus | num_threads | throughput difference from |
| | | | | expected |
+============+=========+==========+=============+==============================+
| 64 | 128 | 1 | 1 | -1.4% |
+------------+---------+----------+-------------+------------------------------+
| 64 | 512 | 1 | 1 | -1.9% |
+------------+---------+----------+-------------+------------------------------+
| 64 | 2048 | 1 | 1 | -2.1% |
+------------+---------+----------+-------------+------------------------------+
Ubuntu 22.04 ARM
Kernel: 5.15.83+
Compiler: gcc 11.4.0
NIC: Arm Broadcom Inc. brcm_57414 25000 Mbps
Fail/Total: 0/2
Detail performance results:
+------------+---------+----------+-------------+------------------------------+
| frame_size | txd/rxd | num_cpus | num_threads | throughput difference from |
| | | | | expected |
+============+=========+==========+=============+==============================+
| 64 | 512 | 1 | 1 | -0.1% |
+------------+---------+----------+-------------+------------------------------+
| 64 | 2048 | 1 | 1 | -0.1% |
+------------+---------+----------+-------------+------------------------------+
To view detailed results, visit:
https://lab.dpdk.org/results/dashboard/patchsets/32571/
UNH-IOL DPDK Community Lab
To manage your email subscriptions, visit:
https://lab.dpdk.org/results/dashboard/preferences/subscriptions/
^ permalink raw reply [flat|nested] 24+ messages in thread
* |PENDING| pw151448-151458 [PATCH] [v1,16/16] net/zxdh: provide meter
[not found] <20250213064134.88166-17-wang.junlong1@zte.com.cn>
` (11 preceding siblings ...)
2025-02-13 10:58 ` dpdklab
@ 2025-02-13 11:52 ` dpdklab
2025-02-13 11:55 ` dpdklab
` (10 subsequent siblings)
23 siblings, 0 replies; 24+ messages in thread
From: dpdklab @ 2025-02-13 11:52 UTC (permalink / raw)
To: Test Report; +Cc: dpdk-test-reports
Test-Label: iol-unit-arm64-testing
Test-Status: PENDING
http://dpdk.org/patch/151458
_Testing pending_
Submitter: Junlong Wang <wang.junlong1@zte.com.cn>
Date: Thursday, February 13 2025 06:41:32
DPDK git baseline: Repo:dpdk
Branch: master
CommitID:88e17c88943145bb956b5bf6059a8043dbd33a99
151448-151458 --> testing pending
Upstream job id: Aarch32-Unit-Test#5308
Test environment and result as below:
+-----------------------------+----------------+------------------------------+--------------+---------------------------+
| Environment | dpdk_unit_test | cryptodev_sw_snow3g_autotest | lpm_autotest | cryptodev_sw_zuc_autotest |
+=============================+================+==============================+==============+===========================+
| 32-bit Ubuntu 22.04.4 (ARM) | PASS | SKIPPED | SKIPPED | SKIPPED |
+-----------------------------+----------------+------------------------------+--------------+---------------------------+
| Debian 12 (arm) | SKIPPED | PEND | SKIPPED | PEND |
+-----------------------------+----------------+------------------------------+--------------+---------------------------+
| Ubuntu 20.04 ARM SVE | SKIPPED | SKIPPED | PEND | SKIPPED |
+-----------------------------+----------------+------------------------------+--------------+---------------------------+
32-bit Ubuntu 22.04.4 (ARM)
Kernel: 5.15.83+ aarch64
Compiler: gcc (Ubuntu 11.4.0-1ubuntu1~22.04) 11.4.0
Debian 12 (arm)
Kernel: Depends on container host
Compiler: gcc (Debian 12.2.0-14) 12.2.0
Ubuntu 20.04 ARM SVE
Kernel: Depends on container host
Compiler: gcc (Ubuntu 10.5.0-1ubuntu1~20.04) 10.5.0
To view detailed results, visit:
https://lab.dpdk.org/results/dashboard/patchsets/32571/
UNH-IOL DPDK Community Lab
To manage your email subscriptions, visit:
https://lab.dpdk.org/results/dashboard/preferences/subscriptions/
^ permalink raw reply [flat|nested] 24+ messages in thread
* |PENDING| pw151448-151458 [PATCH] [v1,16/16] net/zxdh: provide meter
[not found] <20250213064134.88166-17-wang.junlong1@zte.com.cn>
` (12 preceding siblings ...)
2025-02-13 11:52 ` |PENDING| " dpdklab
@ 2025-02-13 11:55 ` dpdklab
2025-02-13 12:02 ` dpdklab
` (9 subsequent siblings)
23 siblings, 0 replies; 24+ messages in thread
From: dpdklab @ 2025-02-13 11:55 UTC (permalink / raw)
To: Test Report; +Cc: dpdk-test-reports
Test-Label: iol-abi-testing
Test-Status: PENDING
http://dpdk.org/patch/151458
_Testing pending_
Submitter: Junlong Wang <wang.junlong1@zte.com.cn>
Date: Thursday, February 13 2025 06:41:32
DPDK git baseline: Repo:dpdk
Branch: master
CommitID:88e17c88943145bb956b5bf6059a8043dbd33a99
151448-151458 --> testing pending
Upstream job id: Generic-DPDK-Compile-ABI#116023
Test environment and result as below:
+-------------------+----------+
| Environment | abi_test |
+===================+==========+
| CentOS Stream 9 | PASS |
+-------------------+----------+
| CentOS Stream 10 | PEND |
+-------------------+----------+
| Fedora 40 (Clang) | PEND |
+-------------------+----------+
| Debian Bullseye | PEND |
+-------------------+----------+
| Debian 12 | PEND |
+-------------------+----------+
| Fedora 40 | PEND |
+-------------------+----------+
| Fedora 41 (Clang) | PEND |
+-------------------+----------+
| Fedora 41 | PEND |
+-------------------+----------+
| openSUSE Leap 15 | PEND |
+-------------------+----------+
| RHEL8 | PEND |
+-------------------+----------+
| RHEL9 | PEND |
+-------------------+----------+
| Ubuntu 22.04 | PEND |
+-------------------+----------+
| Ubuntu 24.04 | PEND |
+-------------------+----------+
CentOS Stream 9
Kernel: Depends on container host
Compiler: gcc 11.5.0 20240719 (Red Hat 11.5.0-2)
CentOS Stream 10
Kernel: Depends on container host
Compiler: gcc 14.2.1 20241104 (Red Hat 14.2.1-6)
Fedora 40 (Clang)
Kernel: Depends on container host
Compiler: clang 18.1.8 (Fedora 18.1.8-1.fc40)
Debian Bullseye
Kernel: Depends on container host
Compiler: gcc (Debian 10.2.1-6) 10.2.1 20210110
Debian 12
Kernel: Depends on container host
Compiler: gcc (Debian 12.2.0-14) 12.2.0
Fedora 40
Kernel: Depends on container host
Compiler: gcc 14.2.1 20240912 (Red Hat 14.2.1-3)
Fedora 41 (Clang)
Kernel: Depends on container host
Compiler: clang 19.1.5 (Fedora 19.1.5-1.fc41)
Fedora 41
Kernel: Depends on container host
Compiler: gcc 14.2.1 20240912 (Red Hat 14.2.1-3)
openSUSE Leap 15
Kernel: Depends on container host
Compiler: gcc (SUSE Linux) 7.5.0
RHEL8
Kernel: Depends on container host
Compiler: gcc 8.5.0 20210514 (Red Hat 8.5.0-22)
RHEL9
Kernel: Depends on container host
Compiler: gcc 11.5.0 20240719 (Red Hat 11.5.0-2)
Ubuntu 22.04
Kernel: Depends on container host
Compiler: gcc (Ubuntu 11.4.0-1ubuntu1~22.04) 11.4.0
Ubuntu 24.04
Kernel: Depends on container host
Compiler: gcc (Ubuntu 13.3.0-6ubuntu2~24.04) 13.3.0
To view detailed results, visit:
https://lab.dpdk.org/results/dashboard/patchsets/32571/
UNH-IOL DPDK Community Lab
To manage your email subscriptions, visit:
https://lab.dpdk.org/results/dashboard/preferences/subscriptions/
^ permalink raw reply [flat|nested] 24+ messages in thread
* |PENDING| pw151448-151458 [PATCH] [v1,16/16] net/zxdh: provide meter
[not found] <20250213064134.88166-17-wang.junlong1@zte.com.cn>
` (13 preceding siblings ...)
2025-02-13 11:55 ` dpdklab
@ 2025-02-13 12:02 ` dpdklab
2025-02-13 12:09 ` |SUCCESS| " dpdklab
` (8 subsequent siblings)
23 siblings, 0 replies; 24+ messages in thread
From: dpdklab @ 2025-02-13 12:02 UTC (permalink / raw)
To: Test Report; +Cc: dpdk-test-reports
Test-Label: iol-compile-amd64-testing
Test-Status: PENDING
http://dpdk.org/patch/151458
_Testing pending_
Submitter: Junlong Wang <wang.junlong1@zte.com.cn>
Date: Thursday, February 13 2025 06:41:32
DPDK git baseline: Repo:dpdk
Branch: master
CommitID:88e17c88943145bb956b5bf6059a8043dbd33a99
151448-151458 --> testing pending
Upstream job id: Windows-Compile-DPDK-VS#4919
Test environment and result as below:
+---------------------+-------------------+--------------------+
| Environment | dpdk_msvc_compile | dpdk_meson_compile |
+=====================+===================+====================+
| Windows Server 2022 | PASS | SKIPPED |
+---------------------+-------------------+--------------------+
| FreeBSD 14.2 | SKIPPED | PEND |
+---------------------+-------------------+--------------------+
Windows Server 2022
Kernel: 10.0.20348.2031
Compiler: clang 15.0.7, gcc 14.1.0 (MinGW), and MSVC VS 19.39.33521
FreeBSD 14.2
Kernel: 14.2-RELEASE
Compiler: clang 18.1.6
To view detailed results, visit:
https://lab.dpdk.org/results/dashboard/patchsets/32571/
UNH-IOL DPDK Community Lab
To manage your email subscriptions, visit:
https://lab.dpdk.org/results/dashboard/preferences/subscriptions/
^ permalink raw reply [flat|nested] 24+ messages in thread
* |SUCCESS| pw151448-151458 [PATCH] [v1,16/16] net/zxdh: provide meter
[not found] <20250213064134.88166-17-wang.junlong1@zte.com.cn>
` (14 preceding siblings ...)
2025-02-13 12:02 ` dpdklab
@ 2025-02-13 12:09 ` dpdklab
2025-02-13 12:18 ` |PENDING| " dpdklab
` (7 subsequent siblings)
23 siblings, 0 replies; 24+ messages in thread
From: dpdklab @ 2025-02-13 12:09 UTC (permalink / raw)
To: Test Report; +Cc: dpdk-test-reports
Test-Label: iol-compile-amd64-testing
Test-Status: SUCCESS
http://dpdk.org/patch/151458
_Testing PASS_
Submitter: Junlong Wang <wang.junlong1@zte.com.cn>
Date: Thursday, February 13 2025 06:41:32
DPDK git baseline: Repo:dpdk
Branch: master
CommitID:88e17c88943145bb956b5bf6059a8043dbd33a99
151448-151458 --> testing pass
Upstream job id: Generic-VM-DPDK-Compile-Meson#33272
Test environment and result as below:
+---------------------+-------------------+--------------------+
| Environment | dpdk_msvc_compile | dpdk_meson_compile |
+=====================+===================+====================+
| Windows Server 2022 | PASS | SKIPPED |
+---------------------+-------------------+--------------------+
| FreeBSD 14.2 | SKIPPED | PASS |
+---------------------+-------------------+--------------------+
Windows Server 2022
Kernel: 10.0.20348.2031
Compiler: clang 15.0.7, gcc 14.1.0 (MinGW), and MSVC VS 19.39.33521
FreeBSD 14.2
Kernel: 14.2-RELEASE
Compiler: clang 18.1.6
To view detailed results, visit:
https://lab.dpdk.org/results/dashboard/patchsets/32571/
UNH-IOL DPDK Community Lab
To manage your email subscriptions, visit:
https://lab.dpdk.org/results/dashboard/preferences/subscriptions/
^ permalink raw reply [flat|nested] 24+ messages in thread
* |PENDING| pw151448-151458 [PATCH] [v1,16/16] net/zxdh: provide meter
[not found] <20250213064134.88166-17-wang.junlong1@zte.com.cn>
` (15 preceding siblings ...)
2025-02-13 12:09 ` |SUCCESS| " dpdklab
@ 2025-02-13 12:18 ` dpdklab
2025-02-13 12:39 ` |SUCCESS| " dpdklab
` (6 subsequent siblings)
23 siblings, 0 replies; 24+ messages in thread
From: dpdklab @ 2025-02-13 12:18 UTC (permalink / raw)
To: Test Report; +Cc: dpdk-test-reports
Test-Label: iol-unit-amd64-testing
Test-Status: PENDING
http://dpdk.org/patch/151458
_Testing pending_
Submitter: Junlong Wang <wang.junlong1@zte.com.cn>
Date: Thursday, February 13 2025 06:41:32
DPDK git baseline: Repo:dpdk
Branch: master
CommitID:88e17c88943145bb956b5bf6059a8043dbd33a99
151448-151458 --> testing pending
Upstream job id: Generic-VM-Unit-Test-DPDK#27219
Test environment and result as below:
+---------------------+----------------+
| Environment | dpdk_unit_test |
+=====================+================+
| CentOS Stream 10 | PEND |
+---------------------+----------------+
| Debian Bullseye | PEND |
+---------------------+----------------+
| CentOS Stream 9 | PEND |
+---------------------+----------------+
| Fedora 40 (Clang) | PEND |
+---------------------+----------------+
| Fedora 41 | PEND |
+---------------------+----------------+
| Debian 12 | PEND |
+---------------------+----------------+
| Fedora 40 | PEND |
+---------------------+----------------+
| Fedora 41 (Clang) | PEND |
+---------------------+----------------+
| RHEL8 | PEND |
+---------------------+----------------+
| Ubuntu 20.04 | PEND |
+---------------------+----------------+
| RHEL9 | PEND |
+---------------------+----------------+
| Ubuntu 24.04 | PEND |
+---------------------+----------------+
| Ubuntu 22.04 | PEND |
+---------------------+----------------+
| Windows Server 2022 | PASS |
+---------------------+----------------+
CentOS Stream 10
Kernel: Depends on container host
Compiler: gcc 14.2.1 20241104 (Red Hat 14.2.1-6)
Debian Bullseye
Kernel: Depends on container host
Compiler: gcc (Debian 10.2.1-6) 10.2.1 20210110
CentOS Stream 9
Kernel: Depends on container host
Compiler: gcc 11.5.0 20240719 (Red Hat 11.5.0-2)
Fedora 40 (Clang)
Kernel: Depends on container host
Compiler: clang 18.1.8 (Fedora 18.1.8-1.fc40)
Fedora 41
Kernel: Depends on container host
Compiler: gcc 14.2.1 20240912 (Red Hat 14.2.1-3)
Debian 12
Kernel: Depends on container host
Compiler: gcc (Debian 12.2.0-14) 12.2.0
Fedora 40
Kernel: Depends on container host
Compiler: gcc 14.2.1 20240912 (Red Hat 14.2.1-3)
Fedora 41 (Clang)
Kernel: Depends on container host
Compiler: clang 19.1.5 (Fedora 19.1.5-1.fc41)
RHEL8
Kernel: Depends on container host
Compiler: gcc 8.5.0 20210514 (Red Hat 8.5.0-22)
Ubuntu 20.04
Kernel: Depends on container host
Compiler: gcc (Ubuntu 9.4.0-1ubuntu1~20.04.2) 9.4.0
RHEL9
Kernel: Depends on container host
Compiler: gcc 11.5.0 20240719 (Red Hat 11.5.0-2)
Ubuntu 24.04
Kernel: Depends on container host
Compiler: gcc (Ubuntu 13.3.0-6ubuntu2~24.04) 13.3.0
Ubuntu 22.04
Kernel: Depends on container host
Compiler: gcc (Ubuntu 11.4.0-1ubuntu1~22.04) 11.4.0
Windows Server 2022
Kernel: 10.0.20348.2031
Compiler: clang 15.0.7, gcc 14.1.0 (MinGW), and MSVC VS 19.39.33521
To view detailed results, visit:
https://lab.dpdk.org/results/dashboard/patchsets/32571/
UNH-IOL DPDK Community Lab
To manage your email subscriptions, visit:
https://lab.dpdk.org/results/dashboard/preferences/subscriptions/
^ permalink raw reply [flat|nested] 24+ messages in thread
* |SUCCESS| pw151448-151458 [PATCH] [v1,16/16] net/zxdh: provide meter
[not found] <20250213064134.88166-17-wang.junlong1@zte.com.cn>
` (16 preceding siblings ...)
2025-02-13 12:18 ` |PENDING| " dpdklab
@ 2025-02-13 12:39 ` dpdklab
2025-02-13 13:57 ` dpdklab
` (5 subsequent siblings)
23 siblings, 0 replies; 24+ messages in thread
From: dpdklab @ 2025-02-13 12:39 UTC (permalink / raw)
To: Test Report; +Cc: dpdk-test-reports
Test-Label: iol-abi-testing
Test-Status: SUCCESS
http://dpdk.org/patch/151458
_Testing PASS_
Submitter: Junlong Wang <wang.junlong1@zte.com.cn>
Date: Thursday, February 13 2025 06:41:32
DPDK git baseline: Repo:dpdk
Branch: master
CommitID:88e17c88943145bb956b5bf6059a8043dbd33a99
151448-151458 --> testing pass
Upstream job id: Generic-DPDK-Compile-ABI#116029
Test environment and result as below:
+-------------------+----------+
| Environment | abi_test |
+===================+==========+
| CentOS Stream 9 | PASS |
+-------------------+----------+
| CentOS Stream 10 | PASS |
+-------------------+----------+
| Fedora 40 (Clang) | PASS |
+-------------------+----------+
| Debian Bullseye | PASS |
+-------------------+----------+
| Debian 12 | PASS |
+-------------------+----------+
| Fedora 40 | PASS |
+-------------------+----------+
| Fedora 41 (Clang) | PASS |
+-------------------+----------+
| Fedora 41 | PASS |
+-------------------+----------+
| openSUSE Leap 15 | PASS |
+-------------------+----------+
| RHEL8 | PASS |
+-------------------+----------+
| RHEL9 | PASS |
+-------------------+----------+
| Ubuntu 22.04 | PASS |
+-------------------+----------+
| Ubuntu 24.04 | PASS |
+-------------------+----------+
CentOS Stream 9
Kernel: Depends on container host
Compiler: gcc 11.5.0 20240719 (Red Hat 11.5.0-2)
CentOS Stream 10
Kernel: Depends on container host
Compiler: gcc 14.2.1 20241104 (Red Hat 14.2.1-6)
Fedora 40 (Clang)
Kernel: Depends on container host
Compiler: clang 18.1.8 (Fedora 18.1.8-1.fc40)
Debian Bullseye
Kernel: Depends on container host
Compiler: gcc (Debian 10.2.1-6) 10.2.1 20210110
Debian 12
Kernel: Depends on container host
Compiler: gcc (Debian 12.2.0-14) 12.2.0
Fedora 40
Kernel: Depends on container host
Compiler: gcc 14.2.1 20240912 (Red Hat 14.2.1-3)
Fedora 41 (Clang)
Kernel: Depends on container host
Compiler: clang 19.1.5 (Fedora 19.1.5-1.fc41)
Fedora 41
Kernel: Depends on container host
Compiler: gcc 14.2.1 20240912 (Red Hat 14.2.1-3)
openSUSE Leap 15
Kernel: Depends on container host
Compiler: gcc (SUSE Linux) 7.5.0
RHEL8
Kernel: Depends on container host
Compiler: gcc 8.5.0 20210514 (Red Hat 8.5.0-22)
RHEL9
Kernel: Depends on container host
Compiler: gcc 11.5.0 20240719 (Red Hat 11.5.0-2)
Ubuntu 22.04
Kernel: Depends on container host
Compiler: gcc (Ubuntu 11.4.0-1ubuntu1~22.04) 11.4.0
Ubuntu 24.04
Kernel: Depends on container host
Compiler: gcc (Ubuntu 13.3.0-6ubuntu2~24.04) 13.3.0
To view detailed results, visit:
https://lab.dpdk.org/results/dashboard/patchsets/32571/
UNH-IOL DPDK Community Lab
To manage your email subscriptions, visit:
https://lab.dpdk.org/results/dashboard/preferences/subscriptions/
^ permalink raw reply [flat|nested] 24+ messages in thread
* |SUCCESS| pw151448-151458 [PATCH] [v1,16/16] net/zxdh: provide meter
[not found] <20250213064134.88166-17-wang.junlong1@zte.com.cn>
` (17 preceding siblings ...)
2025-02-13 12:39 ` |SUCCESS| " dpdklab
@ 2025-02-13 13:57 ` dpdklab
2025-02-13 13:59 ` dpdklab
` (4 subsequent siblings)
23 siblings, 0 replies; 24+ messages in thread
From: dpdklab @ 2025-02-13 13:57 UTC (permalink / raw)
To: Test Report; +Cc: dpdk-test-reports
Test-Label: iol-unit-amd64-testing
Test-Status: SUCCESS
http://dpdk.org/patch/151458
_Testing PASS_
Submitter: Junlong Wang <wang.junlong1@zte.com.cn>
Date: Thursday, February 13 2025 06:41:32
DPDK git baseline: Repo:dpdk
Branch: master
CommitID:88e17c88943145bb956b5bf6059a8043dbd33a99
151448-151458 --> testing pass
Upstream job id: Generic-Unit-Test-DPDK#314647
Test environment and result as below:
+---------------------+----------------+
| Environment | dpdk_unit_test |
+=====================+================+
| CentOS Stream 10 | PASS |
+---------------------+----------------+
| Debian Bullseye | PASS |
+---------------------+----------------+
| CentOS Stream 9 | PASS |
+---------------------+----------------+
| Fedora 40 (Clang) | PASS |
+---------------------+----------------+
| Fedora 41 | PASS |
+---------------------+----------------+
| Debian 12 | PASS |
+---------------------+----------------+
| Fedora 40 | PASS |
+---------------------+----------------+
| Fedora 41 (Clang) | PASS |
+---------------------+----------------+
| RHEL8 | PASS |
+---------------------+----------------+
| Ubuntu 20.04 | PASS |
+---------------------+----------------+
| RHEL9 | PASS |
+---------------------+----------------+
| Ubuntu 24.04 | PASS |
+---------------------+----------------+
| Ubuntu 22.04 | PASS |
+---------------------+----------------+
| Windows Server 2022 | PASS |
+---------------------+----------------+
CentOS Stream 10
Kernel: Depends on container host
Compiler: gcc 14.2.1 20241104 (Red Hat 14.2.1-6)
Debian Bullseye
Kernel: Depends on container host
Compiler: gcc (Debian 10.2.1-6) 10.2.1 20210110
CentOS Stream 9
Kernel: Depends on container host
Compiler: gcc 11.5.0 20240719 (Red Hat 11.5.0-2)
Fedora 40 (Clang)
Kernel: Depends on container host
Compiler: clang 18.1.8 (Fedora 18.1.8-1.fc40)
Fedora 41
Kernel: Depends on container host
Compiler: gcc 14.2.1 20240912 (Red Hat 14.2.1-3)
Debian 12
Kernel: Depends on container host
Compiler: gcc (Debian 12.2.0-14) 12.2.0
Fedora 40
Kernel: Depends on container host
Compiler: gcc 14.2.1 20240912 (Red Hat 14.2.1-3)
Fedora 41 (Clang)
Kernel: Depends on container host
Compiler: clang 19.1.5 (Fedora 19.1.5-1.fc41)
RHEL8
Kernel: Depends on container host
Compiler: gcc 8.5.0 20210514 (Red Hat 8.5.0-22)
Ubuntu 20.04
Kernel: Depends on container host
Compiler: gcc (Ubuntu 9.4.0-1ubuntu1~20.04.2) 9.4.0
RHEL9
Kernel: Depends on container host
Compiler: gcc 11.5.0 20240719 (Red Hat 11.5.0-2)
Ubuntu 24.04
Kernel: Depends on container host
Compiler: gcc (Ubuntu 13.3.0-6ubuntu2~24.04) 13.3.0
Ubuntu 22.04
Kernel: Depends on container host
Compiler: gcc (Ubuntu 11.4.0-1ubuntu1~22.04) 11.4.0
Windows Server 2022
Kernel: 10.0.20348.2031
Compiler: clang 15.0.7, gcc 14.1.0 (MinGW), and MSVC VS 19.39.33521
To view detailed results, visit:
https://lab.dpdk.org/results/dashboard/patchsets/32571/
UNH-IOL DPDK Community Lab
To manage your email subscriptions, visit:
https://lab.dpdk.org/results/dashboard/preferences/subscriptions/
^ permalink raw reply [flat|nested] 24+ messages in thread
* |SUCCESS| pw151448-151458 [PATCH] [v1,16/16] net/zxdh: provide meter
[not found] <20250213064134.88166-17-wang.junlong1@zte.com.cn>
` (18 preceding siblings ...)
2025-02-13 13:57 ` dpdklab
@ 2025-02-13 13:59 ` dpdklab
2025-02-13 14:53 ` dpdklab
` (3 subsequent siblings)
23 siblings, 0 replies; 24+ messages in thread
From: dpdklab @ 2025-02-13 13:59 UTC (permalink / raw)
To: Test Report; +Cc: dpdk-test-reports
Test-Label: iol-unit-arm64-testing
Test-Status: SUCCESS
http://dpdk.org/patch/151458
_Testing PASS_
Submitter: Junlong Wang <wang.junlong1@zte.com.cn>
Date: Thursday, February 13 2025 06:41:32
DPDK git baseline: Repo:dpdk
Branch: master
CommitID:88e17c88943145bb956b5bf6059a8043dbd33a99
151448-151458 --> testing pass
Upstream job id: Generic-Unit-Test-DPDK#314641
Test environment and result as below:
+-----------------------------+----------------+------------------------------+--------------+---------------------------+
| Environment | dpdk_unit_test | cryptodev_sw_snow3g_autotest | lpm_autotest | cryptodev_sw_zuc_autotest |
+=============================+================+==============================+==============+===========================+
| 32-bit Ubuntu 22.04.4 (ARM) | PASS | SKIPPED | SKIPPED | SKIPPED |
+-----------------------------+----------------+------------------------------+--------------+---------------------------+
| CentOS Stream 9 (ARM) | PASS | SKIPPED | SKIPPED | SKIPPED |
+-----------------------------+----------------+------------------------------+--------------+---------------------------+
| Debian 11 (Buster) (ARM) | PASS | SKIPPED | SKIPPED | SKIPPED |
+-----------------------------+----------------+------------------------------+--------------+---------------------------+
| CentOS Stream 10 (ARM) | PASS | SKIPPED | SKIPPED | SKIPPED |
+-----------------------------+----------------+------------------------------+--------------+---------------------------+
| Debian 12 (arm) | PASS | PASS | SKIPPED | PASS |
+-----------------------------+----------------+------------------------------+--------------+---------------------------+
| Fedora 40 (ARM) | PASS | SKIPPED | SKIPPED | SKIPPED |
+-----------------------------+----------------+------------------------------+--------------+---------------------------+
| Fedora 40 (ARM Clang) | PASS | SKIPPED | SKIPPED | SKIPPED |
+-----------------------------+----------------+------------------------------+--------------+---------------------------+
| Fedora 41 (ARM) | PASS | SKIPPED | SKIPPED | SKIPPED |
+-----------------------------+----------------+------------------------------+--------------+---------------------------+
| RHEL9 (ARM) | PASS | SKIPPED | SKIPPED | SKIPPED |
+-----------------------------+----------------+------------------------------+--------------+---------------------------+
| Fedora 41 (ARM Clang) | PASS | SKIPPED | SKIPPED | SKIPPED |
+-----------------------------+----------------+------------------------------+--------------+---------------------------+
| Ubuntu 22.04 (ARM) | PASS | SKIPPED | SKIPPED | SKIPPED |
+-----------------------------+----------------+------------------------------+--------------+---------------------------+
| Ubuntu 20.04 (ARM) | PASS | SKIPPED | SKIPPED | SKIPPED |
+-----------------------------+----------------+------------------------------+--------------+---------------------------+
| Ubuntu 24.04 (ARM) | PASS | SKIPPED | SKIPPED | SKIPPED |
+-----------------------------+----------------+------------------------------+--------------+---------------------------+
| Ubuntu 20.04 ARM SVE | SKIPPED | SKIPPED | PASS | SKIPPED |
+-----------------------------+----------------+------------------------------+--------------+---------------------------+
32-bit Ubuntu 22.04.4 (ARM)
Kernel: 5.15.83+ aarch64
Compiler: gcc (Ubuntu 11.4.0-1ubuntu1~22.04) 11.4.0
CentOS Stream 9 (ARM)
Kernel: Depends on container host
Compiler: gcc 11.5.0 20240719 (Red Hat 11.5.0-2)
Debian 11 (Buster) (ARM)
Kernel: Depends on container host
Compiler: gcc (Debian 10.2.1-6) 10.2.1 20210110
CentOS Stream 10 (ARM)
Kernel: Depends on container host
Compiler: gcc 14.2.1 20241104 (Red Hat 14.2.1-6)
Debian 12 (arm)
Kernel: Depends on container host
Compiler: gcc (Debian 12.2.0-14) 12.2.0
Fedora 40 (ARM)
Kernel: Depends on container host
Compiler: gcc 14.2.1 20240912 (Red Hat 14.2.1-3)
Fedora 40 (ARM Clang)
Kernel: Depends on container host
Compiler: clang 18.1.8 (Fedora 18.1.8-1.fc40)
Fedora 41 (ARM)
Kernel: Depends on container host
Compiler: gcc 14.2.1 20240912 (Red Hat 14.2.1-3)
RHEL9 (ARM)
Kernel: Depends on container host
Compiler: gcc 11.5.0 20240719 (Red Hat 11.5.0-2)
Fedora 41 (ARM Clang)
Kernel: Depends on container host
Compiler: clang 19.1.5 (Fedora 19.1.5-1.fc41)
Ubuntu 22.04 (ARM)
Kernel: Depends on container host
Compiler: gcc (Ubuntu 11.4.0-1ubuntu1~22.04) 11.4.0
Ubuntu 20.04 (ARM)
Kernel: Depends on container host
Compiler: gcc (Ubuntu 9.4.0-1ubuntu1~20.04.2) 9.4.0
Ubuntu 24.04 (ARM)
Kernel: Depends on container host
Compiler: gcc (Ubuntu 13.3.0-6ubuntu2~24.04) 13.3.0
Ubuntu 20.04 ARM SVE
Kernel: Depends on container host
Compiler: gcc (Ubuntu 10.5.0-1ubuntu1~20.04) 10.5.0
To view detailed results, visit:
https://lab.dpdk.org/results/dashboard/patchsets/32571/
UNH-IOL DPDK Community Lab
To manage your email subscriptions, visit:
https://lab.dpdk.org/results/dashboard/preferences/subscriptions/
^ permalink raw reply [flat|nested] 24+ messages in thread
* |SUCCESS| pw151448-151458 [PATCH] [v1,16/16] net/zxdh: provide meter
[not found] <20250213064134.88166-17-wang.junlong1@zte.com.cn>
` (19 preceding siblings ...)
2025-02-13 13:59 ` dpdklab
@ 2025-02-13 14:53 ` dpdklab
2025-02-13 15:30 ` dpdklab
` (2 subsequent siblings)
23 siblings, 0 replies; 24+ messages in thread
From: dpdklab @ 2025-02-13 14:53 UTC (permalink / raw)
To: Test Report; +Cc: dpdk-test-reports
Test-Label: iol-compile-amd64-testing
Test-Status: SUCCESS
http://dpdk.org/patch/151458
_Testing PASS_
Submitter: Junlong Wang <wang.junlong1@zte.com.cn>
Date: Thursday, February 13 2025 06:41:32
DPDK git baseline: Repo:dpdk
Branch: master
CommitID:88e17c88943145bb956b5bf6059a8043dbd33a99
151448-151458 --> testing pass
Upstream job id: Generic-DPDK-Compile-Meson#361251
Test environment and result as below:
+---------------------+-------------------+--------------------+-------------------+------------------+
| Environment | dpdk_msvc_compile | dpdk_meson_compile | dpdk_compile_spdk | dpdk_compile_ovs |
+=====================+===================+====================+===================+==================+
| Windows Server 2022 | PASS | SKIPPED | SKIPPED | SKIPPED |
+---------------------+-------------------+--------------------+-------------------+------------------+
| FreeBSD 14.2 | SKIPPED | PASS | SKIPPED | SKIPPED |
+---------------------+-------------------+--------------------+-------------------+------------------+
| CentOS Stream 9 | SKIPPED | PASS | PASS | SKIPPED |
+---------------------+-------------------+--------------------+-------------------+------------------+
| CentOS Stream 10 | SKIPPED | PASS | SKIPPED | SKIPPED |
+---------------------+-------------------+--------------------+-------------------+------------------+
| Debian Bullseye | SKIPPED | PASS | PASS | SKIPPED |
+---------------------+-------------------+--------------------+-------------------+------------------+
| Debian 12 | SKIPPED | PASS | PASS | SKIPPED |
+---------------------+-------------------+--------------------+-------------------+------------------+
| Fedora 40 (Clang) | SKIPPED | PASS | PASS | SKIPPED |
+---------------------+-------------------+--------------------+-------------------+------------------+
| Fedora 40 | SKIPPED | PASS | PASS | SKIPPED |
+---------------------+-------------------+--------------------+-------------------+------------------+
| Fedora 41 (Clang) | SKIPPED | PASS | PASS | PASS |
+---------------------+-------------------+--------------------+-------------------+------------------+
| Fedora 41 | SKIPPED | PASS | PASS | PASS |
+---------------------+-------------------+--------------------+-------------------+------------------+
| openSUSE Leap 15 | SKIPPED | PASS | SKIPPED | SKIPPED |
+---------------------+-------------------+--------------------+-------------------+------------------+
| RHEL8 | SKIPPED | PASS | SKIPPED | SKIPPED |
+---------------------+-------------------+--------------------+-------------------+------------------+
| RHEL9 | SKIPPED | PASS | SKIPPED | SKIPPED |
+---------------------+-------------------+--------------------+-------------------+------------------+
| Ubuntu 20.04 | SKIPPED | PASS | SKIPPED | SKIPPED |
+---------------------+-------------------+--------------------+-------------------+------------------+
| Ubuntu 22.04 | SKIPPED | PASS | PASS | SKIPPED |
+---------------------+-------------------+--------------------+-------------------+------------------+
| Ubuntu 24.04 | SKIPPED | PASS | PASS | PASS |
+---------------------+-------------------+--------------------+-------------------+------------------+
| Alpine | SKIPPED | PASS | SKIPPED | SKIPPED |
+---------------------+-------------------+--------------------+-------------------+------------------+
Windows Server 2022
Kernel: 10.0.20348.2031
Compiler: clang 15.0.7, gcc 14.1.0 (MinGW), and MSVC VS 19.39.33521
FreeBSD 14.2
Kernel: 14.2-RELEASE
Compiler: clang 18.1.6
CentOS Stream 9
Kernel: Depends on container host
Compiler: gcc 11.5.0 20240719 (Red Hat 11.5.0-2)
CentOS Stream 10
Kernel: Depends on container host
Compiler: gcc 14.2.1 20241104 (Red Hat 14.2.1-6)
Debian Bullseye
Kernel: Depends on container host
Compiler: gcc (Debian 10.2.1-6) 10.2.1 20210110
Debian 12
Kernel: Depends on container host
Compiler: gcc (Debian 12.2.0-14) 12.2.0
Fedora 40 (Clang)
Kernel: Depends on container host
Compiler: clang 18.1.8 (Fedora 18.1.8-1.fc40)
Fedora 40
Kernel: Depends on container host
Compiler: gcc 14.2.1 20240912 (Red Hat 14.2.1-3)
Fedora 41 (Clang)
Kernel: Depends on container host
Compiler: clang 19.1.5 (Fedora 19.1.5-1.fc41)
Fedora 41
Kernel: Depends on container host
Compiler: gcc 14.2.1 20240912 (Red Hat 14.2.1-3)
openSUSE Leap 15
Kernel: Depends on container host
Compiler: gcc (SUSE Linux) 7.5.0
RHEL8
Kernel: Depends on container host
Compiler: gcc 8.5.0 20210514 (Red Hat 8.5.0-22)
RHEL9
Kernel: Depends on container host
Compiler: gcc 11.5.0 20240719 (Red Hat 11.5.0-2)
Ubuntu 20.04
Kernel: Depends on container host
Compiler: gcc (Ubuntu 9.4.0-1ubuntu1~20.04.2) 9.4.0
Ubuntu 22.04
Kernel: Depends on container host
Compiler: gcc (Ubuntu 11.4.0-1ubuntu1~22.04) 11.4.0
Ubuntu 24.04
Kernel: Depends on container host
Compiler: gcc (Ubuntu 13.3.0-6ubuntu2~24.04) 13.3.0
Alpine
Kernel: Depends on container host
Compiler: gcc (Alpine 14.2.0) 14.2.0
To view detailed results, visit:
https://lab.dpdk.org/results/dashboard/patchsets/32571/
UNH-IOL DPDK Community Lab
To manage your email subscriptions, visit:
https://lab.dpdk.org/results/dashboard/preferences/subscriptions/
^ permalink raw reply [flat|nested] 24+ messages in thread
* |SUCCESS| pw151448-151458 [PATCH] [v1,16/16] net/zxdh: provide meter
[not found] <20250213064134.88166-17-wang.junlong1@zte.com.cn>
` (20 preceding siblings ...)
2025-02-13 14:53 ` dpdklab
@ 2025-02-13 15:30 ` dpdklab
2025-02-13 15:33 ` dpdklab
2025-02-13 16:54 ` dpdklab
23 siblings, 0 replies; 24+ messages in thread
From: dpdklab @ 2025-02-13 15:30 UTC (permalink / raw)
To: Test Report; +Cc: dpdk-test-reports
Test-Label: iol-compile-amd64-testing
Test-Status: SUCCESS
http://dpdk.org/patch/151458
_Testing PASS_
Submitter: Junlong Wang <wang.junlong1@zte.com.cn>
Date: Thursday, February 13 2025 06:41:32
DPDK git baseline: Repo:dpdk
Branch: master
CommitID:88e17c88943145bb956b5bf6059a8043dbd33a99
151448-151458 --> testing pass
Upstream job id: Windows-Compile-DPDK-Native#26660
Test environment and result as below:
+---------------------+-------------------+--------------------+-------------------+------------------+-------------------------+
| Environment | dpdk_msvc_compile | dpdk_meson_compile | dpdk_compile_spdk | dpdk_compile_ovs | dpdk_llvm_clang_compile |
+=====================+===================+====================+===================+==================+=========================+
| Windows Server 2022 | PASS | SKIPPED | SKIPPED | SKIPPED | PASS |
+---------------------+-------------------+--------------------+-------------------+------------------+-------------------------+
| FreeBSD 14.2 | SKIPPED | PASS | SKIPPED | SKIPPED | SKIPPED |
+---------------------+-------------------+--------------------+-------------------+------------------+-------------------------+
| CentOS Stream 9 | SKIPPED | PASS | PASS | SKIPPED | SKIPPED |
+---------------------+-------------------+--------------------+-------------------+------------------+-------------------------+
| CentOS Stream 10 | SKIPPED | PASS | SKIPPED | SKIPPED | SKIPPED |
+---------------------+-------------------+--------------------+-------------------+------------------+-------------------------+
| Debian Bullseye | SKIPPED | PASS | PASS | SKIPPED | SKIPPED |
+---------------------+-------------------+--------------------+-------------------+------------------+-------------------------+
| Debian 12 | SKIPPED | PASS | PASS | SKIPPED | SKIPPED |
+---------------------+-------------------+--------------------+-------------------+------------------+-------------------------+
| Fedora 40 (Clang) | SKIPPED | PASS | PASS | SKIPPED | SKIPPED |
+---------------------+-------------------+--------------------+-------------------+------------------+-------------------------+
| Fedora 40 | SKIPPED | PASS | PASS | SKIPPED | SKIPPED |
+---------------------+-------------------+--------------------+-------------------+------------------+-------------------------+
| Fedora 41 (Clang) | SKIPPED | PASS | PASS | PASS | SKIPPED |
+---------------------+-------------------+--------------------+-------------------+------------------+-------------------------+
| Fedora 41 | SKIPPED | PASS | PASS | PASS | SKIPPED |
+---------------------+-------------------+--------------------+-------------------+------------------+-------------------------+
| openSUSE Leap 15 | SKIPPED | PASS | SKIPPED | SKIPPED | SKIPPED |
+---------------------+-------------------+--------------------+-------------------+------------------+-------------------------+
| RHEL8 | SKIPPED | PASS | SKIPPED | SKIPPED | SKIPPED |
+---------------------+-------------------+--------------------+-------------------+------------------+-------------------------+
| RHEL9 | SKIPPED | PASS | SKIPPED | SKIPPED | SKIPPED |
+---------------------+-------------------+--------------------+-------------------+------------------+-------------------------+
| Ubuntu 20.04 | SKIPPED | PASS | SKIPPED | SKIPPED | SKIPPED |
+---------------------+-------------------+--------------------+-------------------+------------------+-------------------------+
| Ubuntu 22.04 | SKIPPED | PASS | PASS | SKIPPED | SKIPPED |
+---------------------+-------------------+--------------------+-------------------+------------------+-------------------------+
| Ubuntu 24.04 | SKIPPED | PASS | PASS | PASS | SKIPPED |
+---------------------+-------------------+--------------------+-------------------+------------------+-------------------------+
| Alpine | SKIPPED | PASS | SKIPPED | SKIPPED | SKIPPED |
+---------------------+-------------------+--------------------+-------------------+------------------+-------------------------+
Windows Server 2022
Kernel: 10.0.20348.2031
Compiler: clang 15.0.7, gcc 14.1.0 (MinGW), and MSVC VS 19.39.33521
FreeBSD 14.2
Kernel: 14.2-RELEASE
Compiler: clang 18.1.6
CentOS Stream 9
Kernel: Depends on container host
Compiler: gcc 11.5.0 20240719 (Red Hat 11.5.0-2)
CentOS Stream 10
Kernel: Depends on container host
Compiler: gcc 14.2.1 20241104 (Red Hat 14.2.1-6)
Debian Bullseye
Kernel: Depends on container host
Compiler: gcc (Debian 10.2.1-6) 10.2.1 20210110
Debian 12
Kernel: Depends on container host
Compiler: gcc (Debian 12.2.0-14) 12.2.0
Fedora 40 (Clang)
Kernel: Depends on container host
Compiler: clang 18.1.8 (Fedora 18.1.8-1.fc40)
Fedora 40
Kernel: Depends on container host
Compiler: gcc 14.2.1 20240912 (Red Hat 14.2.1-3)
Fedora 41 (Clang)
Kernel: Depends on container host
Compiler: clang 19.1.5 (Fedora 19.1.5-1.fc41)
Fedora 41
Kernel: Depends on container host
Compiler: gcc 14.2.1 20240912 (Red Hat 14.2.1-3)
openSUSE Leap 15
Kernel: Depends on container host
Compiler: gcc (SUSE Linux) 7.5.0
RHEL8
Kernel: Depends on container host
Compiler: gcc 8.5.0 20210514 (Red Hat 8.5.0-22)
RHEL9
Kernel: Depends on container host
Compiler: gcc 11.5.0 20240719 (Red Hat 11.5.0-2)
Ubuntu 20.04
Kernel: Depends on container host
Compiler: gcc (Ubuntu 9.4.0-1ubuntu1~20.04.2) 9.4.0
Ubuntu 22.04
Kernel: Depends on container host
Compiler: gcc (Ubuntu 11.4.0-1ubuntu1~22.04) 11.4.0
Ubuntu 24.04
Kernel: Depends on container host
Compiler: gcc (Ubuntu 13.3.0-6ubuntu2~24.04) 13.3.0
Alpine
Kernel: Depends on container host
Compiler: gcc (Alpine 14.2.0) 14.2.0
To view detailed results, visit:
https://lab.dpdk.org/results/dashboard/patchsets/32571/
UNH-IOL DPDK Community Lab
To manage your email subscriptions, visit:
https://lab.dpdk.org/results/dashboard/preferences/subscriptions/
^ permalink raw reply [flat|nested] 24+ messages in thread
* |SUCCESS| pw151448-151458 [PATCH] [v1,16/16] net/zxdh: provide meter
[not found] <20250213064134.88166-17-wang.junlong1@zte.com.cn>
` (21 preceding siblings ...)
2025-02-13 15:30 ` dpdklab
@ 2025-02-13 15:33 ` dpdklab
2025-02-13 16:54 ` dpdklab
23 siblings, 0 replies; 24+ messages in thread
From: dpdklab @ 2025-02-13 15:33 UTC (permalink / raw)
To: Test Report; +Cc: dpdk-test-reports
Test-Label: iol-compile-arm64-testing
Test-Status: SUCCESS
http://dpdk.org/patch/151458
_Testing PASS_
Submitter: Junlong Wang <wang.junlong1@zte.com.cn>
Date: Thursday, February 13 2025 06:41:32
DPDK git baseline: Repo:dpdk
Branch: master
CommitID:88e17c88943145bb956b5bf6059a8043dbd33a99
151448-151458 --> testing pass
Upstream job id: Generic-DPDK-Compile-Meson#361263
Test environment and result as below:
+----------------------------------------+--------------------+
| Environment | dpdk_meson_compile |
+========================================+====================+
| RHEL9 (ARM) | PASS |
+----------------------------------------+--------------------+
| Ubuntu 20.04 ARM GCC Cross Compile | PASS |
+----------------------------------------+--------------------+
| Ubuntu 20.04 ARM SVE | PASS |
+----------------------------------------+--------------------+
| Debian 12 with MUSDK | PASS |
+----------------------------------------+--------------------+
| Fedora 40 (ARM) | PASS |
+----------------------------------------+--------------------+
| Fedora 40 (ARM Clang) | PASS |
+----------------------------------------+--------------------+
| Fedora 41 (ARM) | PASS |
+----------------------------------------+--------------------+
| Fedora 41 (ARM Clang) | PASS |
+----------------------------------------+--------------------+
| Ubuntu 20.04 (ARM) | PASS |
+----------------------------------------+--------------------+
| Ubuntu 22.04 (ARM) | PASS |
+----------------------------------------+--------------------+
| Ubuntu 24.04 (ARM) | PASS |
+----------------------------------------+--------------------+
| CentOS Stream 9 (ARM) | PASS |
+----------------------------------------+--------------------+
| CentOS Stream 10 (ARM) | PASS |
+----------------------------------------+--------------------+
| Debian 11 (Buster) (ARM) | PASS |
+----------------------------------------+--------------------+
| Debian 12 (arm) | PASS |
+----------------------------------------+--------------------+
| Ubuntu 20.04 ARM Clang Cross Compile | PASS |
+----------------------------------------+--------------------+
| Ubuntu 20.04 aarch32 GCC Cross Compile | PASS |
+----------------------------------------+--------------------+
RHEL9 (ARM)
Kernel: Depends on container host
Compiler: gcc 11.5.0 20240719 (Red Hat 11.5.0-2)
Ubuntu 20.04 ARM GCC Cross Compile
Kernel: Depends on container host
Compiler: aarch64-linux-gnu-gcc (Ubuntu 9.4.0-1ubuntu1~20.04.2) 9.4.0
Ubuntu 20.04 ARM SVE
Kernel: Depends on container host
Compiler: gcc (Ubuntu 10.5.0-1ubuntu1~20.04) 10.5.0
Debian 12 with MUSDK
Kernel: Depends on container host
Compiler: gcc (Debian 12.2.0-14) 12.2.0
Fedora 40 (ARM)
Kernel: Depends on container host
Compiler: gcc 14.2.1 20240912 (Red Hat 14.2.1-3)
Fedora 40 (ARM Clang)
Kernel: Depends on container host
Compiler: clang 18.1.8 (Fedora 18.1.8-1.fc40)
Fedora 41 (ARM)
Kernel: Depends on container host
Compiler: gcc 14.2.1 20240912 (Red Hat 14.2.1-3)
Fedora 41 (ARM Clang)
Kernel: Depends on container host
Compiler: clang 19.1.5 (Fedora 19.1.5-1.fc41)
Ubuntu 20.04 (ARM)
Kernel: Depends on container host
Compiler: gcc (Ubuntu 9.4.0-1ubuntu1~20.04.2) 9.4.0
Ubuntu 22.04 (ARM)
Kernel: Depends on container host
Compiler: gcc (Ubuntu 11.4.0-1ubuntu1~22.04) 11.4.0
Ubuntu 24.04 (ARM)
Kernel: Depends on container host
Compiler: gcc (Ubuntu 13.3.0-6ubuntu2~24.04) 13.3.0
CentOS Stream 9 (ARM)
Kernel: Depends on container host
Compiler: gcc 11.5.0 20240719 (Red Hat 11.5.0-2)
CentOS Stream 10 (ARM)
Kernel: Depends on container host
Compiler: gcc 14.2.1 20241104 (Red Hat 14.2.1-6)
Debian 11 (Buster) (ARM)
Kernel: Depends on container host
Compiler: gcc (Debian 10.2.1-6) 10.2.1 20210110
Debian 12 (arm)
Kernel: Depends on container host
Compiler: gcc (Debian 12.2.0-14) 12.2.0
Ubuntu 20.04 ARM Clang Cross Compile
Kernel: Depends on container host
Compiler: clang 10.0.0-4ubuntu1
Ubuntu 20.04 aarch32 GCC Cross Compile
Kernel: Depends on container host
Compiler: gcc 9.4.0
To view detailed results, visit:
https://lab.dpdk.org/results/dashboard/patchsets/32571/
UNH-IOL DPDK Community Lab
To manage your email subscriptions, visit:
https://lab.dpdk.org/results/dashboard/preferences/subscriptions/
^ permalink raw reply [flat|nested] 24+ messages in thread
* |SUCCESS| pw151448-151458 [PATCH] [v1,16/16] net/zxdh: provide meter
[not found] <20250213064134.88166-17-wang.junlong1@zte.com.cn>
` (22 preceding siblings ...)
2025-02-13 15:33 ` dpdklab
@ 2025-02-13 16:54 ` dpdklab
23 siblings, 0 replies; 24+ messages in thread
From: dpdklab @ 2025-02-13 16:54 UTC (permalink / raw)
To: Test Report; +Cc: dpdk-test-reports
Test-Label: iol-compile-amd64-testing
Test-Status: SUCCESS
http://dpdk.org/patch/151458
_Testing PASS_
Submitter: Junlong Wang <wang.junlong1@zte.com.cn>
Date: Thursday, February 13 2025 06:41:32
DPDK git baseline: Repo:dpdk
Branch: master
CommitID:88e17c88943145bb956b5bf6059a8043dbd33a99
151448-151458 --> testing pass
Upstream job id: Windows-Compile-DPDK-Native#26661
Test environment and result as below:
+---------------------+-------------------+--------------------+-------------------+------------------+-------------------------+----------------------+
| Environment | dpdk_msvc_compile | dpdk_meson_compile | dpdk_compile_spdk | dpdk_compile_ovs | dpdk_llvm_clang_compile | dpdk_mingw64_compile |
+=====================+===================+====================+===================+==================+=========================+======================+
| Windows Server 2022 | PASS | SKIPPED | SKIPPED | SKIPPED | PASS | PASS |
+---------------------+-------------------+--------------------+-------------------+------------------+-------------------------+----------------------+
| FreeBSD 14.2 | SKIPPED | PASS | SKIPPED | SKIPPED | SKIPPED | SKIPPED |
+---------------------+-------------------+--------------------+-------------------+------------------+-------------------------+----------------------+
| CentOS Stream 9 | SKIPPED | PASS | PASS | SKIPPED | SKIPPED | SKIPPED |
+---------------------+-------------------+--------------------+-------------------+------------------+-------------------------+----------------------+
| CentOS Stream 10 | SKIPPED | PASS | SKIPPED | SKIPPED | SKIPPED | SKIPPED |
+---------------------+-------------------+--------------------+-------------------+------------------+-------------------------+----------------------+
| Debian Bullseye | SKIPPED | PASS | PASS | SKIPPED | SKIPPED | SKIPPED |
+---------------------+-------------------+--------------------+-------------------+------------------+-------------------------+----------------------+
| Debian 12 | SKIPPED | PASS | PASS | SKIPPED | SKIPPED | SKIPPED |
+---------------------+-------------------+--------------------+-------------------+------------------+-------------------------+----------------------+
| Fedora 40 (Clang) | SKIPPED | PASS | PASS | SKIPPED | SKIPPED | SKIPPED |
+---------------------+-------------------+--------------------+-------------------+------------------+-------------------------+----------------------+
| Fedora 40 | SKIPPED | PASS | PASS | SKIPPED | SKIPPED | SKIPPED |
+---------------------+-------------------+--------------------+-------------------+------------------+-------------------------+----------------------+
| Fedora 41 (Clang) | SKIPPED | PASS | PASS | PASS | SKIPPED | SKIPPED |
+---------------------+-------------------+--------------------+-------------------+------------------+-------------------------+----------------------+
| Fedora 41 | SKIPPED | PASS | PASS | PASS | SKIPPED | SKIPPED |
+---------------------+-------------------+--------------------+-------------------+------------------+-------------------------+----------------------+
| openSUSE Leap 15 | SKIPPED | PASS | SKIPPED | SKIPPED | SKIPPED | SKIPPED |
+---------------------+-------------------+--------------------+-------------------+------------------+-------------------------+----------------------+
| RHEL8 | SKIPPED | PASS | SKIPPED | SKIPPED | SKIPPED | SKIPPED |
+---------------------+-------------------+--------------------+-------------------+------------------+-------------------------+----------------------+
| RHEL9 | SKIPPED | PASS | SKIPPED | SKIPPED | SKIPPED | SKIPPED |
+---------------------+-------------------+--------------------+-------------------+------------------+-------------------------+----------------------+
| Ubuntu 20.04 | SKIPPED | PASS | SKIPPED | SKIPPED | SKIPPED | SKIPPED |
+---------------------+-------------------+--------------------+-------------------+------------------+-------------------------+----------------------+
| Ubuntu 22.04 | SKIPPED | PASS | PASS | SKIPPED | SKIPPED | SKIPPED |
+---------------------+-------------------+--------------------+-------------------+------------------+-------------------------+----------------------+
| Ubuntu 24.04 | SKIPPED | PASS | PASS | PASS | SKIPPED | SKIPPED |
+---------------------+-------------------+--------------------+-------------------+------------------+-------------------------+----------------------+
| Alpine | SKIPPED | PASS | SKIPPED | SKIPPED | SKIPPED | SKIPPED |
+---------------------+-------------------+--------------------+-------------------+------------------+-------------------------+----------------------+
Windows Server 2022
Kernel: 10.0.20348.2031
Compiler: clang 15.0.7, gcc 14.1.0 (MinGW), and MSVC VS 19.39.33521
FreeBSD 14.2
Kernel: 14.2-RELEASE
Compiler: clang 18.1.6
CentOS Stream 9
Kernel: Depends on container host
Compiler: gcc 11.5.0 20240719 (Red Hat 11.5.0-2)
CentOS Stream 10
Kernel: Depends on container host
Compiler: gcc 14.2.1 20241104 (Red Hat 14.2.1-6)
Debian Bullseye
Kernel: Depends on container host
Compiler: gcc (Debian 10.2.1-6) 10.2.1 20210110
Debian 12
Kernel: Depends on container host
Compiler: gcc (Debian 12.2.0-14) 12.2.0
Fedora 40 (Clang)
Kernel: Depends on container host
Compiler: clang 18.1.8 (Fedora 18.1.8-1.fc40)
Fedora 40
Kernel: Depends on container host
Compiler: gcc 14.2.1 20240912 (Red Hat 14.2.1-3)
Fedora 41 (Clang)
Kernel: Depends on container host
Compiler: clang 19.1.5 (Fedora 19.1.5-1.fc41)
Fedora 41
Kernel: Depends on container host
Compiler: gcc 14.2.1 20240912 (Red Hat 14.2.1-3)
openSUSE Leap 15
Kernel: Depends on container host
Compiler: gcc (SUSE Linux) 7.5.0
RHEL8
Kernel: Depends on container host
Compiler: gcc 8.5.0 20210514 (Red Hat 8.5.0-22)
RHEL9
Kernel: Depends on container host
Compiler: gcc 11.5.0 20240719 (Red Hat 11.5.0-2)
Ubuntu 20.04
Kernel: Depends on container host
Compiler: gcc (Ubuntu 9.4.0-1ubuntu1~20.04.2) 9.4.0
Ubuntu 22.04
Kernel: Depends on container host
Compiler: gcc (Ubuntu 11.4.0-1ubuntu1~22.04) 11.4.0
Ubuntu 24.04
Kernel: Depends on container host
Compiler: gcc (Ubuntu 13.3.0-6ubuntu2~24.04) 13.3.0
Alpine
Kernel: Depends on container host
Compiler: gcc (Alpine 14.2.0) 14.2.0
To view detailed results, visit:
https://lab.dpdk.org/results/dashboard/patchsets/32571/
UNH-IOL DPDK Community Lab
To manage your email subscriptions, visit:
https://lab.dpdk.org/results/dashboard/preferences/subscriptions/
^ permalink raw reply [flat|nested] 24+ messages in thread
end of thread, other threads:[~2025-02-13 16:54 UTC | newest]
Thread overview: 24+ messages (download: mbox.gz / follow: Atom feed)
-- links below jump to the message on this page --
[not found] <20250213064134.88166-17-wang.junlong1@zte.com.cn>
2025-02-13 6:23 ` |SUCCESS| pw151448-151458 [PATCH v1 16/16] net/zxdh: provide meter ops implementations qemudev
2025-02-13 6:28 ` qemudev
2025-02-13 6:58 ` |WARNING| pw151458 " checkpatch
2025-02-13 8:05 ` |FAILURE| " 0-day Robot
2025-02-13 10:04 ` |SUCCESS| pw151448-151458 [PATCH] [v1,16/16] net/zxdh: provide meter dpdklab
2025-02-13 10:07 ` dpdklab
2025-02-13 10:16 ` dpdklab
2025-02-13 10:19 ` dpdklab
2025-02-13 10:29 ` dpdklab
2025-02-13 10:38 ` dpdklab
2025-02-13 10:46 ` dpdklab
2025-02-13 10:58 ` dpdklab
2025-02-13 11:52 ` |PENDING| " dpdklab
2025-02-13 11:55 ` dpdklab
2025-02-13 12:02 ` dpdklab
2025-02-13 12:09 ` |SUCCESS| " dpdklab
2025-02-13 12:18 ` |PENDING| " dpdklab
2025-02-13 12:39 ` |SUCCESS| " dpdklab
2025-02-13 13:57 ` dpdklab
2025-02-13 13:59 ` dpdklab
2025-02-13 14:53 ` dpdklab
2025-02-13 15:30 ` dpdklab
2025-02-13 15:33 ` dpdklab
2025-02-13 16:54 ` dpdklab
This is a public inbox, see mirroring instructions
for how to clone and mirror all data and code used for this inbox;
as well as URLs for NNTP newsgroup(s).