From mboxrd@z Thu Jan 1 00:00:00 1970 Return-Path: Received: from mails.dpdk.org (mails.dpdk.org [217.70.189.124]) by inbox.dpdk.org (Postfix) with ESMTP id DC2AC46223 for ; Fri, 14 Feb 2025 10:34:08 +0100 (CET) Received: from mails.dpdk.org (localhost [127.0.0.1]) by mails.dpdk.org (Postfix) with ESMTP id D82F94065E; Fri, 14 Feb 2025 10:34:08 +0100 (CET) Received: from mail-pl1-f227.google.com (mail-pl1-f227.google.com [209.85.214.227]) by mails.dpdk.org (Postfix) with ESMTP id 5B8E84064A for ; Fri, 14 Feb 2025 10:34:07 +0100 (CET) Received: by mail-pl1-f227.google.com with SMTP id d9443c01a7336-220f4dd756eso4592875ad.3 for ; Fri, 14 Feb 2025 01:34:07 -0800 (PST) DKIM-Signature: v=1; a=rsa-sha256; c=relaxed/relaxed; d=iol.unh.edu; s=unh-iol; t=1739525646; x=1740130446; darn=dpdk.org; h=cc:to:from:subject:message-id:date:from:to:cc:subject:date :message-id:reply-to; bh=Rctz1Q0+bnzbjNuNnb2yAu6jOyOEQ3amHrYWY4/lkdk=; b=PQqPN5rMJof2EA7aD4VDAHvT8JKJJN5C1yYwDfjVU5T/g1ASLdT0AtTMIoIFK17Fy/ LszNYUJzdaOjqjOmx/a9rAFQ505GZwRypW/6zNtS6W/9O2hoYp903Sh2poFpTVax48wz WkABu/rPuh3fkf4iapOZvOA+GW5dlY0tZQCaU= X-Google-DKIM-Signature: v=1; a=rsa-sha256; c=relaxed/relaxed; d=1e100.net; s=20230601; t=1739525646; x=1740130446; h=cc:to:from:subject:message-id:date:x-gm-message-state:from:to:cc :subject:date:message-id:reply-to; bh=Rctz1Q0+bnzbjNuNnb2yAu6jOyOEQ3amHrYWY4/lkdk=; b=iRWQetMoxChUNSUReiNIaVwIOFPO3SWxI3mzsd+OKJLIP4bWBOuj7dSRSBvt9mRIpM hGej6g5GIf0Bt7HKz3HCrBG7z0N0tISSvbPYl279szpTcPBMNo1StPy7bSvyL075Qwr7 7XHPrmHD4zFMbPaSG3flJC9Ia0A2SgWPZQuBGunne0IO9ewrT6ZCEZ3J2Tj66kaQM1L7 +o925vvEEBBE++Gj9nfAHnDvMH4l58e6w8v4LcMJJgcUElv8sj5XE+Jdb0jBCkbStSdu 6gbfgNgjqOL2i6dPYCWfDjZYgAIM6zQTKbL+9oa20uJJ6Eb50E6yYPsNRVVaffxdN/+6 srxA== X-Gm-Message-State: AOJu0YwmswlimYi/ez5FAeyrNXWy5kZH6u36m+y2sSLyWE7S2MbYxpqV 0vbDlIeYqb62O84dvTa+zKX8BQzDbMIwswPrb5Nh8xWRuJkdtqvrxRX4eeZNlBMMYme9zm/Aktu Z9Uk5UHhUILWBHpZIuVpQAU2O3sC/z7tL X-Gm-Gg: ASbGncsdoAmiVx5PuBmIE98Do9ZD0SvehBttCKK7APHKQFXTSUMEpfnD1U2yhnKqsCI s6KwdKv7Kjv2VE1ya7eySNdNUQymanQ5o8bdWfG6LSIjOFN19sCuai+Dh+b6XtSV1rvT2bOwt3O Sih9WQ2MRuJ+h3Dme55HhKB/WQShUdNICYy8Rqu6NV2k33VWWX/3V53vA+gbWMZrTC+xMlRKVij 0Ij0GAFJFukATXd4XsnQOZeydH43tCx1bMOBZBaTiiZIL17+7h5w5XuhxRnrSH9KlmU65/zxTeq +Crb8liTwkLVijF0eZQuRuxv+K4oOQ== X-Google-Smtp-Source: AGHT+IEfKvv9uY/EdYqkMJFvv/VzlphFTxpPd0VDO1/ndewloqo1fonQkFRI3lPYi/sKMXlcRcrmGLJfeiaz X-Received: by 2002:a17:902:cf0d:b0:21f:71a8:f669 with SMTP id d9443c01a7336-220d2110cecmr113854405ad.38.1739525646605; Fri, 14 Feb 2025 01:34:06 -0800 (PST) Received: from postal.iol.unh.edu (postal.iol.unh.edu. [132.177.123.84]) by smtp-relay.gmail.com with ESMTPS id d9443c01a7336-220d5326364sm1721375ad.65.2025.02.14.01.34.06 (version=TLS1_2 cipher=ECDHE-ECDSA-AES128-GCM-SHA256 bits=128/128); Fri, 14 Feb 2025 01:34:06 -0800 (PST) X-Relaying-Domain: iol.unh.edu Date: Fri, 14 Feb 2025 01:34:06 -0800 (PST) Message-ID: <67af0e0e.170a0220.c399a.921aSMTPIN_ADDED_MISSING@mx.google.com> Received: from [172.21.0.8] (unknown [172.18.0.240]) by postal.iol.unh.edu (Postfix) with ESMTP id C5C736052471; Fri, 14 Feb 2025 04:34:05 -0500 (EST) Subject: |WARNING| [GIT MASTER] 7ce7d3341d7e21c2a81f2fea8e451681d7306d77 From: dpdklab@iol.unh.edu To: Test Report Cc: dpdk-test-reports@iol.unh.edu, Xueming Li , Christian Ehrhardt , Kevin Traynor , Luca Boccassi Content-Type: text/plain X-BeenThere: test-report@dpdk.org X-Mailman-Version: 2.1.29 Precedence: list List-Id: automatic DPDK test reports List-Unsubscribe: , List-Archive: List-Post: List-Help: List-Subscribe: , Errors-To: test-report-bounces@dpdk.org _Testing issues_ Branch: tags/v22.11 7ce7d3341d7e21c2a81f2fea8e451681d7306d77 --> testing issues Upstream job id: Windows-Compile-DPDK-Native#26684 Test environment and result as below: +---------------------+--------------------+-------------------------+ | Environment | dpdk_meson_compile | dpdk_llvm_clang_compile | +=====================+====================+=========================+ | CentOS Stream 9 | PASS | SKIPPED | +---------------------+--------------------+-------------------------+ | CentOS Stream 10 | PEND | SKIPPED | +---------------------+--------------------+-------------------------+ | Debian 12 | PEND | SKIPPED | +---------------------+--------------------+-------------------------+ | Debian Bullseye | PASS | SKIPPED | +---------------------+--------------------+-------------------------+ | Fedora 40 (Clang) | PASS | SKIPPED | +---------------------+--------------------+-------------------------+ | Fedora 40 | PEND | SKIPPED | +---------------------+--------------------+-------------------------+ | Fedora 41 (Clang) | PASS | SKIPPED | +---------------------+--------------------+-------------------------+ | Fedora 41 | PASS | SKIPPED | +---------------------+--------------------+-------------------------+ | openSUSE Leap 15 | PASS | SKIPPED | +---------------------+--------------------+-------------------------+ | RHEL8 | PASS | SKIPPED | +---------------------+--------------------+-------------------------+ | Ubuntu 20.04 | PEND | SKIPPED | +---------------------+--------------------+-------------------------+ | RHEL9 | PEND | SKIPPED | +---------------------+--------------------+-------------------------+ | Ubuntu 22.04 | PEND | SKIPPED | +---------------------+--------------------+-------------------------+ | Ubuntu 24.04 | PASS | SKIPPED | +---------------------+--------------------+-------------------------+ | FreeBSD 13.4 | PASS | SKIPPED | +---------------------+--------------------+-------------------------+ | FreeBSD 14.2 | PEND | SKIPPED | +---------------------+--------------------+-------------------------+ | Windows Server 2022 | SKIPPED | FAIL | +---------------------+--------------------+-------------------------+ ==== 20 line log output for Windows Server 2022 (dpdk_llvm_clang_compile): ==== ..\lib\eal\include/rte_common.h:850:32: note: expanded from macro 'RTE_FMT_TAIL' #define RTE_FMT_TAIL(fmt, ...) __VA_ARGS__ ^~~~~~~~~~~ ..\lib\eal\include/rte_common.h:848:39: note: expanded from macro 'RTE_FMT' #define RTE_FMT(fmt, ...) fmt "%.0s", __VA_ARGS__ "" ^~~~~~~~~~~ ../drivers/crypto/mlx5/mlx5_crypto.c:463:18: note: forward declaration of 'struct mlx5_err_cqe' volatile struct mlx5_err_cqe *cqe = (volatile struct mlx5_err_cqe *) ^ 3 errors generated. [628/788] Compiling C object drivers/libtmp_rte_crypto_mlx5.a.p/crypto_mlx5_mlx5_crypto_dek.c.obj [629/788] Compiling C object drivers/libtmp_rte_net_vmxnet3.a.p/net_vmxnet3_vmxnet3_rxtx.c.obj [630/788] Generating rte_net_octeon_ep.pmd.c with a custom command (wrapped by meson to set PATH) [631/788] Compiling C object app/dpdk-testpmd.exe.p/test-pmd_5tswap.c.obj [632/788] Compiling C object app/dpdk-testpmd.exe.p/test-pmd_cmdline_tm.c.obj [633/788] Compiling C object drivers/libtmp_rte_net_mlx5.a.p/net_mlx5_mlx5_tx_empw.c.obj [634/788] Compiling C object app/dpdk-testpmd.exe.p/test-pmd_cmd_flex_item.c.obj [635/788] Compiling C object app/test/dpdk-test.exe.p/test_cryptodev.c.obj [636/788] Compiling C object drivers/libtmp_rte_net_mlx5.a.p/net_mlx5_mlx5_tx_txpp.c.obj ninja: build stopped: subcommand failed. ==== End log output ==== CentOS Stream 9 Kernel: Depends on container host Compiler: gcc 11.5.0 20240719 (Red Hat 11.5.0-2) CentOS Stream 10 Kernel: Depends on container host Compiler: gcc 14.2.1 20241104 (Red Hat 14.2.1-6) Debian 12 Kernel: Depends on container host Compiler: gcc (Debian 12.2.0-14) 12.2.0 Debian Bullseye Kernel: Depends on container host Compiler: gcc (Debian 10.2.1-6) 10.2.1 20210110 Fedora 40 (Clang) Kernel: Depends on container host Compiler: clang 18.1.8 (Fedora 18.1.8-1.fc40) Fedora 40 Kernel: Depends on container host Compiler: gcc 14.2.1 20240912 (Red Hat 14.2.1-3) Fedora 41 (Clang) Kernel: Depends on container host Compiler: clang 19.1.5 (Fedora 19.1.5-1.fc41) Fedora 41 Kernel: Depends on container host Compiler: gcc 14.2.1 20240912 (Red Hat 14.2.1-3) openSUSE Leap 15 Kernel: Depends on container host Compiler: gcc (SUSE Linux) 7.5.0 RHEL8 Kernel: Depends on container host Compiler: gcc 8.5.0 20210514 (Red Hat 8.5.0-22) Ubuntu 20.04 Kernel: Depends on container host Compiler: gcc (Ubuntu 9.4.0-1ubuntu1~20.04.2) 9.4.0 RHEL9 Kernel: Depends on container host Compiler: gcc 11.5.0 20240719 (Red Hat 11.5.0-2) Ubuntu 22.04 Kernel: Depends on container host Compiler: gcc (Ubuntu 11.4.0-1ubuntu1~22.04) 11.4.0 Ubuntu 24.04 Kernel: Depends on container host Compiler: gcc (Ubuntu 13.3.0-6ubuntu2~24.04) 13.3.0 FreeBSD 13.4 Kernel: 13.4-RELEASE-p1 Compiler: clang 18.1.6 FreeBSD 14.2 Kernel: 14.2-RELEASE Compiler: clang 18.1.6 Windows Server 2022 Kernel: 10.0.20348.2031 Compiler: clang 15.0.7, gcc 14.1.0 (MinGW), and MSVC VS 19.39.33521 To view detailed results, visit: https://lab.dpdk.org/results/dashboard/tarballs/32576/ UNH-IOL DPDK Community Lab To manage your email subscriptions, visit: https://lab.dpdk.org/results/dashboard/preferences/subscriptions/