From mboxrd@z Thu Jan 1 00:00:00 1970 Return-Path: Received: from mails.dpdk.org (mails.dpdk.org [217.70.189.124]) by inbox.dpdk.org (Postfix) with ESMTP id C87DB46223 for ; Fri, 14 Feb 2025 10:36:44 +0100 (CET) Received: from mails.dpdk.org (localhost [127.0.0.1]) by mails.dpdk.org (Postfix) with ESMTP id C452240678; Fri, 14 Feb 2025 10:36:44 +0100 (CET) Received: from mail-pl1-f226.google.com (mail-pl1-f226.google.com [209.85.214.226]) by mails.dpdk.org (Postfix) with ESMTP id 8628240676 for ; Fri, 14 Feb 2025 10:36:43 +0100 (CET) Received: by mail-pl1-f226.google.com with SMTP id d9443c01a7336-21f49bd087cso27321495ad.0 for ; Fri, 14 Feb 2025 01:36:43 -0800 (PST) DKIM-Signature: v=1; a=rsa-sha256; c=relaxed/relaxed; d=iol.unh.edu; s=unh-iol; t=1739525803; x=1740130603; darn=dpdk.org; h=cc:to:from:subject:message-id:date:from:to:cc:subject:date :message-id:reply-to; bh=KlDDM0/mxt0xWU1aoC0+09PdKey7tGM/0mgI1PoljMw=; b=Lakc+okQ5dodJHKJJI1XUiI3wI5Mfh0z6yao49t4JpHSZJKF7C1U3acJaKSN1WueH4 mqm9Va7/gbv8SlB+hTsqD1z832a9/IKppSS/T8t19//d48mOiti/JjMC+iW6q+O96al8 +KXnFyrt1c8kqLIcTriiDXOBznFE+iHZQOooY= X-Google-DKIM-Signature: v=1; a=rsa-sha256; c=relaxed/relaxed; d=1e100.net; s=20230601; t=1739525803; x=1740130603; h=cc:to:from:subject:message-id:date:x-gm-message-state:from:to:cc :subject:date:message-id:reply-to; bh=KlDDM0/mxt0xWU1aoC0+09PdKey7tGM/0mgI1PoljMw=; b=btzpbocyQPwnjb8OFwpjNBSiAhLhEBnaPD0JNZHOopQU9Sd+VTjSYdhBzfy8GCVlVG W8K1BmWJfwSgPquEhw0MBjg4daC16+gSwwWBH+JsPOmpW+OljVCywYcWRiU4Avpmb0o6 e5EtkMW0IllaJWjwmWrYFWs1s8qGNaocx+HuWljTb2o3oi+lRZNz71APlfGsroZl0q1o r5kCYzdTt4AknMGkKfUaTdjFeAmW+DlaxcXV5PJZG6S47ixQWfrKZgpZ6hnvoI0hIXhU uEhoIGTRl4qrrtGxoSm3w01EAVXsPTpaKVezge9g3ISkxJh16jz/A9qtGgb1OXGGQ68W HS9A== X-Gm-Message-State: AOJu0YyeqqKvLeYM1AYob+x09ftmFvckzgXw4MCc8QUZ6YyHr4/Zjfeq gCcaUjwSalYLwRixKTphK7wvdGMHBp3R1haBYn433M7WHDWSyHTmM/eo221mS415OhGDPO+AV9N DeaYDORols1evCngKPjdhR3JCPZvo1EK0bVnoZZkqmCXp9BzF X-Gm-Gg: ASbGncsUZFhyHnHHXz2j5boD4zjqwl0kvCYzfB7nNfqOj1LaUhLXOjwT7gtwFuS3Uiu 7MpO5VOksOsLWm39RIVzjqh7JV3su1oCoDAdgW4CwbRGja4GpF8MCFThojX1ruA+2jXCKuwBFgt 9wHb98nW23sR8k2woSMdDnyj/EQYuxh0aKj5WFCldEcOuZhr4jrh7rEprvdZ0cyEL0Yt6huQ+ip nneq6Ll3PDY3e0eeN/6sbEqMBs8VG0H/Rk7yUbE3AAnVGCKrDla9eJ3a5J4vgBD14/2IPTSlQcV AqZ49BkB9jfSKB9AdisrIVhTJ+QtPRiGRYIKH3mLSg== X-Google-Smtp-Source: AGHT+IGrrWs2fEudv3wpjRwKLmQ6zbnpWyUi9AsafFZPmO1I5l7+dvXAfxZ+a2MwfjAizeZqwWBYAitY96Th X-Received: by 2002:a17:902:c94d:b0:21f:7082:1146 with SMTP id d9443c01a7336-220d20e9442mr78800745ad.30.1739525802737; Fri, 14 Feb 2025 01:36:42 -0800 (PST) Received: from postal.iol.unh.edu (postal.iol.unh.edu. [2606:4100:3880:1234::84]) by smtp-relay.gmail.com with ESMTPS id d9443c01a7336-220d532627csm1707785ad.60.2025.02.14.01.36.42 (version=TLS1_2 cipher=ECDHE-ECDSA-AES128-GCM-SHA256 bits=128/128); Fri, 14 Feb 2025 01:36:42 -0800 (PST) X-Relaying-Domain: iol.unh.edu Date: Fri, 14 Feb 2025 01:36:42 -0800 (PST) Message-ID: <67af0eaa.170a0220.904c8.8c41SMTPIN_ADDED_MISSING@mx.google.com> Received: from [172.21.0.6] (unknown [172.18.0.240]) by postal.iol.unh.edu (Postfix) with ESMTP id D4B886052471; Fri, 14 Feb 2025 04:36:41 -0500 (EST) Subject: |FAILURE| [GIT MASTER] 7ce7d3341d7e21c2a81f2fea8e451681d7306d77 From: dpdklab@iol.unh.edu To: Test Report Cc: dpdk-test-reports@iol.unh.edu, Xueming Li , Christian Ehrhardt , Kevin Traynor , Luca Boccassi Content-Type: text/plain X-BeenThere: test-report@dpdk.org X-Mailman-Version: 2.1.29 Precedence: list List-Id: automatic DPDK test reports List-Unsubscribe: , List-Archive: List-Post: List-Help: List-Subscribe: , Errors-To: test-report-bounces@dpdk.org _Testing issues_ Branch: tags/v22.11 7ce7d3341d7e21c2a81f2fea8e451681d7306d77 --> testing issues Upstream job id: Generic-VM-Unit-Test-DPDK#27231 Test environment and result as below: +---------------------+----------------+ | Environment | dpdk_unit_test | +=====================+================+ | Fedora 40 (Clang) | FAIL | +---------------------+----------------+ | Fedora 40 | FAIL | +---------------------+----------------+ | Debian Bullseye | FAIL | +---------------------+----------------+ | Debian 12 | FAIL | +---------------------+----------------+ | CentOS Stream 9 | FAIL | +---------------------+----------------+ | Fedora 41 | FAIL | +---------------------+----------------+ | RHEL8 | FAIL | +---------------------+----------------+ | CentOS Stream 10 | FAIL | +---------------------+----------------+ | Fedora 41 (Clang) | FAIL | +---------------------+----------------+ | RHEL9 | FAIL | +---------------------+----------------+ | Ubuntu 20.04 | FAIL | +---------------------+----------------+ | Ubuntu 22.04 | FAIL | +---------------------+----------------+ | Ubuntu 24.04 | FAIL | +---------------------+----------------+ | Windows Server 2022 | FAIL | +---------------------+----------------+ ==== Unit test summary for Windows Server 2022 (dpdk_unit_test): ==== Failed to get the unit test results. Displaying the unit test results is not supported for some environments, such as our aarch32 testing, where meson is not used to run the tests. Download the logs available on our CI site. ==== End log output ==== Fedora 40 (Clang) Kernel: Depends on container host Compiler: clang 18.1.8 (Fedora 18.1.8-1.fc40) Fedora 40 Kernel: Depends on container host Compiler: gcc 14.2.1 20240912 (Red Hat 14.2.1-3) Debian Bullseye Kernel: Depends on container host Compiler: gcc (Debian 10.2.1-6) 10.2.1 20210110 Debian 12 Kernel: Depends on container host Compiler: gcc (Debian 12.2.0-14) 12.2.0 CentOS Stream 9 Kernel: Depends on container host Compiler: gcc 11.5.0 20240719 (Red Hat 11.5.0-2) Fedora 41 Kernel: Depends on container host Compiler: gcc 14.2.1 20240912 (Red Hat 14.2.1-3) RHEL8 Kernel: Depends on container host Compiler: gcc 8.5.0 20210514 (Red Hat 8.5.0-22) CentOS Stream 10 Kernel: Depends on container host Compiler: gcc 14.2.1 20241104 (Red Hat 14.2.1-6) Fedora 41 (Clang) Kernel: Depends on container host Compiler: clang 19.1.5 (Fedora 19.1.5-1.fc41) RHEL9 Kernel: Depends on container host Compiler: gcc 11.5.0 20240719 (Red Hat 11.5.0-2) Ubuntu 20.04 Kernel: Depends on container host Compiler: gcc (Ubuntu 9.4.0-1ubuntu1~20.04.2) 9.4.0 Ubuntu 22.04 Kernel: Depends on container host Compiler: gcc (Ubuntu 11.4.0-1ubuntu1~22.04) 11.4.0 Ubuntu 24.04 Kernel: Depends on container host Compiler: gcc (Ubuntu 13.3.0-6ubuntu2~24.04) 13.3.0 Windows Server 2022 Kernel: 10.0.20348.2031 Compiler: clang 15.0.7, gcc 14.1.0 (MinGW), and MSVC VS 19.39.33521 To view detailed results, visit: https://lab.dpdk.org/results/dashboard/tarballs/32576/ UNH-IOL DPDK Community Lab To manage your email subscriptions, visit: https://lab.dpdk.org/results/dashboard/preferences/subscriptions/