From mboxrd@z Thu Jan 1 00:00:00 1970 Return-Path: Received: from mails.dpdk.org (mails.dpdk.org [217.70.189.124]) by inbox.dpdk.org (Postfix) with ESMTP id 3437646223 for ; Fri, 14 Feb 2025 10:38:51 +0100 (CET) Received: from mails.dpdk.org (localhost [127.0.0.1]) by mails.dpdk.org (Postfix) with ESMTP id 0561D4064F; Fri, 14 Feb 2025 10:38:51 +0100 (CET) Received: from mail-qv1-f100.google.com (mail-qv1-f100.google.com [209.85.219.100]) by mails.dpdk.org (Postfix) with ESMTP id 150714064A for ; Fri, 14 Feb 2025 10:38:49 +0100 (CET) Received: by mail-qv1-f100.google.com with SMTP id 6a1803df08f44-6e65baef2edso14565966d6.2 for ; Fri, 14 Feb 2025 01:38:49 -0800 (PST) DKIM-Signature: v=1; a=rsa-sha256; c=relaxed/relaxed; d=iol.unh.edu; s=unh-iol; t=1739525928; x=1740130728; darn=dpdk.org; h=cc:to:from:subject:message-id:date:from:to:cc:subject:date :message-id:reply-to; bh=enqnbhA+i84zLCO6eNl2PlYBbxchazkASxev8XIHzHk=; b=W62i+1AGrYZg+FYxFbSAiD0Hgh9pW3uWwG06E/U7/qITo9AzpYl74HTPoEJZ6LM6Fl 9YiPhKwwHpbraMnkhfqF4R8K0b88uhrPj/KNmg50EHkqksmExgmGgOXVM0TtUL3Jycv5 4VTK+s5YWU1WTLQxJT9sgsHo8FjYbR+tL88XI= X-Google-DKIM-Signature: v=1; a=rsa-sha256; c=relaxed/relaxed; d=1e100.net; s=20230601; t=1739525928; x=1740130728; h=cc:to:from:subject:message-id:date:x-gm-message-state:from:to:cc :subject:date:message-id:reply-to; bh=enqnbhA+i84zLCO6eNl2PlYBbxchazkASxev8XIHzHk=; b=ZMbDMjaoNoy/D6PdKVO65uOyALKdRlSuf5o+OoQE1buPQcXOIjgZsO3o7VwKXDSoxA rAUg9oieqeTlTse5SdDU4BJJ+Vl1209UYr2G4bgEEaq3jygvz7wQPrY6iNLR2n2QodpU TDv+Rzx2rtg3DsAK+1ZWHb3fWQEryB9Qh5cD+gw1NfSQ4AVs2ej2qH3i4NHhGSKfuGkG yAxzkH+ounCMQ8viL4Rd7pCTsZhZvc/LXDr1r3MxE6anXaPhzamkAeL7xJujY60O76dr qOyyISl48Hr7vqfLNVWuyEaJNBGfN8h7KNUIZLwcCHQR/BPRtH0dVDUOagGSbi4Onb3j I+hw== X-Gm-Message-State: AOJu0Ywuq9fq5z5XB8gszd162tWewBxzrNH5lX3vdhQnhkWoIBdz5ABQ mw63h3g8U/Hrzw+m82c5VPS1hqdsPaFBPmYSRiqNSfFB92NejVp4d3/VemABXKrpG5X5RdgsT10 4py4l8H9FY0Bj8LyYMOCJg+OS0WTpSaOe X-Gm-Gg: ASbGncsMWLTsy7qAH7YV54oh7rkw06Mc8tT4C2m/pVfu4xCVbRZ1rZIVmHjCQcNKhXY XB0YMYoMQymaHZCMgCphRHg5zOt5qgLyQN4Kr71PwaBV8EBhbeKVUqLTmTPV1xmY05PA1xUVQ0W HonCTBzDoJkyrSLEEqneDJ2Jr6XvADPz3s+r+QPVUrq2SeLqblO2NHwzIeowmVdIm28swlzzmY6 v0UHmlc6TI8HcSjcgV2gGHFqorrO+mUeAkgQBHG9kco2EQwNE6G4SqLQj3ewYCX9sjMR7g41jtN 2BfXlTVRCtwdz2IEl+l5mA2BtQPPOQ== X-Google-Smtp-Source: AGHT+IE3z6/Get4Gh5qZPSzQ7NNtX9VPjtwR5UYtNFz5Vi64QrL9K/vFtYxCSq3zfNTpuw7mA5roFZ6PR/td X-Received: by 2002:a05:6214:1d24:b0:6d8:b3a7:75a5 with SMTP id 6a1803df08f44-6e46f8d5dbcmr166016166d6.42.1739525928419; Fri, 14 Feb 2025 01:38:48 -0800 (PST) Received: from postal.iol.unh.edu (postal.iol.unh.edu. [132.177.123.84]) by smtp-relay.gmail.com with ESMTPS id 6a1803df08f44-6e65d72c52dsm1493376d6.14.2025.02.14.01.38.48 (version=TLS1_2 cipher=ECDHE-ECDSA-AES128-GCM-SHA256 bits=128/128); Fri, 14 Feb 2025 01:38:48 -0800 (PST) X-Relaying-Domain: iol.unh.edu Date: Fri, 14 Feb 2025 01:38:48 -0800 (PST) Message-ID: <67af0f28.050a0220.265da4.7e38SMTPIN_ADDED_MISSING@mx.google.com> Received: from [172.17.0.5] (unknown [172.18.0.217]) by postal.iol.unh.edu (Postfix) with ESMTP id 127E76052471; Fri, 14 Feb 2025 04:38:48 -0500 (EST) Subject: |WARNING| [GIT MASTER] 7ce7d3341d7e21c2a81f2fea8e451681d7306d77 From: dpdklab@iol.unh.edu To: Test Report Cc: dpdk-test-reports@iol.unh.edu, Xueming Li , Christian Ehrhardt , Kevin Traynor , Luca Boccassi Content-Type: text/plain X-BeenThere: test-report@dpdk.org X-Mailman-Version: 2.1.29 Precedence: list List-Id: automatic DPDK test reports List-Unsubscribe: , List-Archive: List-Post: List-Help: List-Subscribe: , Errors-To: test-report-bounces@dpdk.org _Testing issues_ Branch: tags/v22.11 7ce7d3341d7e21c2a81f2fea8e451681d7306d77 --> testing issues Upstream job id: Generic-DPDK-Compile-Meson#361645 Test environment and result as below: +---------------------+--------------------+-------------------------+ | Environment | dpdk_meson_compile | dpdk_llvm_clang_compile | +=====================+====================+=========================+ | CentOS Stream 9 | PASS | SKIPPED | +---------------------+--------------------+-------------------------+ | CentOS Stream 10 | PEND | SKIPPED | +---------------------+--------------------+-------------------------+ | Debian 12 | PASS | SKIPPED | +---------------------+--------------------+-------------------------+ | Debian Bullseye | PASS | SKIPPED | +---------------------+--------------------+-------------------------+ | Fedora 40 (Clang) | PASS | SKIPPED | +---------------------+--------------------+-------------------------+ | Fedora 40 | PEND | SKIPPED | +---------------------+--------------------+-------------------------+ | Fedora 41 (Clang) | PASS | SKIPPED | +---------------------+--------------------+-------------------------+ | Fedora 41 | PASS | SKIPPED | +---------------------+--------------------+-------------------------+ | openSUSE Leap 15 | PASS | SKIPPED | +---------------------+--------------------+-------------------------+ | RHEL8 | PASS | SKIPPED | +---------------------+--------------------+-------------------------+ | Ubuntu 20.04 | PEND | SKIPPED | +---------------------+--------------------+-------------------------+ | RHEL9 | PEND | SKIPPED | +---------------------+--------------------+-------------------------+ | Ubuntu 22.04 | PEND | SKIPPED | +---------------------+--------------------+-------------------------+ | Ubuntu 24.04 | PASS | SKIPPED | +---------------------+--------------------+-------------------------+ | FreeBSD 13.4 | PASS | SKIPPED | +---------------------+--------------------+-------------------------+ | FreeBSD 14.2 | PASS | SKIPPED | +---------------------+--------------------+-------------------------+ | Windows Server 2022 | SKIPPED | FAIL | +---------------------+--------------------+-------------------------+ ==== 20 line log output for Windows Server 2022 (dpdk_llvm_clang_compile): ==== ..\lib\eal\include/rte_common.h:850:32: note: expanded from macro 'RTE_FMT_TAIL' #define RTE_FMT_TAIL(fmt, ...) __VA_ARGS__ ^~~~~~~~~~~ ..\lib\eal\include/rte_common.h:848:39: note: expanded from macro 'RTE_FMT' #define RTE_FMT(fmt, ...) fmt "%.0s", __VA_ARGS__ "" ^~~~~~~~~~~ ../drivers/crypto/mlx5/mlx5_crypto.c:463:18: note: forward declaration of 'struct mlx5_err_cqe' volatile struct mlx5_err_cqe *cqe = (volatile struct mlx5_err_cqe *) ^ 3 errors generated. [628/788] Compiling C object drivers/libtmp_rte_crypto_mlx5.a.p/crypto_mlx5_mlx5_crypto_dek.c.obj [629/788] Compiling C object drivers/libtmp_rte_net_vmxnet3.a.p/net_vmxnet3_vmxnet3_rxtx.c.obj [630/788] Generating rte_net_octeon_ep.pmd.c with a custom command (wrapped by meson to set PATH) [631/788] Compiling C object app/dpdk-testpmd.exe.p/test-pmd_5tswap.c.obj [632/788] Compiling C object app/dpdk-testpmd.exe.p/test-pmd_cmdline_tm.c.obj [633/788] Compiling C object drivers/libtmp_rte_net_mlx5.a.p/net_mlx5_mlx5_tx_empw.c.obj [634/788] Compiling C object app/dpdk-testpmd.exe.p/test-pmd_cmd_flex_item.c.obj [635/788] Compiling C object app/test/dpdk-test.exe.p/test_cryptodev.c.obj [636/788] Compiling C object drivers/libtmp_rte_net_mlx5.a.p/net_mlx5_mlx5_tx_txpp.c.obj ninja: build stopped: subcommand failed. ==== End log output ==== CentOS Stream 9 Kernel: Depends on container host Compiler: gcc 11.5.0 20240719 (Red Hat 11.5.0-2) CentOS Stream 10 Kernel: Depends on container host Compiler: gcc 14.2.1 20241104 (Red Hat 14.2.1-6) Debian 12 Kernel: Depends on container host Compiler: gcc (Debian 12.2.0-14) 12.2.0 Debian Bullseye Kernel: Depends on container host Compiler: gcc (Debian 10.2.1-6) 10.2.1 20210110 Fedora 40 (Clang) Kernel: Depends on container host Compiler: clang 18.1.8 (Fedora 18.1.8-1.fc40) Fedora 40 Kernel: Depends on container host Compiler: gcc 14.2.1 20240912 (Red Hat 14.2.1-3) Fedora 41 (Clang) Kernel: Depends on container host Compiler: clang 19.1.5 (Fedora 19.1.5-1.fc41) Fedora 41 Kernel: Depends on container host Compiler: gcc 14.2.1 20240912 (Red Hat 14.2.1-3) openSUSE Leap 15 Kernel: Depends on container host Compiler: gcc (SUSE Linux) 7.5.0 RHEL8 Kernel: Depends on container host Compiler: gcc 8.5.0 20210514 (Red Hat 8.5.0-22) Ubuntu 20.04 Kernel: Depends on container host Compiler: gcc (Ubuntu 9.4.0-1ubuntu1~20.04.2) 9.4.0 RHEL9 Kernel: Depends on container host Compiler: gcc 11.5.0 20240719 (Red Hat 11.5.0-2) Ubuntu 22.04 Kernel: Depends on container host Compiler: gcc (Ubuntu 11.4.0-1ubuntu1~22.04) 11.4.0 Ubuntu 24.04 Kernel: Depends on container host Compiler: gcc (Ubuntu 13.3.0-6ubuntu2~24.04) 13.3.0 FreeBSD 13.4 Kernel: 13.4-RELEASE-p1 Compiler: clang 18.1.6 FreeBSD 14.2 Kernel: 14.2-RELEASE Compiler: clang 18.1.6 Windows Server 2022 Kernel: 10.0.20348.2031 Compiler: clang 15.0.7, gcc 14.1.0 (MinGW), and MSVC VS 19.39.33521 To view detailed results, visit: https://lab.dpdk.org/results/dashboard/tarballs/32576/ UNH-IOL DPDK Community Lab To manage your email subscriptions, visit: https://lab.dpdk.org/results/dashboard/preferences/subscriptions/