From mboxrd@z Thu Jan 1 00:00:00 1970 Return-Path: Received: from mails.dpdk.org (mails.dpdk.org [217.70.189.124]) by inbox.dpdk.org (Postfix) with ESMTP id 346F646223 for ; Fri, 14 Feb 2025 10:39:28 +0100 (CET) Received: from mails.dpdk.org (localhost [127.0.0.1]) by mails.dpdk.org (Postfix) with ESMTP id 2F78D4064F; Fri, 14 Feb 2025 10:39:28 +0100 (CET) Received: from mail-pl1-f225.google.com (mail-pl1-f225.google.com [209.85.214.225]) by mails.dpdk.org (Postfix) with ESMTP id 7F4E94064A for ; Fri, 14 Feb 2025 10:39:26 +0100 (CET) Received: by mail-pl1-f225.google.com with SMTP id d9443c01a7336-21f48ebaadfso36881935ad.2 for ; Fri, 14 Feb 2025 01:39:26 -0800 (PST) DKIM-Signature: v=1; a=rsa-sha256; c=relaxed/relaxed; d=iol.unh.edu; s=unh-iol; t=1739525965; x=1740130765; darn=dpdk.org; h=cc:to:from:subject:message-id:date:from:to:cc:subject:date :message-id:reply-to; bh=OkQNr+QIOq1kmZET/gIoBK+29JCegXl2CVn73wFVQ3s=; b=C3WlIMVciaqWzyS5yXCuO6A0SMFJBVLY31hCn8oNZbA7q492nrHL8fbUyASYVd+xBS 8jDs5dFZkRICmMIdARoZ887Bnp9i1tjR9lFvYR4KP8OacDv4K7n0rCJKxAogNnu2SQ9G kMjjCRcmRan65On/EDVLy6sRhsdG555YHCqlE= X-Google-DKIM-Signature: v=1; a=rsa-sha256; c=relaxed/relaxed; d=1e100.net; s=20230601; t=1739525965; x=1740130765; h=cc:to:from:subject:message-id:date:x-gm-message-state:from:to:cc :subject:date:message-id:reply-to; bh=OkQNr+QIOq1kmZET/gIoBK+29JCegXl2CVn73wFVQ3s=; b=DTAXMTILjbWqAl6d5biPDVecpIsC9hK1f6lGOztTEc0pWABLoCxAIX2CDYf3JCXrst S1Gk/FNBFZ2DCn9DYbRT7mzXfqUdrZA60I0tLkIaAk2X7VzJpQWhQjhWYhBSR3cmwL07 dP7R4KXKoRPaujip61e90DWZvQQhCehij0snIaa/bjwFKj9JOywWw7MrpQ8Fbgn9DJ17 J5Gkpdz2STiHcM1s6HSWDV7Agy7Up+faFkquOCa5ESN28kgMTL2q/Hd6eVizLzR+Q6+i lQYCJOtvMqLeyC6IPqKJxdoKUj2VQc5YKtNQID7eXFm+ELKuVTCHzdu+jWEc3MNLU2Yz I3tQ== X-Gm-Message-State: AOJu0YyLAuEhvEQKgnPKIPxFBNZTUX/2hQpiKs+wwUmsqiD5t/t2BjjG pOAx/pbg0FL16FBUr0zThXLxOLoMI846M/DwWCrp3uqRRia+Ucd0e/MJNv9Amjw+MFcGHLYKYgn XRo6nJQmErxZnNqQa/ujjFB11Q1zotWbx X-Gm-Gg: ASbGncti26rUKEX9UuC3jxU8sbM3qYNkldVEAY2d1G/9+5ThPcVAkAzPGwgcIQa57qj udEnCBB4x6v1cziHQWmAZ6iqFZWrjrPWbTMhPmSku0J1izcgZ6KUxtO6pL5Rx9dTZUYuLH8DXDb DBJsnBri1Dw7uS+4Ko08wHA95LW+3m1Ma7KTI7yZBcqeVvtIcyp+s+jgEt1PwiI0XA7Bi6Zb1uv lkSegwiL70+30L3/3S4hd6uqZFI/yjUOX6NtjnDyivAhxeggK4AoTgamscPYhD1bERsZYnAllRn +TLz/003kCbX8l2okQV3rXUi8RC5+g== X-Google-Smtp-Source: AGHT+IEaFZbWy3mnWxrHlPSL7CXbftPcKgcVBTvgmfrZl1mmgyHHcj481YdXnfKxESp5J7KUWX5xWqTO88bc X-Received: by 2002:a05:6a00:985:b0:730:937f:e838 with SMTP id d2e1a72fcca58-7322c41b9f0mr17308722b3a.22.1739525965599; Fri, 14 Feb 2025 01:39:25 -0800 (PST) Received: from postal.iol.unh.edu (postal.iol.unh.edu. [132.177.123.84]) by smtp-relay.gmail.com with ESMTPS id d2e1a72fcca58-7324256df7dsm208168b3a.8.2025.02.14.01.39.25 (version=TLS1_2 cipher=ECDHE-ECDSA-AES128-GCM-SHA256 bits=128/128); Fri, 14 Feb 2025 01:39:25 -0800 (PST) X-Relaying-Domain: iol.unh.edu Date: Fri, 14 Feb 2025 01:39:25 -0800 (PST) Message-ID: <67af0f4d.050a0220.227ac6.a840SMTPIN_ADDED_MISSING@mx.google.com> Received: from [172.21.0.6] (unknown [172.18.0.240]) by postal.iol.unh.edu (Postfix) with ESMTP id 7B7026052471; Fri, 14 Feb 2025 04:39:24 -0500 (EST) Subject: |WARNING| [GIT MASTER] 7ce7d3341d7e21c2a81f2fea8e451681d7306d77 From: dpdklab@iol.unh.edu To: Test Report Cc: dpdk-test-reports@iol.unh.edu, Xueming Li , Christian Ehrhardt , Kevin Traynor , Luca Boccassi Content-Type: text/plain X-BeenThere: test-report@dpdk.org X-Mailman-Version: 2.1.29 Precedence: list List-Id: automatic DPDK test reports List-Unsubscribe: , List-Archive: List-Post: List-Help: List-Subscribe: , Errors-To: test-report-bounces@dpdk.org _Testing issues_ Branch: tags/v22.11 7ce7d3341d7e21c2a81f2fea8e451681d7306d77 --> testing issues Upstream job id: Generic-VM-DPDK-Compile-Meson#33296 Test environment and result as below: +---------------------+--------------------+-------------------------+ | Environment | dpdk_meson_compile | dpdk_llvm_clang_compile | +=====================+====================+=========================+ | CentOS Stream 9 | PASS | SKIPPED | +---------------------+--------------------+-------------------------+ | CentOS Stream 10 | PEND | SKIPPED | +---------------------+--------------------+-------------------------+ | Debian 12 | PASS | SKIPPED | +---------------------+--------------------+-------------------------+ | Debian Bullseye | PASS | SKIPPED | +---------------------+--------------------+-------------------------+ | Fedora 40 (Clang) | PASS | SKIPPED | +---------------------+--------------------+-------------------------+ | Fedora 40 | PEND | SKIPPED | +---------------------+--------------------+-------------------------+ | Fedora 41 (Clang) | PASS | SKIPPED | +---------------------+--------------------+-------------------------+ | Fedora 41 | PASS | SKIPPED | +---------------------+--------------------+-------------------------+ | openSUSE Leap 15 | PASS | SKIPPED | +---------------------+--------------------+-------------------------+ | RHEL8 | PASS | SKIPPED | +---------------------+--------------------+-------------------------+ | Ubuntu 20.04 | PASS | SKIPPED | +---------------------+--------------------+-------------------------+ | RHEL9 | PEND | SKIPPED | +---------------------+--------------------+-------------------------+ | Ubuntu 22.04 | PEND | SKIPPED | +---------------------+--------------------+-------------------------+ | Ubuntu 24.04 | PASS | SKIPPED | +---------------------+--------------------+-------------------------+ | FreeBSD 13.4 | PASS | SKIPPED | +---------------------+--------------------+-------------------------+ | FreeBSD 14.2 | PASS | SKIPPED | +---------------------+--------------------+-------------------------+ | Windows Server 2022 | SKIPPED | FAIL | +---------------------+--------------------+-------------------------+ ==== 20 line log output for Windows Server 2022 (dpdk_llvm_clang_compile): ==== ..\lib\eal\include/rte_common.h:850:32: note: expanded from macro 'RTE_FMT_TAIL' #define RTE_FMT_TAIL(fmt, ...) __VA_ARGS__ ^~~~~~~~~~~ ..\lib\eal\include/rte_common.h:848:39: note: expanded from macro 'RTE_FMT' #define RTE_FMT(fmt, ...) fmt "%.0s", __VA_ARGS__ "" ^~~~~~~~~~~ ../drivers/crypto/mlx5/mlx5_crypto.c:463:18: note: forward declaration of 'struct mlx5_err_cqe' volatile struct mlx5_err_cqe *cqe = (volatile struct mlx5_err_cqe *) ^ 3 errors generated. [628/788] Compiling C object drivers/libtmp_rte_crypto_mlx5.a.p/crypto_mlx5_mlx5_crypto_dek.c.obj [629/788] Compiling C object drivers/libtmp_rte_net_vmxnet3.a.p/net_vmxnet3_vmxnet3_rxtx.c.obj [630/788] Generating rte_net_octeon_ep.pmd.c with a custom command (wrapped by meson to set PATH) [631/788] Compiling C object app/dpdk-testpmd.exe.p/test-pmd_5tswap.c.obj [632/788] Compiling C object app/dpdk-testpmd.exe.p/test-pmd_cmdline_tm.c.obj [633/788] Compiling C object drivers/libtmp_rte_net_mlx5.a.p/net_mlx5_mlx5_tx_empw.c.obj [634/788] Compiling C object app/dpdk-testpmd.exe.p/test-pmd_cmd_flex_item.c.obj [635/788] Compiling C object app/test/dpdk-test.exe.p/test_cryptodev.c.obj [636/788] Compiling C object drivers/libtmp_rte_net_mlx5.a.p/net_mlx5_mlx5_tx_txpp.c.obj ninja: build stopped: subcommand failed. ==== End log output ==== CentOS Stream 9 Kernel: Depends on container host Compiler: gcc 11.5.0 20240719 (Red Hat 11.5.0-2) CentOS Stream 10 Kernel: Depends on container host Compiler: gcc 14.2.1 20241104 (Red Hat 14.2.1-6) Debian 12 Kernel: Depends on container host Compiler: gcc (Debian 12.2.0-14) 12.2.0 Debian Bullseye Kernel: Depends on container host Compiler: gcc (Debian 10.2.1-6) 10.2.1 20210110 Fedora 40 (Clang) Kernel: Depends on container host Compiler: clang 18.1.8 (Fedora 18.1.8-1.fc40) Fedora 40 Kernel: Depends on container host Compiler: gcc 14.2.1 20240912 (Red Hat 14.2.1-3) Fedora 41 (Clang) Kernel: Depends on container host Compiler: clang 19.1.5 (Fedora 19.1.5-1.fc41) Fedora 41 Kernel: Depends on container host Compiler: gcc 14.2.1 20240912 (Red Hat 14.2.1-3) openSUSE Leap 15 Kernel: Depends on container host Compiler: gcc (SUSE Linux) 7.5.0 RHEL8 Kernel: Depends on container host Compiler: gcc 8.5.0 20210514 (Red Hat 8.5.0-22) Ubuntu 20.04 Kernel: Depends on container host Compiler: gcc (Ubuntu 9.4.0-1ubuntu1~20.04.2) 9.4.0 RHEL9 Kernel: Depends on container host Compiler: gcc 11.5.0 20240719 (Red Hat 11.5.0-2) Ubuntu 22.04 Kernel: Depends on container host Compiler: gcc (Ubuntu 11.4.0-1ubuntu1~22.04) 11.4.0 Ubuntu 24.04 Kernel: Depends on container host Compiler: gcc (Ubuntu 13.3.0-6ubuntu2~24.04) 13.3.0 FreeBSD 13.4 Kernel: 13.4-RELEASE-p1 Compiler: clang 18.1.6 FreeBSD 14.2 Kernel: 14.2-RELEASE Compiler: clang 18.1.6 Windows Server 2022 Kernel: 10.0.20348.2031 Compiler: clang 15.0.7, gcc 14.1.0 (MinGW), and MSVC VS 19.39.33521 To view detailed results, visit: https://lab.dpdk.org/results/dashboard/tarballs/32576/ UNH-IOL DPDK Community Lab To manage your email subscriptions, visit: https://lab.dpdk.org/results/dashboard/preferences/subscriptions/