From mboxrd@z Thu Jan 1 00:00:00 1970 Return-Path: Received: from mails.dpdk.org (mails.dpdk.org [217.70.189.124]) by inbox.dpdk.org (Postfix) with ESMTP id 206D146225 for ; Sat, 15 Feb 2025 09:16:47 +0100 (CET) Received: from mails.dpdk.org (localhost [127.0.0.1]) by mails.dpdk.org (Postfix) with ESMTP id EBAB54028A; Sat, 15 Feb 2025 09:16:46 +0100 (CET) Received: from mail-pj1-f97.google.com (mail-pj1-f97.google.com [209.85.216.97]) by mails.dpdk.org (Postfix) with ESMTP id AC503400D7 for ; Sat, 15 Feb 2025 09:16:45 +0100 (CET) Received: by mail-pj1-f97.google.com with SMTP id 98e67ed59e1d1-2fc042c9290so4527754a91.0 for ; Sat, 15 Feb 2025 00:16:45 -0800 (PST) DKIM-Signature: v=1; a=rsa-sha256; c=relaxed/relaxed; d=iol.unh.edu; s=unh-iol; t=1739607405; x=1740212205; darn=dpdk.org; h=cc:to:from:subject:message-id:date:from:to:cc:subject:date :message-id:reply-to; bh=PZk5WrnzLCk7ADnUEDQL3MAcbSa0pC4nLtgtylmSAD0=; b=Xdk+TYby6GAsHjjBvlNai7zP38NzqeV266LcfVidCyECKNiZqAkCrMfmY2QZzWGIm9 S4vPyZRCHsID1JZJgdGaqNnczP8PiYaLSpDsunDd0jE4jplMycveUaKxq7D1DDPQbKKz Yfkk6qe9hEP6W/DbbpFUbXRPZZht4Imh1ztJA= X-Google-DKIM-Signature: v=1; a=rsa-sha256; c=relaxed/relaxed; d=1e100.net; s=20230601; t=1739607405; x=1740212205; h=cc:to:from:subject:message-id:date:x-gm-message-state:from:to:cc :subject:date:message-id:reply-to; bh=PZk5WrnzLCk7ADnUEDQL3MAcbSa0pC4nLtgtylmSAD0=; b=eRmkWJXoPBLPy0WhGZC0XQO4b4IA6NGSyJcSJjji4QY0iMIgC/eIgKXRI4V/n6uStR np04WyGEh9cn+bw9UP51ig7gRWQnpmZrEk6FaGCzG2nsR0yN+TJXQPwNwCYMgSKhGo5B SKqnxC8y3MBjL68jeRaYARfOU51hbofBGa5kOMLEWC56sxEOMkGiOi3m3neVUUOXrNqW z85J6uKPA8DwXGJB735jflKLRBggMZ9b/B1uufqY0Rgb7VhJa3FB/U+/d75fKjGidCVO 81YG9VekORupRF4j/4W4D7GJegAjc2F6d6YYWU5ViV87MEinfeClsp20QhsoPEM3CQzq CFbA== X-Gm-Message-State: AOJu0Yy04aubIx1jPYDRs/rO5jLDGfkxdELGgpQfSFi51qQiPb/INL3C 8kDfdXEQbDNbJO5bmui/YV1EArDC24Dg7LYtvBpsUO6Ny3+jjytB4NS957vxQx3rERT/3BnxGHk SeI0cBVeSmeZb8ooFfmd7QG2QVtlmCqE5 X-Gm-Gg: ASbGnctcaMHUuh/PNPJicshiCROUVHJedcTa2vhKtzYIMKUs/NRX4DNUXftREYAnjRI TAwcpCcT9aVsgJtARCCbMw8C2gg4GUJ7ZM5K0P49afwdfCkBf4HslZpnKBW7a+ugVncVpx9+vjd r8Ij17w3JttbaENolTk5VMSlpI681hXSOCS5bW6zsJ9/nvOgigpHZoIwb/CGBQ9wTQcIy6bD9mY +aiqoxtqUI+kyiV37cD/bsZnZiF9aHqw2Fo2A7NIHTQnHJtHghyzAT0I9GfdLbvD3Ruumrq8gCK PbXcaCODFHnZccLHfpF2UGAUBSBsfg== X-Google-Smtp-Source: AGHT+IGXALeccRQ/78/qGHXWTwZy+50NA14mL6dTQrKmhXDsatlmrOyGQC4FtR9pHbZPB3zMktp6kyNoLCLT X-Received: by 2002:a17:90b:3c0d:b0:2ee:dd9b:e402 with SMTP id 98e67ed59e1d1-2fc40f105c5mr4116605a91.12.1739607404807; Sat, 15 Feb 2025 00:16:44 -0800 (PST) Received: from postal.iol.unh.edu (postal.iol.unh.edu. [132.177.123.84]) by smtp-relay.gmail.com with ESMTPS id 98e67ed59e1d1-2fc4491c223sm46440a91.14.2025.02.15.00.16.44 (version=TLS1_2 cipher=ECDHE-ECDSA-AES128-GCM-SHA256 bits=128/128); Sat, 15 Feb 2025 00:16:44 -0800 (PST) X-Relaying-Domain: iol.unh.edu Date: Sat, 15 Feb 2025 00:16:44 -0800 (PST) Message-ID: <67b04d6c.170a0220.15a052.2145SMTPIN_ADDED_MISSING@mx.google.com> Received: from [172.21.0.6] (unknown [172.18.0.240]) by postal.iol.unh.edu (Postfix) with ESMTP id D87066052471; Sat, 15 Feb 2025 03:16:43 -0500 (EST) Subject: |WARNING| [GIT MASTER] 7ce7d3341d7e21c2a81f2fea8e451681d7306d77 From: dpdklab@iol.unh.edu To: Test Report Cc: dpdk-test-reports@iol.unh.edu, Xueming Li , Christian Ehrhardt , Kevin Traynor , Luca Boccassi Content-Type: text/plain X-BeenThere: test-report@dpdk.org X-Mailman-Version: 2.1.29 Precedence: list List-Id: automatic DPDK test reports List-Unsubscribe: , List-Archive: List-Post: List-Help: List-Subscribe: , Errors-To: test-report-bounces@dpdk.org _Testing issues_ Branch: tags/v22.11 7ce7d3341d7e21c2a81f2fea8e451681d7306d77 --> testing issues Upstream job id: Windows-Compile-DPDK-Native#26692 Test environment and result as below: +---------------------+--------------------+-------------------------+ | Environment | dpdk_meson_compile | dpdk_llvm_clang_compile | +=====================+====================+=========================+ | CentOS Stream 9 | PASS | SKIPPED | +---------------------+--------------------+-------------------------+ | CentOS Stream 10 | PASS | SKIPPED | +---------------------+--------------------+-------------------------+ | Debian Bullseye | PASS | SKIPPED | +---------------------+--------------------+-------------------------+ | Debian 12 | PASS | SKIPPED | +---------------------+--------------------+-------------------------+ | Fedora 40 (Clang) | PASS | SKIPPED | +---------------------+--------------------+-------------------------+ | RHEL8 | PASS | SKIPPED | +---------------------+--------------------+-------------------------+ | Fedora 40 | PASS | SKIPPED | +---------------------+--------------------+-------------------------+ | Fedora 41 | PASS | SKIPPED | +---------------------+--------------------+-------------------------+ | openSUSE Leap 15 | PASS | SKIPPED | +---------------------+--------------------+-------------------------+ | Fedora 41 (Clang) | PASS | SKIPPED | +---------------------+--------------------+-------------------------+ | RHEL9 | PEND | SKIPPED | +---------------------+--------------------+-------------------------+ | Ubuntu 24.04 | PASS | SKIPPED | +---------------------+--------------------+-------------------------+ | Ubuntu 20.04 | PASS | SKIPPED | +---------------------+--------------------+-------------------------+ | Ubuntu 22.04 | PASS | SKIPPED | +---------------------+--------------------+-------------------------+ | FreeBSD 13.4 | PASS | SKIPPED | +---------------------+--------------------+-------------------------+ | FreeBSD 14.2 | PASS | SKIPPED | +---------------------+--------------------+-------------------------+ | Windows Server 2022 | SKIPPED | FAIL | +---------------------+--------------------+-------------------------+ ==== 20 line log output for Windows Server 2022 (dpdk_llvm_clang_compile): ==== ..\lib\eal\include/rte_common.h:850:32: note: expanded from macro 'RTE_FMT_TAIL' #define RTE_FMT_TAIL(fmt, ...) __VA_ARGS__ ^~~~~~~~~~~ ..\lib\eal\include/rte_common.h:848:39: note: expanded from macro 'RTE_FMT' #define RTE_FMT(fmt, ...) fmt "%.0s", __VA_ARGS__ "" ^~~~~~~~~~~ ../drivers/crypto/mlx5/mlx5_crypto.c:463:18: note: forward declaration of 'struct mlx5_err_cqe' volatile struct mlx5_err_cqe *cqe = (volatile struct mlx5_err_cqe *) ^ 3 errors generated. [621/788] Compiling C object app/dpdk-test-gpudev.exe.p/test-gpudev_main.c.obj [622/788] Linking static target drivers/libtmp_rte_net_vmxnet3.a [623/788] Compiling C object app/dpdk-testpmd.exe.p/test-pmd_5tswap.c.obj [624/788] Generating rte_net_octeon_ep.pmd.c with a custom command (wrapped by meson to set PATH) [625/788] Compiling C object app/dpdk-testpmd.exe.p/test-pmd_cmd_flex_item.c.obj [626/788] Compiling C object drivers/libtmp_rte_net_mlx5.a.p/net_mlx5_mlx5_tx_nompw.c.obj [627/788] Compiling C object app/dpdk-testpmd.exe.p/test-pmd_csumonly.c.obj [628/788] Compiling C object drivers/libtmp_rte_net_mlx5.a.p/net_mlx5_mlx5_tx_empw.c.obj [629/788] Compiling C object drivers/libtmp_rte_net_mlx5.a.p/net_mlx5_mlx5_tx_txpp.c.obj ninja: build stopped: subcommand failed. ==== End log output ==== CentOS Stream 9 Kernel: Depends on container host Compiler: gcc 11.5.0 20240719 (Red Hat 11.5.0-2) CentOS Stream 10 Kernel: Depends on container host Compiler: gcc 14.2.1 20241104 (Red Hat 14.2.1-6) Debian Bullseye Kernel: Depends on container host Compiler: gcc (Debian 10.2.1-6) 10.2.1 20210110 Debian 12 Kernel: Depends on container host Compiler: gcc (Debian 12.2.0-14) 12.2.0 Fedora 40 (Clang) Kernel: Depends on container host Compiler: clang 18.1.8 (Fedora 18.1.8-1.fc40) RHEL8 Kernel: Depends on container host Compiler: gcc 8.5.0 20210514 (Red Hat 8.5.0-22) Fedora 40 Kernel: Depends on container host Compiler: gcc 14.2.1 20240912 (Red Hat 14.2.1-3) Fedora 41 Kernel: Depends on container host Compiler: gcc 14.2.1 20240912 (Red Hat 14.2.1-3) openSUSE Leap 15 Kernel: Depends on container host Compiler: gcc (SUSE Linux) 7.5.0 Fedora 41 (Clang) Kernel: Depends on container host Compiler: clang 19.1.5 (Fedora 19.1.5-1.fc41) RHEL9 Kernel: Depends on container host Compiler: gcc 11.5.0 20240719 (Red Hat 11.5.0-2) Ubuntu 24.04 Kernel: Depends on container host Compiler: gcc (Ubuntu 13.3.0-6ubuntu2~24.04) 13.3.0 Ubuntu 20.04 Kernel: Depends on container host Compiler: gcc (Ubuntu 9.4.0-1ubuntu1~20.04.2) 9.4.0 Ubuntu 22.04 Kernel: Depends on container host Compiler: gcc (Ubuntu 11.4.0-1ubuntu1~22.04) 11.4.0 FreeBSD 13.4 Kernel: 13.4-RELEASE-p1 Compiler: clang 18.1.6 FreeBSD 14.2 Kernel: 14.2-RELEASE Compiler: clang 18.1.6 Windows Server 2022 Kernel: 10.0.20348.2031 Compiler: clang 15.0.7, gcc 14.1.0 (MinGW), and MSVC VS 19.39.33521 To view detailed results, visit: https://lab.dpdk.org/results/dashboard/tarballs/32581/ UNH-IOL DPDK Community Lab To manage your email subscriptions, visit: https://lab.dpdk.org/results/dashboard/preferences/subscriptions/