automatic DPDK test reports
 help / color / mirror / Atom feed
* |WARNING| [GIT MASTER] e35323505fe65756edeaddba3bd5550ca719053c
@ 2025-02-15 15:37 dpdklab
  0 siblings, 0 replies; 4+ messages in thread
From: dpdklab @ 2025-02-15 15:37 UTC (permalink / raw)
  To: Test Report
  Cc: dpdk-test-reports, Xueming Li, Christian Ehrhardt, Kevin Traynor,
	Luca Boccassi

_Testing issues_

Branch: 23.11-staging

e35323505fe65756edeaddba3bd5550ca719053c --> testing issues

Upstream job id: Generic-VM-Unit-Test-DPDK#27238

Test environment and result as below:

+---------------------+----------------+
|     Environment     | dpdk_unit_test |
+=====================+================+
| CentOS Stream 10    | WARN           |
+---------------------+----------------+
| CentOS Stream 9     | WARN           |
+---------------------+----------------+
| Debian Bullseye     | WARN           |
+---------------------+----------------+
| Fedora 40 (Clang)   | PASS           |
+---------------------+----------------+
| Debian 12           | WARN           |
+---------------------+----------------+
| Fedora 41           | WARN           |
+---------------------+----------------+
| Fedora 40           | WARN           |
+---------------------+----------------+
| RHEL9               | WARN           |
+---------------------+----------------+
| Ubuntu 22.04        | WARN           |
+---------------------+----------------+
| Fedora 41 (Clang)   | PASS           |
+---------------------+----------------+
| RHEL8               | PASS           |
+---------------------+----------------+
| Ubuntu 20.04        | PASS           |
+---------------------+----------------+
| Ubuntu 24.04        | WARN           |
+---------------------+----------------+
| Windows Server 2022 | PASS           |
+---------------------+----------------+

==== 20 line log output for Ubuntu 24.04 (dpdk_unit_test): ====
Checking for size of "void *" : 8
Checking for size of "void *" : 8
Compiler for C supports link arguments -Wl,--undefined-version: YES
Library m found: YES
Library numa found: YES
Has header "numaif.h" : YES
Library fdt found: NO
Library execinfo found: NO
Has header "execinfo.h" : YES
Found pkg-config: /usr/bin/pkg-config (1.8.1)
Run-time dependency libarchive found: NO (tried pkgconfig)
Run-time dependency libbsd found: NO (tried pkgconfig)
Run-time dependency jansson found: YES 2.14
Run-time dependency openssl found: YES 3.0.13
Run-time dependency libpcap found: YES 1.10.4
Has header "pcap.h" with dependency libpcap: YES

config/meson.build:333:4: ERROR: Unknown variable "warning_flags".

A full log can be found at /home-local/jenkins-local/jenkins-agent/workspace/Generic-Unit-Test-DPDK/dpdk/build/meson-logs/meson-log.txt
==== End log output ====

CentOS Stream 10
	Kernel: Depends on container host
	Compiler: gcc 14.2.1 20241104 (Red Hat 14.2.1-6)

CentOS Stream 9
	Kernel: Depends on container host
	Compiler: gcc 11.5.0 20240719 (Red Hat 11.5.0-2)

Debian Bullseye
	Kernel: Depends on container host
	Compiler: gcc (Debian 10.2.1-6) 10.2.1 20210110

Fedora 40 (Clang)
	Kernel: Depends on container host
	Compiler: clang 18.1.8 (Fedora 18.1.8-1.fc40)

Debian 12
	Kernel: Depends on container host
	Compiler: gcc (Debian 12.2.0-14) 12.2.0

Fedora 41
	Kernel: Depends on container host
	Compiler: gcc 14.2.1 20240912 (Red Hat 14.2.1-3)

Fedora 40
	Kernel: Depends on container host
	Compiler: gcc 14.2.1 20240912 (Red Hat 14.2.1-3)

RHEL9
	Kernel: Depends on container host
	Compiler: gcc 11.5.0 20240719 (Red Hat 11.5.0-2)

Ubuntu 22.04
	Kernel: Depends on container host
	Compiler: gcc (Ubuntu 11.4.0-1ubuntu1~22.04) 11.4.0

Fedora 41 (Clang)
	Kernel: Depends on container host
	Compiler: clang 19.1.5 (Fedora 19.1.5-1.fc41)

RHEL8
	Kernel: Depends on container host
	Compiler: gcc 8.5.0 20210514 (Red Hat 8.5.0-22)

Ubuntu 20.04
	Kernel: Depends on container host
	Compiler: gcc (Ubuntu 9.4.0-1ubuntu1~20.04.2) 9.4.0

Ubuntu 24.04
	Kernel: Depends on container host
	Compiler: gcc (Ubuntu 13.3.0-6ubuntu2~24.04) 13.3.0

Windows Server 2022
	Kernel: 10.0.20348.2031
	Compiler: clang 15.0.7, gcc 14.1.0 (MinGW), and MSVC VS 19.39.33521

To view detailed results, visit:
https://lab.dpdk.org/results/dashboard/tarballs/32583/

UNH-IOL DPDK Community Lab

To manage your email subscriptions, visit: 
https://lab.dpdk.org/results/dashboard/preferences/subscriptions/

^ permalink raw reply	[flat|nested] 4+ messages in thread

* |WARNING| [GIT MASTER] e35323505fe65756edeaddba3bd5550ca719053c
@ 2025-02-15 15:45 dpdklab
  0 siblings, 0 replies; 4+ messages in thread
From: dpdklab @ 2025-02-15 15:45 UTC (permalink / raw)
  To: Test Report
  Cc: dpdk-test-reports, Xueming Li, Christian Ehrhardt, Kevin Traynor,
	Luca Boccassi

_Testing issues_

Branch: 23.11-staging

e35323505fe65756edeaddba3bd5550ca719053c --> testing issues

Upstream job id: ACVP-FIPS-testing#8919

Test environment and result as below:

+--------------------+----------------------+----------------------+
|    Environment     | compressdev_zlib_pmd | dpdk_fips_validation |
+====================+======================+======================+
| Ubuntu 22.04 (ARM) | FAIL                 | SKIPPED              |
+--------------------+----------------------+----------------------+
| Ubuntu 22.04       | FAIL                 | SKIPPED              |
+--------------------+----------------------+----------------------+
| Ubuntu 20.04       | SKIPPED              | WARN                 |
+--------------------+----------------------+----------------------+

==== 20 line log output for Ubuntu 20.04 (dpdk_fips_validation): ====
Traceback (most recent call last):
File "/dpdk-ci/tools/acvp/acvp_tool.py", line 368, in <module>
main(
File "/dpdk-ci/tools/acvp/acvp_tool.py", line 314, in main
with open(response_path, 'r') as upload_file:
FileNotFoundError: [Errno 2] No such file or directory: '/home-local/jenkins-local/jenkins-agent/workspace/ACVP-FIPS-testing/out/hmac-sha-1-answers.rsp'
INFO:root:Using response file...
Traceback (most recent call last):
File "/dpdk-ci/tools/acvp/acvp_tool.py", line 368, in <module>
main(
File "/dpdk-ci/tools/acvp/acvp_tool.py", line 314, in main
with open(response_path, 'r') as upload_file:
FileNotFoundError: [Errno 2] No such file or directory: '/home-local/jenkins-local/jenkins-agent/workspace/ACVP-FIPS-testing/out/acvp-tdes-cbc-answers.rsp'
INFO:root:Using response file...
Traceback (most recent call last):
File "/dpdk-ci/tools/acvp/acvp_tool.py", line 368, in <module>
main(
File "/dpdk-ci/tools/acvp/acvp_tool.py", line 314, in main
with open(response_path, 'r') as upload_file:
FileNotFoundError: [Errno 2] No such file or directory: '/home-local/jenkins-local/jenkins-agent/workspace/ACVP-FIPS-testing/out/acvp-aes-ctr-answers.rsp'
==== End log output ====

Ubuntu 22.04 (ARM)
	Kernel: 5.15.0-97-generic
	Compiler: gcc gcc (Ubuntu 11.4.0-1ubuntu1~22.04) 11.4.0

Ubuntu 22.04
	Kernel: 5.15.0-100-generic
	Compiler: gcc gcc (Ubuntu 11.4.0-1ubuntu1~22.04) 11.4.0

Ubuntu 20.04
	Kernel: Depends on container host
	Compiler: gcc (Ubuntu 9.4.0-1ubuntu1~20.04.2) 9.4.0

To view detailed results, visit:
https://lab.dpdk.org/results/dashboard/tarballs/32583/

UNH-IOL DPDK Community Lab

To manage your email subscriptions, visit: 
https://lab.dpdk.org/results/dashboard/preferences/subscriptions/

^ permalink raw reply	[flat|nested] 4+ messages in thread

* |WARNING| [GIT MASTER] e35323505fe65756edeaddba3bd5550ca719053c
@ 2025-02-15 15:14 dpdklab
  0 siblings, 0 replies; 4+ messages in thread
From: dpdklab @ 2025-02-15 15:14 UTC (permalink / raw)
  To: Test Report
  Cc: dpdk-test-reports, Xueming Li, Christian Ehrhardt, Kevin Traynor,
	Luca Boccassi

_Testing issues_

Branch: 23.11-staging

e35323505fe65756edeaddba3bd5550ca719053c --> testing issues

Upstream job id: Template-DTS-Pipeline#212737

Test environment and result as below:

+--------------------+----------------------+
|    Environment     | compressdev_zlib_pmd |
+====================+======================+
| Ubuntu 22.04 (ARM) | FAIL                 |
+--------------------+----------------------+
| Ubuntu 22.04       | FAIL                 |
+--------------------+----------------------+

==== 20 line log output for Ubuntu 22.04 (compressdev_zlib_pmd): ====
 --- Failed to get log output --- 
==== End log output ====

Ubuntu 22.04 (ARM)
	Kernel: 5.15.0-97-generic
	Compiler: gcc gcc (Ubuntu 11.4.0-1ubuntu1~22.04) 11.4.0

Ubuntu 22.04
	Kernel: 5.15.0-100-generic
	Compiler: gcc gcc (Ubuntu 11.4.0-1ubuntu1~22.04) 11.4.0

To view detailed results, visit:
https://lab.dpdk.org/results/dashboard/tarballs/32583/

UNH-IOL DPDK Community Lab

To manage your email subscriptions, visit: 
https://lab.dpdk.org/results/dashboard/preferences/subscriptions/

^ permalink raw reply	[flat|nested] 4+ messages in thread

* |WARNING| [GIT MASTER] e35323505fe65756edeaddba3bd5550ca719053c
@ 2025-02-15 15:11 dpdklab
  0 siblings, 0 replies; 4+ messages in thread
From: dpdklab @ 2025-02-15 15:11 UTC (permalink / raw)
  To: Test Report
  Cc: dpdk-test-reports, Xueming Li, Christian Ehrhardt, Kevin Traynor,
	Luca Boccassi

_Testing issues_

Branch: 23.11-staging

e35323505fe65756edeaddba3bd5550ca719053c --> testing issues

Upstream job id: Template-DTS-Pipeline#212738

Test environment and result as below:

+--------------------+----------------------+
|    Environment     | compressdev_zlib_pmd |
+====================+======================+
| Ubuntu 22.04 (ARM) | FAIL                 |
+--------------------+----------------------+

==== 20 line log output for Ubuntu 22.04 (ARM) (compressdev_zlib_pmd): ====
 --- Failed to get log output --- 
==== End log output ====

Ubuntu 22.04 (ARM)
	Kernel: 5.15.0-97-generic
	Compiler: gcc gcc (Ubuntu 11.4.0-1ubuntu1~22.04) 11.4.0

To view detailed results, visit:
https://lab.dpdk.org/results/dashboard/tarballs/32583/

UNH-IOL DPDK Community Lab

To manage your email subscriptions, visit: 
https://lab.dpdk.org/results/dashboard/preferences/subscriptions/

^ permalink raw reply	[flat|nested] 4+ messages in thread

end of thread, other threads:[~2025-02-15 15:45 UTC | newest]

Thread overview: 4+ messages (download: mbox.gz / follow: Atom feed)
-- links below jump to the message on this page --
2025-02-15 15:37 |WARNING| [GIT MASTER] e35323505fe65756edeaddba3bd5550ca719053c dpdklab
  -- strict thread matches above, loose matches on Subject: below --
2025-02-15 15:45 dpdklab
2025-02-15 15:14 dpdklab
2025-02-15 15:11 dpdklab

This is a public inbox, see mirroring instructions
for how to clone and mirror all data and code used for this inbox;
as well as URLs for NNTP newsgroup(s).