From mboxrd@z Thu Jan 1 00:00:00 1970 Return-Path: Received: from mails.dpdk.org (mails.dpdk.org [217.70.189.124]) by inbox.dpdk.org (Postfix) with ESMTP id BAA3D4622E for ; Sat, 15 Feb 2025 16:42:31 +0100 (CET) Received: from mails.dpdk.org (localhost [127.0.0.1]) by mails.dpdk.org (Postfix) with ESMTP id 8E97B400D7; Sat, 15 Feb 2025 16:42:31 +0100 (CET) Received: from mail-pl1-f227.google.com (mail-pl1-f227.google.com [209.85.214.227]) by mails.dpdk.org (Postfix) with ESMTP id DA37440041 for ; Sat, 15 Feb 2025 16:42:29 +0100 (CET) Received: by mail-pl1-f227.google.com with SMTP id d9443c01a7336-220c8eb195aso62496845ad.0 for ; Sat, 15 Feb 2025 07:42:29 -0800 (PST) DKIM-Signature: v=1; a=rsa-sha256; c=relaxed/relaxed; d=iol.unh.edu; s=unh-iol; t=1739634149; x=1740238949; darn=dpdk.org; h=cc:to:from:subject:message-id:date:from:to:cc:subject:date :message-id:reply-to; bh=UugFemLPtQ9ECVSIhAS0tRu/9ry7v3lbwPswWE0fueQ=; b=GpQzfQIpSxg06dFTNBG2cj7OduOa0Cw68vSahkpwAeOsOocuscvhCooHcfGKvfH+Oy I1u4S+H69qc58GkcEpwnV7Fcw9e/txi4SkO2S3GCnoctMPe2Jh/betVVtYg4i0Dn7KCM EQE1T1nYRkoDUPw5A/QJeJ50VSEnBNorm5Tbo= X-Google-DKIM-Signature: v=1; a=rsa-sha256; c=relaxed/relaxed; d=1e100.net; s=20230601; t=1739634149; x=1740238949; h=cc:to:from:subject:message-id:date:x-gm-message-state:from:to:cc :subject:date:message-id:reply-to; bh=UugFemLPtQ9ECVSIhAS0tRu/9ry7v3lbwPswWE0fueQ=; b=AbBNtYi3Qfm8oT3s39u/DzziCiOxd0bX48nP515A9IFk8d/r1ddZ4WOPib0GiNynKu h2mXS+NGCM6cXGfTLkYaHWF8q+7hwps9x414ntikR/M50J5AULUmtc3IXguMmDSaAbjK 1Ks4N0iNQ3TQvksgxSCZok7xQGKJcJVKTQRJER7fQ9zvpl3Wtge/z8aGidaCVamrj2Yn 30pFgQ4XaG1jlXzXMsWgOQ21FFPoFFriGRmEOSUS/jLjJhzw1bjyvIVuTTgF1Gh2Gjqe NneYSK63sHUDOjiiAgaompMMHKDxcLfDHybt3jrMXE7r22Fk4pr8hxB+q/AYj0eitj8E Lo8A== X-Gm-Message-State: AOJu0YzEbt0+OnmSC9ZAi/+tqqTFFH6uQlWN6Y08Ee4H4zIHeW8QP4Qf It7Ah9f3j0EazmKrwn2CHF2iCXWVB6IVzili5hd4K9WAo7UYJ5AD0Z5QeebufJ/N30PzIZcsR+L jEm3Bk8MhBRiYhA9223yojHePzdlPdHB3 X-Gm-Gg: ASbGnctIb3cyaTy6OfKGaqcyXGM+fH4jtm/Xfn/nKphERcRa2iyRyDxkHGJY9q1bqax q1P8XsBCZaIkyPPQA41xchff51Wm+aLm7ZPmVhn6qPRf0+qIc2kxakYq551uFTbcdBjD/GBjRaC g4hEhoRiPb+6PdODCQFRvje4kKadkBvp+b6hUQVrmzR5rRsKCZNyqoU6XDd0znVBPCz2BpNngN1 ebyE05vWafOAT+i7C0fD9gEPL+JBr4LMTXmeeJhhIJHtmsqpBASLC/HUcKmhUXfyEvchHMoDkBu r0GsQJZv0bRmAdxi7uwq48/1JYAWpQ== X-Google-Smtp-Source: AGHT+IGfZjGUWoKAx33owJ6TiEtjmxPOz8I11MjqAL3Tc+6pSfEMj4fkBmGIyGldkKeKKB/nS1kI+V9Z1Tws X-Received: by 2002:a17:903:1d1:b0:220:d272:534d with SMTP id d9443c01a7336-2210405c6b6mr64884705ad.22.1739634148986; Sat, 15 Feb 2025 07:42:28 -0800 (PST) Received: from postal.iol.unh.edu (postal.iol.unh.edu. [132.177.123.84]) by smtp-relay.gmail.com with ESMTPS id d9443c01a7336-220d53087e2sm2843935ad.50.2025.02.15.07.42.28 (version=TLS1_2 cipher=ECDHE-ECDSA-AES128-GCM-SHA256 bits=128/128); Sat, 15 Feb 2025 07:42:28 -0800 (PST) X-Relaying-Domain: iol.unh.edu Date: Sat, 15 Feb 2025 07:42:28 -0800 (PST) Message-ID: <67b0b5e4.170a0220.11256.e55cSMTPIN_ADDED_MISSING@mx.google.com> Received: from [172.17.0.3] (unknown [172.18.0.217]) by postal.iol.unh.edu (Postfix) with ESMTP id 6C7DE6052471; Sat, 15 Feb 2025 10:42:28 -0500 (EST) Subject: |FAILURE| [GIT MASTER] e35323505fe65756edeaddba3bd5550ca719053c From: dpdklab@iol.unh.edu To: Test Report Cc: dpdk-test-reports@iol.unh.edu, Xueming Li , Christian Ehrhardt , Kevin Traynor , Luca Boccassi Content-Type: text/plain X-BeenThere: test-report@dpdk.org X-Mailman-Version: 2.1.29 Precedence: list List-Id: automatic DPDK test reports List-Unsubscribe: , List-Archive: List-Post: List-Help: List-Subscribe: , Errors-To: test-report-bounces@dpdk.org _Testing issues_ Branch: 23.11-staging e35323505fe65756edeaddba3bd5550ca719053c --> testing issues Upstream job id: Generic-DPDK-Compile-Meson#361832 Test environment and result as below: +------------------------------------+--------------------+ | Environment | dpdk_meson_compile | +====================================+====================+ | Ubuntu 20.04 ARM SVE | FAIL | +------------------------------------+--------------------+ | Ubuntu 20.04 ARM GCC Cross Compile | PEND | +------------------------------------+--------------------+ | RHEL9 (ARM) | FAIL | +------------------------------------+--------------------+ | Fedora 40 (ARM) | FAIL | +------------------------------------+--------------------+ | Debian 12 with MUSDK | FAIL | +------------------------------------+--------------------+ | Ubuntu 20.04 (ARM) | PASS | +------------------------------------+--------------------+ | Fedora 41 (ARM Clang) | PEND | +------------------------------------+--------------------+ | Fedora 40 (ARM Clang) | PEND | +------------------------------------+--------------------+ | Fedora 41 (ARM) | FAIL | +------------------------------------+--------------------+ | Ubuntu 22.04 (ARM) | FAIL | +------------------------------------+--------------------+ | CentOS Stream 9 (ARM) | FAIL | +------------------------------------+--------------------+ | Debian 11 (Buster) (ARM) | FAIL | +------------------------------------+--------------------+ | CentOS Stream 10 (ARM) | FAIL | +------------------------------------+--------------------+ | Ubuntu 24.04 (ARM) | FAIL | +------------------------------------+--------------------+ | Debian 12 (arm) | FAIL | +------------------------------------+--------------------+ ==== 20 line log output for Debian 12 (arm) (dpdk_meson_compile): ==== Checking for size of "void *" : 8 Checking for size of "void *" : 8 Compiler for C supports link arguments -Wl,--undefined-version: YES Library m found: YES Library numa found: YES Has header "numaif.h" : YES Library fdt found: NO Library execinfo found: NO Has header "execinfo.h" : YES Found pkg-config: /usr/bin/pkg-config (1.8.1) Run-time dependency libarchive found: NO (tried pkgconfig) Run-time dependency libbsd found: NO (tried pkgconfig) Run-time dependency jansson found: YES 2.14 Run-time dependency openssl found: YES 3.0.15 Run-time dependency libpcap found: YES 1.10.3 Has header "pcap.h" with dependency libpcap: YES config/meson.build:333:4: ERROR: Unknown variable "warning_flags". A full log can be found at /home-local/jenkins-local/jenkins-agent/workspace/Generic-DPDK-Compile-Meson@3/dpdk/build/meson-logs/meson-log.txt ==== End log output ==== Ubuntu 20.04 ARM SVE Kernel: Depends on container host Compiler: gcc (Ubuntu 10.5.0-1ubuntu1~20.04) 10.5.0 Ubuntu 20.04 ARM GCC Cross Compile Kernel: Depends on container host Compiler: aarch64-linux-gnu-gcc (Ubuntu 9.4.0-1ubuntu1~20.04.2) 9.4.0 RHEL9 (ARM) Kernel: Depends on container host Compiler: gcc 11.5.0 20240719 (Red Hat 11.5.0-2) Fedora 40 (ARM) Kernel: Depends on container host Compiler: gcc 14.2.1 20240912 (Red Hat 14.2.1-3) Debian 12 with MUSDK Kernel: Depends on container host Compiler: gcc (Debian 12.2.0-14) 12.2.0 Ubuntu 20.04 (ARM) Kernel: Depends on container host Compiler: gcc (Ubuntu 9.4.0-1ubuntu1~20.04.2) 9.4.0 Fedora 41 (ARM Clang) Kernel: Depends on container host Compiler: clang 19.1.5 (Fedora 19.1.5-1.fc41) Fedora 40 (ARM Clang) Kernel: Depends on container host Compiler: clang 18.1.8 (Fedora 18.1.8-1.fc40) Fedora 41 (ARM) Kernel: Depends on container host Compiler: gcc 14.2.1 20240912 (Red Hat 14.2.1-3) Ubuntu 22.04 (ARM) Kernel: Depends on container host Compiler: gcc (Ubuntu 11.4.0-1ubuntu1~22.04) 11.4.0 CentOS Stream 9 (ARM) Kernel: Depends on container host Compiler: gcc 11.5.0 20240719 (Red Hat 11.5.0-2) Debian 11 (Buster) (ARM) Kernel: Depends on container host Compiler: gcc (Debian 10.2.1-6) 10.2.1 20210110 CentOS Stream 10 (ARM) Kernel: Depends on container host Compiler: gcc 14.2.1 20241104 (Red Hat 14.2.1-6) Ubuntu 24.04 (ARM) Kernel: Depends on container host Compiler: gcc (Ubuntu 13.3.0-6ubuntu2~24.04) 13.3.0 Debian 12 (arm) Kernel: Depends on container host Compiler: gcc (Debian 12.2.0-14) 12.2.0 To view detailed results, visit: https://lab.dpdk.org/results/dashboard/tarballs/32583/ UNH-IOL DPDK Community Lab To manage your email subscriptions, visit: https://lab.dpdk.org/results/dashboard/preferences/subscriptions/