From mboxrd@z Thu Jan 1 00:00:00 1970 Return-Path: Received: from mails.dpdk.org (mails.dpdk.org [217.70.189.124]) by inbox.dpdk.org (Postfix) with ESMTP id 3FCC34622E for ; Sat, 15 Feb 2025 16:45:50 +0100 (CET) Received: from mails.dpdk.org (localhost [127.0.0.1]) by mails.dpdk.org (Postfix) with ESMTP id 3A72F400D7; Sat, 15 Feb 2025 16:45:50 +0100 (CET) Received: from mail-yw1-f227.google.com (mail-yw1-f227.google.com [209.85.128.227]) by mails.dpdk.org (Postfix) with ESMTP id 4DA5440041 for ; Sat, 15 Feb 2025 16:45:48 +0100 (CET) Received: by mail-yw1-f227.google.com with SMTP id 00721157ae682-6fb2a6360efso20835567b3.0 for ; Sat, 15 Feb 2025 07:45:48 -0800 (PST) DKIM-Signature: v=1; a=rsa-sha256; c=relaxed/relaxed; d=iol.unh.edu; s=unh-iol; t=1739634347; x=1740239147; darn=dpdk.org; h=cc:to:from:subject:message-id:date:from:to:cc:subject:date :message-id:reply-to; bh=PtNv2jJMssEhbetjRVBWB/NAByX5qo88Ki6X4L/goQo=; b=eS5rMDzfDNQ82t5zzOHSdnzMZB0kKy+bx2MItjtwawcoM5O8u1AwOrDZ9JitAQqMxT DH6Jzl4ilvVau00Y7jK2VjYoArvbnS46GGM8BDOPzRZ3Imz2RfXz3z3MVxx4upFOmeFn 9YuPsQ+pmh+NHvpDUIdBVyhf+T94YEKrdHkZg= X-Google-DKIM-Signature: v=1; a=rsa-sha256; c=relaxed/relaxed; d=1e100.net; s=20230601; t=1739634347; x=1740239147; h=cc:to:from:subject:message-id:date:x-gm-message-state:from:to:cc :subject:date:message-id:reply-to; bh=PtNv2jJMssEhbetjRVBWB/NAByX5qo88Ki6X4L/goQo=; b=JcuxM35bLmRPQfjB7Ud6Cj7XpLEMLNpTrnb+HStMcVA+8jkj3y7j3qMnBuUMiUOzux PRWSy+oKVYR8786xBUxsi3QjvV8GA3ltOEN2d1WjgYidRi7quNQ/ZDEuCxv79zjsYMWz q79kA5GmhQubUSmVnweAoe83c+LdK9YrxqAc6Xif73eoGbksymO6BPMtrNWgXqIEx075 KBbj3Ih7kf+EtJF+oyta59O4ART8viSt25wY+1YdPLf4bKT8v+HLGva62+vZ38E96qBq Lzd8yrMnLfooULM5dUE2vCziDHmXsP11GJOMObV2aVAt4r9Y84wF3L4uK7zef0HkYdgr bkGw== X-Gm-Message-State: AOJu0YzoYtVmtftV1qU3JmgixSdmtcWCzhx6v475gbTMGF7YJ3W22Q3U lkrxzq3Z7mO+Q1ccqS1Ny6gLonK91kZXRzTaxM9l4kADnAe9rJ/f+eC7XduzUhM+1AlNk4dtUeY dFzElfmlAhXa8C7ro5W3UWwrXGI6uWsBgT3ZGFa2Kkg/a/3pC X-Gm-Gg: ASbGncsQdo7etOBo8nw96A+/eYmAWBCWI816a+UKUiPGRym15fdi92nMejwz6w3aAtX ahud8iKnU4ukHWO5ui7JeVw9cG9LbKsCl9OsGfWQpYEIUw4LeAKZxwtOb7uDGSmQNdduqtNKQVp gDk0FFnAQJ9UNEGD3ZiEAwo21lLQY53XIzR5mW7XxCs9sRGTf1NT9eMykihRRWuWAWbgjpSRaZ8 PAc90hJhSwPvoDcGL2uYsZ6xKSUawU9Ik53EQt9fhToGnEknBpEj9Rpfs4xnNcdF34XDTcK00Ra 0cmtVPQdb60eofWO1URNh5A3Ay0FBTnv0FwT3HYeWg== X-Google-Smtp-Source: AGHT+IEc94g+dEnqonwxbHzoY/eWRoGoDLKY53XM4/OjLr6ZMq3oxm09WgBOnEFzPgVt5jDMb+WSF9c9Ebmo X-Received: by 2002:a05:6902:1442:b0:e48:7efe:57b0 with SMTP id 3f1490d57ef6-e5dc9306bd2mr2749966276.47.1739634347652; Sat, 15 Feb 2025 07:45:47 -0800 (PST) Received: from postal.iol.unh.edu (postal.iol.unh.edu. [2606:4100:3880:1234::84]) by smtp-relay.gmail.com with ESMTPS id 3f1490d57ef6-e5dade8417esm284879276.3.2025.02.15.07.45.47 (version=TLS1_2 cipher=ECDHE-ECDSA-AES128-GCM-SHA256 bits=128/128); Sat, 15 Feb 2025 07:45:47 -0800 (PST) X-Relaying-Domain: iol.unh.edu Date: Sat, 15 Feb 2025 07:45:47 -0800 (PST) Message-ID: <67b0b6ab.250a0220.25944.e7fbSMTPIN_ADDED_MISSING@mx.google.com> Received: from [172.17.0.3] (unknown [172.18.0.217]) by postal.iol.unh.edu (Postfix) with ESMTP id 2B8C26052471; Sat, 15 Feb 2025 10:45:47 -0500 (EST) Subject: |WARNING| [GIT MASTER] e35323505fe65756edeaddba3bd5550ca719053c From: dpdklab@iol.unh.edu To: Test Report Cc: dpdk-test-reports@iol.unh.edu, Xueming Li , Christian Ehrhardt , Kevin Traynor , Luca Boccassi Content-Type: text/plain X-BeenThere: test-report@dpdk.org X-Mailman-Version: 2.1.29 Precedence: list List-Id: automatic DPDK test reports List-Unsubscribe: , List-Archive: List-Post: List-Help: List-Subscribe: , Errors-To: test-report-bounces@dpdk.org _Testing issues_ Branch: 23.11-staging e35323505fe65756edeaddba3bd5550ca719053c --> testing issues Upstream job id: ACVP-FIPS-testing#8919 Test environment and result as below: +--------------------+----------------------+----------------------+ | Environment | compressdev_zlib_pmd | dpdk_fips_validation | +====================+======================+======================+ | Ubuntu 22.04 (ARM) | FAIL | SKIPPED | +--------------------+----------------------+----------------------+ | Ubuntu 22.04 | FAIL | SKIPPED | +--------------------+----------------------+----------------------+ | Ubuntu 20.04 | SKIPPED | WARN | +--------------------+----------------------+----------------------+ ==== 20 line log output for Ubuntu 20.04 (dpdk_fips_validation): ==== Traceback (most recent call last): File "/dpdk-ci/tools/acvp/acvp_tool.py", line 368, in main( File "/dpdk-ci/tools/acvp/acvp_tool.py", line 314, in main with open(response_path, 'r') as upload_file: FileNotFoundError: [Errno 2] No such file or directory: '/home-local/jenkins-local/jenkins-agent/workspace/ACVP-FIPS-testing/out/hmac-sha-1-answers.rsp' INFO:root:Using response file... Traceback (most recent call last): File "/dpdk-ci/tools/acvp/acvp_tool.py", line 368, in main( File "/dpdk-ci/tools/acvp/acvp_tool.py", line 314, in main with open(response_path, 'r') as upload_file: FileNotFoundError: [Errno 2] No such file or directory: '/home-local/jenkins-local/jenkins-agent/workspace/ACVP-FIPS-testing/out/acvp-tdes-cbc-answers.rsp' INFO:root:Using response file... Traceback (most recent call last): File "/dpdk-ci/tools/acvp/acvp_tool.py", line 368, in main( File "/dpdk-ci/tools/acvp/acvp_tool.py", line 314, in main with open(response_path, 'r') as upload_file: FileNotFoundError: [Errno 2] No such file or directory: '/home-local/jenkins-local/jenkins-agent/workspace/ACVP-FIPS-testing/out/acvp-aes-ctr-answers.rsp' ==== End log output ==== Ubuntu 22.04 (ARM) Kernel: 5.15.0-97-generic Compiler: gcc gcc (Ubuntu 11.4.0-1ubuntu1~22.04) 11.4.0 Ubuntu 22.04 Kernel: 5.15.0-100-generic Compiler: gcc gcc (Ubuntu 11.4.0-1ubuntu1~22.04) 11.4.0 Ubuntu 20.04 Kernel: Depends on container host Compiler: gcc (Ubuntu 9.4.0-1ubuntu1~20.04.2) 9.4.0 To view detailed results, visit: https://lab.dpdk.org/results/dashboard/tarballs/32583/ UNH-IOL DPDK Community Lab To manage your email subscriptions, visit: https://lab.dpdk.org/results/dashboard/preferences/subscriptions/