From mboxrd@z Thu Jan 1 00:00:00 1970 Return-Path: Received: from mails.dpdk.org (mails.dpdk.org [217.70.189.124]) by inbox.dpdk.org (Postfix) with ESMTP id 495F14622E for ; Sat, 15 Feb 2025 16:55:09 +0100 (CET) Received: from mails.dpdk.org (localhost [127.0.0.1]) by mails.dpdk.org (Postfix) with ESMTP id 2B38B400D7; Sat, 15 Feb 2025 16:55:09 +0100 (CET) Received: from mail-pj1-f98.google.com (mail-pj1-f98.google.com [209.85.216.98]) by mails.dpdk.org (Postfix) with ESMTP id BE1FC40041 for ; Sat, 15 Feb 2025 16:55:08 +0100 (CET) Received: by mail-pj1-f98.google.com with SMTP id 98e67ed59e1d1-2fa5af6d743so4742836a91.3 for ; Sat, 15 Feb 2025 07:55:08 -0800 (PST) DKIM-Signature: v=1; a=rsa-sha256; c=relaxed/relaxed; d=iol.unh.edu; s=unh-iol; t=1739634908; x=1740239708; darn=dpdk.org; h=cc:to:from:subject:message-id:date:from:to:cc:subject:date :message-id:reply-to; bh=G6uYoZTAvGitxJaRwpmzHNKVZaDxqFxiEGDxDBxzEG8=; b=CrMtRoGvUdOn2ne7Rr3I2yhWyzIuq80jfutF+vBZdqSkpEVYtbI38x+YjliZ9WolMW YDBKbCvrpbTFam1mM0C8i+XlE8Gd7s+vKlen80ApAyKu62Dz+uNX0yrDRmguzPnN+l1Q j9TPnD/6+vtfS/zipuIWZwL6Kdp2DFmc2F6XU= X-Google-DKIM-Signature: v=1; a=rsa-sha256; c=relaxed/relaxed; d=1e100.net; s=20230601; t=1739634908; x=1740239708; h=cc:to:from:subject:message-id:date:x-gm-message-state:from:to:cc :subject:date:message-id:reply-to; bh=G6uYoZTAvGitxJaRwpmzHNKVZaDxqFxiEGDxDBxzEG8=; b=vq0Jd0fYcjWr7sfA+b7nQomR/lZdtmRoSpPckb4W/EdM4kt2gydllOrZ3AbPn6EZXB CJMeV69h43h1/TcIZlw9GTy/ERRUAXC4H/PV4LDEKQ/tJZ+jErdrlazH5B4L0Vni24tO 952iecO7f3lgI4cR21PEvqZAFkNrONjAWkMMMUwrXKaUu8HICojVJIaW8gh4+mCRaqfz TslVsz94Dnhz00p5h61ZkgQb9h3C6W4YOtDJgAJ2R7BapxhmIQX4vLCkNHIpO3xR6xe1 ahKt2EUq4R5OWi4SaoF3qF4UR58K9qCCKgGjRtiHZXmTsd5djTrm4VvP0kqm4EMucl9N lzng== X-Gm-Message-State: AOJu0Yw7yudQ6268Jw4D9en2uaXE1jqzBbD5gxdEWnWnMj/nPJfbiNy/ uFOsIa8RrXiLcMD+RXkuPg6pLyZ3u2YbXITbnA3TSlKEX5AHEm9s2VoGJPVnJNNhSr8oXbBt4S4 +Bom3elXMVtrpkxVIgxlqdq6oKaMS33yhfiOMHj1AqCC+Crk4 X-Gm-Gg: ASbGnctuf+9IfrAQ03Z7Med6yl5Wo3Q04hcbujcFLWmxVBXRKMRGxlFRESeajeWGH12 pHwWWlC1H779mgc0CnyAxg16G8Ivj9pSYp0EAOygxY6tA9yUXmplWgFV3X9RsSxE/jKfG0O4g20 uBsAeIj8kObbiE1gcHgRbNMcEmbINPa0ApBYwv100dM9CrcVd/ifk4LP0YjJbCtEgfXRQoMbA7t JVW+kST/zM1kVD6N3OCY9ySsZCFAF657CqejxNxPwz805qS/ym0bwB3H6Qf71jWUU5JYn40lKcE IPK5I/afxHGFXcW/b+/mfl9Msjzwqi18D/+JDmx2Qw== X-Google-Smtp-Source: AGHT+IGV8RShhBUCWDbbvSEOygA8HvsmUBdb11mHDOVPdCzB0TlWHcwp0382KY0kbwKdEcpc2vMzgLEAugSe X-Received: by 2002:a17:90b:4c0c:b0:2f6:d266:f45e with SMTP id 98e67ed59e1d1-2fc40d14fcemr5265171a91.2.1739634907815; Sat, 15 Feb 2025 07:55:07 -0800 (PST) Received: from postal.iol.unh.edu (postal.iol.unh.edu. [2606:4100:3880:1234::84]) by smtp-relay.gmail.com with ESMTPS id 98e67ed59e1d1-2fbf996db58sm499535a91.12.2025.02.15.07.55.07 (version=TLS1_2 cipher=ECDHE-ECDSA-AES128-GCM-SHA256 bits=128/128); Sat, 15 Feb 2025 07:55:07 -0800 (PST) X-Relaying-Domain: iol.unh.edu Date: Sat, 15 Feb 2025 07:55:07 -0800 (PST) Message-ID: <67b0b8db.170a0220.103b3e.c369SMTPIN_ADDED_MISSING@mx.google.com> Received: from [172.17.0.4] (unknown [172.18.0.217]) by postal.iol.unh.edu (Postfix) with ESMTP id DFF456052471; Sat, 15 Feb 2025 10:55:06 -0500 (EST) Subject: |FAILURE| [GIT MASTER] e35323505fe65756edeaddba3bd5550ca719053c From: dpdklab@iol.unh.edu To: Test Report Cc: dpdk-test-reports@iol.unh.edu, Xueming Li , Christian Ehrhardt , Kevin Traynor , Luca Boccassi Content-Type: text/plain X-BeenThere: test-report@dpdk.org X-Mailman-Version: 2.1.29 Precedence: list List-Id: automatic DPDK test reports List-Unsubscribe: , List-Archive: List-Post: List-Help: List-Subscribe: , Errors-To: test-report-bounces@dpdk.org _Testing issues_ Branch: 23.11-staging e35323505fe65756edeaddba3bd5550ca719053c --> testing issues Upstream job id: Generic-Unit-Test-DPDK#315150 Test environment and result as below: +-----------------------------+----------------+--------------+---------------------------+------------------------------+ | Environment | dpdk_unit_test | lpm_autotest | cryptodev_sw_zuc_autotest | cryptodev_sw_snow3g_autotest | +=============================+================+==============+===========================+==============================+ | 32-bit Ubuntu 22.04.4 (ARM) | FAIL | SKIPPED | SKIPPED | SKIPPED | +-----------------------------+----------------+--------------+---------------------------+------------------------------+ | CentOS Stream 10 (ARM) | WARN | SKIPPED | SKIPPED | SKIPPED | +-----------------------------+----------------+--------------+---------------------------+------------------------------+ | Fedora 41 (ARM) | WARN | SKIPPED | SKIPPED | SKIPPED | +-----------------------------+----------------+--------------+---------------------------+------------------------------+ | Debian 11 (Buster) (ARM) | WARN | SKIPPED | SKIPPED | SKIPPED | +-----------------------------+----------------+--------------+---------------------------+------------------------------+ | Fedora 40 (ARM Clang) | PASS | SKIPPED | SKIPPED | SKIPPED | +-----------------------------+----------------+--------------+---------------------------+------------------------------+ | Debian 12 (arm) | WARN | SKIPPED | WARN | WARN | +-----------------------------+----------------+--------------+---------------------------+------------------------------+ | RHEL9 (ARM) | WARN | SKIPPED | SKIPPED | SKIPPED | +-----------------------------+----------------+--------------+---------------------------+------------------------------+ | Fedora 41 (ARM Clang) | PASS | SKIPPED | SKIPPED | SKIPPED | +-----------------------------+----------------+--------------+---------------------------+------------------------------+ | Ubuntu 20.04 (ARM) | PASS | SKIPPED | SKIPPED | SKIPPED | +-----------------------------+----------------+--------------+---------------------------+------------------------------+ | Ubuntu 22.04 (ARM) | WARN | SKIPPED | SKIPPED | SKIPPED | +-----------------------------+----------------+--------------+---------------------------+------------------------------+ | Ubuntu 24.04 (ARM) | WARN | SKIPPED | SKIPPED | SKIPPED | +-----------------------------+----------------+--------------+---------------------------+------------------------------+ | Fedora 40 (ARM) | WARN | SKIPPED | SKIPPED | SKIPPED | +-----------------------------+----------------+--------------+---------------------------+------------------------------+ | CentOS Stream 9 (ARM) | WARN | SKIPPED | SKIPPED | SKIPPED | +-----------------------------+----------------+--------------+---------------------------+------------------------------+ | Ubuntu 20.04 ARM SVE | SKIPPED | WARN | SKIPPED | SKIPPED | +-----------------------------+----------------+--------------+---------------------------+------------------------------+ ==== 20 line log output for Ubuntu 20.04 ARM SVE (lpm_autotest): ==== Checking for size of "void *" : 8 Checking for size of "void *" : 8 Compiler for C supports link arguments -Wl,--undefined-version: NO Library m found: YES Library numa found: YES Has header "numaif.h" : YES Library fdt found: NO Library execinfo found: NO Has header "execinfo.h" : YES Found pkg-config: /usr/bin/pkg-config (0.29.1) Run-time dependency libarchive found: NO (tried pkgconfig) Run-time dependency libbsd found: NO (tried pkgconfig) Run-time dependency jansson found: YES 2.12 Run-time dependency openssl found: YES 1.1.1f Run-time dependency libpcap found: YES 1.9.1 Has header "pcap.h" with dependency libpcap: YES config/meson.build:333:4: ERROR: Unknown variable "warning_flags". A full log can be found at /root/workspace/Generic-Unit-Test-DPDK/dpdk/build/meson-logs/meson-log.txt ==== End log output ==== 32-bit Ubuntu 22.04.4 (ARM) Kernel: 5.15.83+ aarch64 Compiler: gcc (Ubuntu 11.4.0-1ubuntu1~22.04) 11.4.0 CentOS Stream 10 (ARM) Kernel: Depends on container host Compiler: gcc 14.2.1 20241104 (Red Hat 14.2.1-6) Fedora 41 (ARM) Kernel: Depends on container host Compiler: gcc 14.2.1 20240912 (Red Hat 14.2.1-3) Debian 11 (Buster) (ARM) Kernel: Depends on container host Compiler: gcc (Debian 10.2.1-6) 10.2.1 20210110 Fedora 40 (ARM Clang) Kernel: Depends on container host Compiler: clang 18.1.8 (Fedora 18.1.8-1.fc40) Debian 12 (arm) Kernel: Depends on container host Compiler: gcc (Debian 12.2.0-14) 12.2.0 RHEL9 (ARM) Kernel: Depends on container host Compiler: gcc 11.5.0 20240719 (Red Hat 11.5.0-2) Fedora 41 (ARM Clang) Kernel: Depends on container host Compiler: clang 19.1.5 (Fedora 19.1.5-1.fc41) Ubuntu 20.04 (ARM) Kernel: Depends on container host Compiler: gcc (Ubuntu 9.4.0-1ubuntu1~20.04.2) 9.4.0 Ubuntu 22.04 (ARM) Kernel: Depends on container host Compiler: gcc (Ubuntu 11.4.0-1ubuntu1~22.04) 11.4.0 Ubuntu 24.04 (ARM) Kernel: Depends on container host Compiler: gcc (Ubuntu 13.3.0-6ubuntu2~24.04) 13.3.0 Fedora 40 (ARM) Kernel: Depends on container host Compiler: gcc 14.2.1 20240912 (Red Hat 14.2.1-3) CentOS Stream 9 (ARM) Kernel: Depends on container host Compiler: gcc 11.5.0 20240719 (Red Hat 11.5.0-2) Ubuntu 20.04 ARM SVE Kernel: Depends on container host Compiler: gcc (Ubuntu 10.5.0-1ubuntu1~20.04) 10.5.0 To view detailed results, visit: https://lab.dpdk.org/results/dashboard/tarballs/32583/ UNH-IOL DPDK Community Lab To manage your email subscriptions, visit: https://lab.dpdk.org/results/dashboard/preferences/subscriptions/