From: dpdklab@iol.unh.edu
To: Test Report <test-report@dpdk.org>
Cc: dpdk-test-reports@iol.unh.edu, Xueming Li <xuemingl@nvidia.com>,
Christian Ehrhardt <christian.ehrhardt@canonical.com>,
Kevin Traynor <ktraynor@redhat.com>,
Luca Boccassi <bluca@debian.org>
Subject: |FAILURE| [GIT MASTER] e35323505fe65756edeaddba3bd5550ca719053c
Date: Sat, 15 Feb 2025 08:28:09 -0800 (PST) [thread overview]
Message-ID: <67b0c099.170a0220.2bc869.d0deSMTPIN_ADDED_MISSING@mx.google.com> (raw)
_Testing issues_
Branch: 23.11-staging
e35323505fe65756edeaddba3bd5550ca719053c --> testing issues
Upstream job id: Generic-DPDK-Compile-Meson#361831
Test environment and result as below:
+------------------------------------+--------------------+
| Environment | dpdk_meson_compile |
+====================================+====================+
| Ubuntu 20.04 ARM SVE | FAIL |
+------------------------------------+--------------------+
| Ubuntu 20.04 ARM GCC Cross Compile | PASS |
+------------------------------------+--------------------+
| RHEL9 (ARM) | FAIL |
+------------------------------------+--------------------+
| Fedora 40 (ARM) | FAIL |
+------------------------------------+--------------------+
| Debian 12 with MUSDK | FAIL |
+------------------------------------+--------------------+
| Ubuntu 20.04 (ARM) | PASS |
+------------------------------------+--------------------+
| Fedora 41 (ARM Clang) | PASS |
+------------------------------------+--------------------+
| Fedora 40 (ARM Clang) | PASS |
+------------------------------------+--------------------+
| Fedora 41 (ARM) | FAIL |
+------------------------------------+--------------------+
| Ubuntu 22.04 (ARM) | FAIL |
+------------------------------------+--------------------+
| CentOS Stream 9 (ARM) | FAIL |
+------------------------------------+--------------------+
| Debian 11 (Buster) (ARM) | FAIL |
+------------------------------------+--------------------+
| CentOS Stream 10 (ARM) | FAIL |
+------------------------------------+--------------------+
| Ubuntu 24.04 (ARM) | FAIL |
+------------------------------------+--------------------+
| Debian 12 (arm) | FAIL |
+------------------------------------+--------------------+
==== 20 line log output for Debian 12 (arm) (dpdk_meson_compile): ====
Checking for size of "void *" : 8
Checking for size of "void *" : 8
Compiler for C supports link arguments -Wl,--undefined-version: YES
Library m found: YES
Library numa found: YES
Has header "numaif.h" : YES
Library fdt found: NO
Library execinfo found: NO
Has header "execinfo.h" : YES
Found pkg-config: /usr/bin/pkg-config (1.8.1)
Run-time dependency libarchive found: NO (tried pkgconfig)
Run-time dependency libbsd found: NO (tried pkgconfig)
Run-time dependency jansson found: YES 2.14
Run-time dependency openssl found: YES 3.0.15
Run-time dependency libpcap found: YES 1.10.3
Has header "pcap.h" with dependency libpcap: YES
config/meson.build:333:4: ERROR: Unknown variable "warning_flags".
A full log can be found at /home-local/jenkins-local/jenkins-agent/workspace/Generic-DPDK-Compile-Meson@3/dpdk/build/meson-logs/meson-log.txt
==== End log output ====
Ubuntu 20.04 ARM SVE
Kernel: Depends on container host
Compiler: gcc (Ubuntu 10.5.0-1ubuntu1~20.04) 10.5.0
Ubuntu 20.04 ARM GCC Cross Compile
Kernel: Depends on container host
Compiler: aarch64-linux-gnu-gcc (Ubuntu 9.4.0-1ubuntu1~20.04.2) 9.4.0
RHEL9 (ARM)
Kernel: Depends on container host
Compiler: gcc 11.5.0 20240719 (Red Hat 11.5.0-2)
Fedora 40 (ARM)
Kernel: Depends on container host
Compiler: gcc 14.2.1 20240912 (Red Hat 14.2.1-3)
Debian 12 with MUSDK
Kernel: Depends on container host
Compiler: gcc (Debian 12.2.0-14) 12.2.0
Ubuntu 20.04 (ARM)
Kernel: Depends on container host
Compiler: gcc (Ubuntu 9.4.0-1ubuntu1~20.04.2) 9.4.0
Fedora 41 (ARM Clang)
Kernel: Depends on container host
Compiler: clang 19.1.5 (Fedora 19.1.5-1.fc41)
Fedora 40 (ARM Clang)
Kernel: Depends on container host
Compiler: clang 18.1.8 (Fedora 18.1.8-1.fc40)
Fedora 41 (ARM)
Kernel: Depends on container host
Compiler: gcc 14.2.1 20240912 (Red Hat 14.2.1-3)
Ubuntu 22.04 (ARM)
Kernel: Depends on container host
Compiler: gcc (Ubuntu 11.4.0-1ubuntu1~22.04) 11.4.0
CentOS Stream 9 (ARM)
Kernel: Depends on container host
Compiler: gcc 11.5.0 20240719 (Red Hat 11.5.0-2)
Debian 11 (Buster) (ARM)
Kernel: Depends on container host
Compiler: gcc (Debian 10.2.1-6) 10.2.1 20210110
CentOS Stream 10 (ARM)
Kernel: Depends on container host
Compiler: gcc 14.2.1 20241104 (Red Hat 14.2.1-6)
Ubuntu 24.04 (ARM)
Kernel: Depends on container host
Compiler: gcc (Ubuntu 13.3.0-6ubuntu2~24.04) 13.3.0
Debian 12 (arm)
Kernel: Depends on container host
Compiler: gcc (Debian 12.2.0-14) 12.2.0
To view detailed results, visit:
https://lab.dpdk.org/results/dashboard/tarballs/32583/
UNH-IOL DPDK Community Lab
To manage your email subscriptions, visit:
https://lab.dpdk.org/results/dashboard/preferences/subscriptions/
next reply other threads:[~2025-02-15 16:28 UTC|newest]
Thread overview: 9+ messages / expand[flat|nested] mbox.gz Atom feed top
2025-02-15 16:28 dpdklab [this message]
-- strict thread matches above, loose matches on Subject: below --
2025-02-18 21:01 dpdklab
2025-02-15 15:55 dpdklab
2025-02-15 15:49 dpdklab
2025-02-15 15:42 dpdklab
2025-02-15 15:33 dpdklab
2025-02-15 15:26 dpdklab
2025-02-15 15:22 dpdklab
2025-02-15 15:13 dpdklab
Reply instructions:
You may reply publicly to this message via plain-text email
using any one of the following methods:
* Save the following mbox file, import it into your mail client,
and reply-to-all from there: mbox
Avoid top-posting and favor interleaved quoting:
https://en.wikipedia.org/wiki/Posting_style#Interleaved_style
* Reply using the --to, --cc, and --in-reply-to
switches of git-send-email(1):
git send-email \
--in-reply-to=67b0c099.170a0220.2bc869.d0deSMTPIN_ADDED_MISSING@mx.google.com \
--to=dpdklab@iol.unh.edu \
--cc=bluca@debian.org \
--cc=christian.ehrhardt@canonical.com \
--cc=dpdk-test-reports@iol.unh.edu \
--cc=ktraynor@redhat.com \
--cc=test-report@dpdk.org \
--cc=xuemingl@nvidia.com \
/path/to/YOUR_REPLY
https://kernel.org/pub/software/scm/git/docs/git-send-email.html
* If your mail client supports setting the In-Reply-To header
via mailto: links, try the mailto: link
Be sure your reply has a Subject: header at the top and a blank line
before the message body.
This is a public inbox, see mirroring instructions
for how to clone and mirror all data and code used for this inbox;
as well as URLs for NNTP newsgroup(s).