From mboxrd@z Thu Jan 1 00:00:00 1970 Return-Path: Received: from mails.dpdk.org (mails.dpdk.org [217.70.189.124]) by inbox.dpdk.org (Postfix) with ESMTP id 2B9CF46255 for ; Tue, 18 Feb 2025 09:37:55 +0100 (CET) Received: from mails.dpdk.org (localhost [127.0.0.1]) by mails.dpdk.org (Postfix) with ESMTP id 2300B4014F; Tue, 18 Feb 2025 09:37:55 +0100 (CET) Received: from mail-pj1-f97.google.com (mail-pj1-f97.google.com [209.85.216.97]) by mails.dpdk.org (Postfix) with ESMTP id C3176400EF for ; Tue, 18 Feb 2025 09:37:53 +0100 (CET) Received: by mail-pj1-f97.google.com with SMTP id 98e67ed59e1d1-2fc042c9290so7809259a91.0 for ; Tue, 18 Feb 2025 00:37:53 -0800 (PST) DKIM-Signature: v=1; a=rsa-sha256; c=relaxed/relaxed; d=iol.unh.edu; s=unh-iol; t=1739867873; x=1740472673; darn=dpdk.org; h=cc:to:from:subject:message-id:date:from:to:cc:subject:date :message-id:reply-to; bh=48QYm8dlh4/70ukD9Iu4+UFv+ojhcfyYKuXvy9hAsbI=; b=XvLWK0T3wqi0ahJKNvdA7Jx4tP6VzZTOZDLuwNkTKE9ttFJGXPh5N1KkPl/epdVXxt VlUvXRMyxKAUR4Wcjr6fHdkNRw+NGn6pqp0cufCsfDNQeJcB/x1fDPAncp5eAOB+jIh0 omkrv+PvwNTd339cHzZzLdHebao0auX/btnI8= X-Google-DKIM-Signature: v=1; a=rsa-sha256; c=relaxed/relaxed; d=1e100.net; s=20230601; t=1739867873; x=1740472673; h=cc:to:from:subject:message-id:date:x-gm-message-state:from:to:cc :subject:date:message-id:reply-to; bh=48QYm8dlh4/70ukD9Iu4+UFv+ojhcfyYKuXvy9hAsbI=; b=WldYYhNk+Qeh1/FckWF2dtmO4r4EJNQsN4wGzxWAAcOysxWJSuO4fhm1pTQd70QQ6K c82GkqTFF9e0g0Bxv8ZufiWbjHVCXCGCrhKT1yBcV++jgpfdFnE0yOQ7ha0ecz7atnHH +vuPjJKx0PrmQTr+aBNDL7TuOyP+us7pcnO/weNzCuujtbZDOcRsgJ7riFYsqtlrf5bI stTZo6l/weXoSC8ed7iaNktAMxVx9Tp0/AMqUFK7zNqH7ZSaceACrWKQqbekk6n9v9DO Kxoi93LBIdk58O12l9YPsHYCps+KgwEgV91GOQnPYSFSSqIXLQ6XZnLWrDIbPEvbDiDx huAA== X-Gm-Message-State: AOJu0Yzjm65qMJYnpAIiGUh6dSmZnQrLqAP+ihKp4LxdvqkLAqDJN0zM P/eTmM+0lUwxmV+RgfeLaKnxb2iuGNWF4trAgJuCmDEqgQE/c8gliL1ChyZRrQs+v8udeT/AhS1 JhQZfxfSesWP2Exq0Vw47U5aXnC9x33Vg X-Gm-Gg: ASbGncvoIG6C8FfYzO9sCQOJlb1tZk3b38qkGmi8wQGQqF8cB6hP3N9t32bGbWjHFwi +twLL1e7qrVpEXva+4Je7Egz8xQ16ZOH8Z86zRXSNETCfekJHki1IR16xRdlyTbNMKiqSoNkq4K dcUtpusVcZ+j8y1BQlGXTx6GrnhIHmmmQghDjtWWt9ybQ2hb6XTs3LlT28cX0wGKlfglP1NMqBa P6YF2BqroDbZtObUuVvI+0jjbgsbNFskbWiaZaLjHx8GyjM5NkjTEvCqOJSD6yO8STHrFruMwZr /vAl3ZWoN/oYqXLrjqELUSpYpZzqCQ== X-Google-Smtp-Source: AGHT+IHVHLSVsGPHSkfvb3SsRIH7lfxK5tWf4U71vefIY4q8tfM0UMq/Ae2hcY1GknlgGUTgqAN9WXjT0UVz X-Received: by 2002:a17:90b:4c45:b0:2fa:137f:5c5c with SMTP id 98e67ed59e1d1-2fc40d14c9amr20397820a91.1.1739867872886; Tue, 18 Feb 2025 00:37:52 -0800 (PST) Received: from postal.iol.unh.edu (postal.iol.unh.edu. [132.177.123.84]) by smtp-relay.gmail.com with ESMTPS id 98e67ed59e1d1-2fc13acb1a4sm640075a91.8.2025.02.18.00.37.52 (version=TLS1_2 cipher=ECDHE-ECDSA-AES128-GCM-SHA256 bits=128/128); Tue, 18 Feb 2025 00:37:52 -0800 (PST) X-Relaying-Domain: iol.unh.edu Date: Tue, 18 Feb 2025 00:37:52 -0800 (PST) Message-ID: <67b446e0.170a0220.100ee7.f9b6SMTPIN_ADDED_MISSING@mx.google.com> Received: from [172.21.0.7] (unknown [172.18.0.240]) by postal.iol.unh.edu (Postfix) with ESMTP id 194BE6052471; Tue, 18 Feb 2025 03:37:52 -0500 (EST) Subject: |WARNING| [GIT MASTER] 7ce7d3341d7e21c2a81f2fea8e451681d7306d77 From: dpdklab@iol.unh.edu To: Test Report Cc: dpdk-test-reports@iol.unh.edu, Xueming Li , Christian Ehrhardt , Kevin Traynor , Luca Boccassi Content-Type: text/plain X-BeenThere: test-report@dpdk.org X-Mailman-Version: 2.1.29 Precedence: list List-Id: automatic DPDK test reports List-Unsubscribe: , List-Archive: List-Post: List-Help: List-Subscribe: , Errors-To: test-report-bounces@dpdk.org _Testing issues_ Branch: tags/v22.11 7ce7d3341d7e21c2a81f2fea8e451681d7306d77 --> testing issues Upstream job id: Windows-Compile-DPDK-Native#26735 Test environment and result as below: +---------------------+--------------------+-------------------------+ | Environment | dpdk_meson_compile | dpdk_llvm_clang_compile | +=====================+====================+=========================+ | CentOS Stream 9 | PASS | SKIPPED | +---------------------+--------------------+-------------------------+ | CentOS Stream 10 | PEND | SKIPPED | +---------------------+--------------------+-------------------------+ | Fedora 40 (Clang) | PASS | SKIPPED | +---------------------+--------------------+-------------------------+ | Debian 12 | PEND | SKIPPED | +---------------------+--------------------+-------------------------+ | Debian Bullseye | PASS | SKIPPED | +---------------------+--------------------+-------------------------+ | Fedora 40 | PEND | SKIPPED | +---------------------+--------------------+-------------------------+ | openSUSE Leap 15 | PASS | SKIPPED | +---------------------+--------------------+-------------------------+ | Fedora 41 | PASS | SKIPPED | +---------------------+--------------------+-------------------------+ | RHEL9 | PASS | SKIPPED | +---------------------+--------------------+-------------------------+ | RHEL8 | PEND | SKIPPED | +---------------------+--------------------+-------------------------+ | Ubuntu 20.04 | PASS | SKIPPED | +---------------------+--------------------+-------------------------+ | Ubuntu 22.04 | PASS | SKIPPED | +---------------------+--------------------+-------------------------+ | Ubuntu 24.04 | PEND | SKIPPED | +---------------------+--------------------+-------------------------+ | FreeBSD 13.4 | PASS | SKIPPED | +---------------------+--------------------+-------------------------+ | FreeBSD 14.2 | PASS | SKIPPED | +---------------------+--------------------+-------------------------+ | Fedora 41 (Clang) | PEND | SKIPPED | +---------------------+--------------------+-------------------------+ | Windows Server 2022 | SKIPPED | FAIL | +---------------------+--------------------+-------------------------+ ==== 20 line log output for Windows Server 2022 (dpdk_llvm_clang_compile): ==== ..\lib\eal\include/rte_common.h:850:32: note: expanded from macro 'RTE_FMT_TAIL' #define RTE_FMT_TAIL(fmt, ...) __VA_ARGS__ ^~~~~~~~~~~ ..\lib\eal\include/rte_common.h:848:39: note: expanded from macro 'RTE_FMT' #define RTE_FMT(fmt, ...) fmt "%.0s", __VA_ARGS__ "" ^~~~~~~~~~~ ../drivers/crypto/mlx5/mlx5_crypto.c:463:18: note: forward declaration of 'struct mlx5_err_cqe' volatile struct mlx5_err_cqe *cqe = (volatile struct mlx5_err_cqe *) ^ 3 errors generated. [619/788] Compiling C object drivers/libtmp_rte_net_vmxnet3.a.p/net_vmxnet3_vmxnet3_ethdev.c.obj [620/788] Compiling C object drivers/libtmp_rte_crypto_mlx5.a.p/crypto_mlx5_mlx5_crypto_dek.c.obj [621/788] Compiling C object drivers/libtmp_rte_net_vmxnet3.a.p/net_vmxnet3_vmxnet3_rxtx.c.obj [622/788] Generating rte_net_octeon_ep.pmd.c with a custom command (wrapped by meson to set PATH) [623/788] Compiling C object app/dpdk-testpmd.exe.p/test-pmd_cmdline.c.obj [624/788] Compiling C object app/dpdk-testpmd.exe.p/test-pmd_cmdline_mtr.c.obj [625/788] Compiling C object drivers/libtmp_rte_net_mlx5.a.p/net_mlx5_mlx5_tx_nompw.c.obj [626/788] Compiling C object drivers/libtmp_rte_net_mlx5.a.p/net_mlx5_mlx5_tx_empw.c.obj [627/788] Compiling C object drivers/libtmp_rte_net_mlx5.a.p/net_mlx5_mlx5_tx_txpp.c.obj ninja: build stopped: subcommand failed. ==== End log output ==== CentOS Stream 9 Kernel: Depends on container host Compiler: gcc 11.5.0 20240719 (Red Hat 11.5.0-2) CentOS Stream 10 Kernel: Depends on container host Compiler: gcc 14.2.1 20241104 (Red Hat 14.2.1-6) Fedora 40 (Clang) Kernel: Depends on container host Compiler: clang 18.1.8 (Fedora 18.1.8-1.fc40) Debian 12 Kernel: Depends on container host Compiler: gcc (Debian 12.2.0-14) 12.2.0 Debian Bullseye Kernel: Depends on container host Compiler: gcc (Debian 10.2.1-6) 10.2.1 20210110 Fedora 40 Kernel: Depends on container host Compiler: gcc 14.2.1 20240912 (Red Hat 14.2.1-3) openSUSE Leap 15 Kernel: Depends on container host Compiler: gcc (SUSE Linux) 7.5.0 Fedora 41 Kernel: Depends on container host Compiler: gcc 14.2.1 20240912 (Red Hat 14.2.1-3) RHEL9 Kernel: Depends on container host Compiler: gcc 11.5.0 20240719 (Red Hat 11.5.0-2) RHEL8 Kernel: Depends on container host Compiler: gcc 8.5.0 20210514 (Red Hat 8.5.0-22) Ubuntu 20.04 Kernel: Depends on container host Compiler: gcc (Ubuntu 9.4.0-1ubuntu1~20.04.2) 9.4.0 Ubuntu 22.04 Kernel: Depends on container host Compiler: gcc (Ubuntu 11.4.0-1ubuntu1~22.04) 11.4.0 Ubuntu 24.04 Kernel: Depends on container host Compiler: gcc (Ubuntu 13.3.0-6ubuntu2~24.04) 13.3.0 FreeBSD 13.4 Kernel: 13.4-RELEASE-p1 Compiler: clang 18.1.6 FreeBSD 14.2 Kernel: 14.2-RELEASE Compiler: clang 18.1.6 Fedora 41 (Clang) Kernel: Depends on container host Compiler: clang 19.1.5 (Fedora 19.1.5-1.fc41) Windows Server 2022 Kernel: 10.0.20348.2031 Compiler: clang 15.0.7, gcc 14.1.0 (MinGW), and MSVC VS 19.39.33521 To view detailed results, visit: https://lab.dpdk.org/results/dashboard/tarballs/32603/ UNH-IOL DPDK Community Lab To manage your email subscriptions, visit: https://lab.dpdk.org/results/dashboard/preferences/subscriptions/