From mboxrd@z Thu Jan 1 00:00:00 1970 Return-Path: Received: from mails.dpdk.org (mails.dpdk.org [217.70.189.124]) by inbox.dpdk.org (Postfix) with ESMTP id 9B78946255 for ; Tue, 18 Feb 2025 09:50:35 +0100 (CET) Received: from mails.dpdk.org (localhost [127.0.0.1]) by mails.dpdk.org (Postfix) with ESMTP id 66E84402BB; Tue, 18 Feb 2025 09:50:35 +0100 (CET) Received: from mail-pl1-f228.google.com (mail-pl1-f228.google.com [209.85.214.228]) by mails.dpdk.org (Postfix) with ESMTP id 512A5402A0 for ; Tue, 18 Feb 2025 09:50:33 +0100 (CET) Received: by mail-pl1-f228.google.com with SMTP id d9443c01a7336-220f4dd756eso64793645ad.3 for ; Tue, 18 Feb 2025 00:50:33 -0800 (PST) DKIM-Signature: v=1; a=rsa-sha256; c=relaxed/relaxed; d=iol.unh.edu; s=unh-iol; t=1739868632; x=1740473432; darn=dpdk.org; h=cc:to:from:subject:message-id:date:from:to:cc:subject:date :message-id:reply-to; bh=+ScaPdAZDEIx7xFbeqSxRxGAPx5/P2FxEr7uuux+3Hw=; b=D1dlZYR5HvQ7FxYbNOnsTaqd8yWJZU0ZdwJT63L6u5V99BBronZOBdb2SkPFh6ip8Z HMbUJ/1ooTHCJBXMeNXKQGGdEmhMxoBX3Lm9fW4julLQ5njE4xocMSm35FCi7Hhgt/Pl lB+fD1934Eqwa651Z83Pxoq7Dr8LwiMn6GWCs= X-Google-DKIM-Signature: v=1; a=rsa-sha256; c=relaxed/relaxed; d=1e100.net; s=20230601; t=1739868632; x=1740473432; h=cc:to:from:subject:message-id:date:x-gm-message-state:from:to:cc :subject:date:message-id:reply-to; bh=+ScaPdAZDEIx7xFbeqSxRxGAPx5/P2FxEr7uuux+3Hw=; b=dU5jFD8wTFWVZboVIQuwEGkpVpap1p9A7h6nd7UWKfWfuEvub4XUD+Va02LZkQpWtX m6swU1mFlC4H5UgwCIsVw6lfvqahXs8djKYmQ7IWLV2bqNPVJGLfpAIdxI0dTTM4Llsv IFomJOl2xsTQfFj5jGJMePbJSNX3pYCrRF3EeNS9Yk0Ec2ofsdX6yjuGoxlB0NdeudOs FuoPxHORaffKZSqTIakIJ2Oeb1WSGyaoevdz2r4dyXXJQx9M/kApwgK06Y+62/nBjFLc 8d1KDncPO5LbbDbCsGkZSU60XazUSbwo9YmVfC7dcuRk4f7EyGteqkJJy/eVrrIXGaF/ y8Uw== X-Gm-Message-State: AOJu0YyTVvY5k8Kvi9PzO8VlQNf7gx+PPey6DrdS75iNQvmXjc1lRD61 uiuEVWWmdYdwjPqF1tFxn9brxo71gJo6kpOHYcdjfTh0gnMcoQeUnoWEAVTLSnEVKg5Z8wGqxq3 ls5azUPTpXiLUR2jUpaeCBr+/wTHADoj2 X-Gm-Gg: ASbGncvVY40ESIpCAuwe6GPxi8TYTnpgqARgZu3ByKSR5JYzTHyFDeRw0P4gxRNHlIr E/Dx3lfM2zog6y9t8jxzRIk+zdCIRpqfn3DyNZaZ6fL250TI/sLMPPF3xaeurvJjdbd7Gt5HHgX xpr/Ico7ZvpoD+RMKiCl+vzN+/fHPra+9fF8VGPT+JYhsmEYwmgHcAabG/5dK+83jDKHsc56Un4 8RrSiZLpkdO1bVdXdAhwj72qaxmQk6RB1UFb6DhKzJA13vbD0OeDvW0HbSRsTdIwOzubcdQhHZg 4Ah5u2OoVc3GpYLsnjJZ2b6yzgIRSA== X-Google-Smtp-Source: AGHT+IG+GzpKkxFkg6aS8khkUF2Nv5SUmABgp7Dtv+UV0YtFs3pl7R0FeUD2uxmU+1Wz0RP/Xd0w7Yi2D5CP X-Received: by 2002:a05:6a21:7e83:b0:1ee:aa76:231f with SMTP id adf61e73a8af0-1eeaa7623d9mr12440167637.18.1739868632450; Tue, 18 Feb 2025 00:50:32 -0800 (PST) Received: from postal.iol.unh.edu (postal.iol.unh.edu. [132.177.123.84]) by smtp-relay.gmail.com with ESMTPS id 41be03b00d2f7-add5af728b4sm231947a12.9.2025.02.18.00.50.32 (version=TLS1_2 cipher=ECDHE-ECDSA-AES128-GCM-SHA256 bits=128/128); Tue, 18 Feb 2025 00:50:32 -0800 (PST) X-Relaying-Domain: iol.unh.edu Date: Tue, 18 Feb 2025 00:50:32 -0800 (PST) Message-ID: <67b449d8.050a0220.158ed6.9cecSMTPIN_ADDED_MISSING@mx.google.com> Received: from [172.21.0.7] (unknown [172.18.0.240]) by postal.iol.unh.edu (Postfix) with ESMTP id 4DA966052471; Tue, 18 Feb 2025 03:50:31 -0500 (EST) Subject: |WARNING| [GIT MASTER] 7ce7d3341d7e21c2a81f2fea8e451681d7306d77 From: dpdklab@iol.unh.edu To: Test Report Cc: dpdk-test-reports@iol.unh.edu, Xueming Li , Christian Ehrhardt , Kevin Traynor , Luca Boccassi Content-Type: text/plain X-BeenThere: test-report@dpdk.org X-Mailman-Version: 2.1.29 Precedence: list List-Id: automatic DPDK test reports List-Unsubscribe: , List-Archive: List-Post: List-Help: List-Subscribe: , Errors-To: test-report-bounces@dpdk.org _Testing issues_ Branch: tags/v22.11 7ce7d3341d7e21c2a81f2fea8e451681d7306d77 --> testing issues Upstream job id: Generic-DPDK-Compile-Meson#362445 Test environment and result as below: +---------------------+--------------------+-------------------------+ | Environment | dpdk_meson_compile | dpdk_llvm_clang_compile | +=====================+====================+=========================+ | CentOS Stream 9 | PASS | SKIPPED | +---------------------+--------------------+-------------------------+ | CentOS Stream 10 | PASS | SKIPPED | +---------------------+--------------------+-------------------------+ | Fedora 40 (Clang) | PASS | SKIPPED | +---------------------+--------------------+-------------------------+ | Debian 12 | PASS | SKIPPED | +---------------------+--------------------+-------------------------+ | Debian Bullseye | PASS | SKIPPED | +---------------------+--------------------+-------------------------+ | Fedora 40 | PEND | SKIPPED | +---------------------+--------------------+-------------------------+ | openSUSE Leap 15 | PASS | SKIPPED | +---------------------+--------------------+-------------------------+ | Fedora 41 | PASS | SKIPPED | +---------------------+--------------------+-------------------------+ | RHEL9 | PASS | SKIPPED | +---------------------+--------------------+-------------------------+ | RHEL8 | PEND | SKIPPED | +---------------------+--------------------+-------------------------+ | Ubuntu 20.04 | PASS | SKIPPED | +---------------------+--------------------+-------------------------+ | Ubuntu 22.04 | PASS | SKIPPED | +---------------------+--------------------+-------------------------+ | Ubuntu 24.04 | PEND | SKIPPED | +---------------------+--------------------+-------------------------+ | FreeBSD 13.4 | PASS | SKIPPED | +---------------------+--------------------+-------------------------+ | FreeBSD 14.2 | PASS | SKIPPED | +---------------------+--------------------+-------------------------+ | Fedora 41 (Clang) | PEND | SKIPPED | +---------------------+--------------------+-------------------------+ | Windows Server 2022 | SKIPPED | FAIL | +---------------------+--------------------+-------------------------+ ==== 20 line log output for Windows Server 2022 (dpdk_llvm_clang_compile): ==== ..\lib\eal\include/rte_common.h:850:32: note: expanded from macro 'RTE_FMT_TAIL' #define RTE_FMT_TAIL(fmt, ...) __VA_ARGS__ ^~~~~~~~~~~ ..\lib\eal\include/rte_common.h:848:39: note: expanded from macro 'RTE_FMT' #define RTE_FMT(fmt, ...) fmt "%.0s", __VA_ARGS__ "" ^~~~~~~~~~~ ../drivers/crypto/mlx5/mlx5_crypto.c:463:18: note: forward declaration of 'struct mlx5_err_cqe' volatile struct mlx5_err_cqe *cqe = (volatile struct mlx5_err_cqe *) ^ 3 errors generated. [619/788] Compiling C object drivers/libtmp_rte_net_vmxnet3.a.p/net_vmxnet3_vmxnet3_ethdev.c.obj [620/788] Compiling C object drivers/libtmp_rte_crypto_mlx5.a.p/crypto_mlx5_mlx5_crypto_dek.c.obj [621/788] Compiling C object drivers/libtmp_rte_net_vmxnet3.a.p/net_vmxnet3_vmxnet3_rxtx.c.obj [622/788] Generating rte_net_octeon_ep.pmd.c with a custom command (wrapped by meson to set PATH) [623/788] Compiling C object app/dpdk-testpmd.exe.p/test-pmd_cmdline.c.obj [624/788] Compiling C object app/dpdk-testpmd.exe.p/test-pmd_cmdline_mtr.c.obj [625/788] Compiling C object drivers/libtmp_rte_net_mlx5.a.p/net_mlx5_mlx5_tx_nompw.c.obj [626/788] Compiling C object drivers/libtmp_rte_net_mlx5.a.p/net_mlx5_mlx5_tx_empw.c.obj [627/788] Compiling C object drivers/libtmp_rte_net_mlx5.a.p/net_mlx5_mlx5_tx_txpp.c.obj ninja: build stopped: subcommand failed. ==== End log output ==== CentOS Stream 9 Kernel: Depends on container host Compiler: gcc 11.5.0 20240719 (Red Hat 11.5.0-2) CentOS Stream 10 Kernel: Depends on container host Compiler: gcc 14.2.1 20241104 (Red Hat 14.2.1-6) Fedora 40 (Clang) Kernel: Depends on container host Compiler: clang 18.1.8 (Fedora 18.1.8-1.fc40) Debian 12 Kernel: Depends on container host Compiler: gcc (Debian 12.2.0-14) 12.2.0 Debian Bullseye Kernel: Depends on container host Compiler: gcc (Debian 10.2.1-6) 10.2.1 20210110 Fedora 40 Kernel: Depends on container host Compiler: gcc 14.2.1 20240912 (Red Hat 14.2.1-3) openSUSE Leap 15 Kernel: Depends on container host Compiler: gcc (SUSE Linux) 7.5.0 Fedora 41 Kernel: Depends on container host Compiler: gcc 14.2.1 20240912 (Red Hat 14.2.1-3) RHEL9 Kernel: Depends on container host Compiler: gcc 11.5.0 20240719 (Red Hat 11.5.0-2) RHEL8 Kernel: Depends on container host Compiler: gcc 8.5.0 20210514 (Red Hat 8.5.0-22) Ubuntu 20.04 Kernel: Depends on container host Compiler: gcc (Ubuntu 9.4.0-1ubuntu1~20.04.2) 9.4.0 Ubuntu 22.04 Kernel: Depends on container host Compiler: gcc (Ubuntu 11.4.0-1ubuntu1~22.04) 11.4.0 Ubuntu 24.04 Kernel: Depends on container host Compiler: gcc (Ubuntu 13.3.0-6ubuntu2~24.04) 13.3.0 FreeBSD 13.4 Kernel: 13.4-RELEASE-p1 Compiler: clang 18.1.6 FreeBSD 14.2 Kernel: 14.2-RELEASE Compiler: clang 18.1.6 Fedora 41 (Clang) Kernel: Depends on container host Compiler: clang 19.1.5 (Fedora 19.1.5-1.fc41) Windows Server 2022 Kernel: 10.0.20348.2031 Compiler: clang 15.0.7, gcc 14.1.0 (MinGW), and MSVC VS 19.39.33521 To view detailed results, visit: https://lab.dpdk.org/results/dashboard/tarballs/32603/ UNH-IOL DPDK Community Lab To manage your email subscriptions, visit: https://lab.dpdk.org/results/dashboard/preferences/subscriptions/