From mboxrd@z Thu Jan 1 00:00:00 1970 Return-Path: Received: from mails.dpdk.org (mails.dpdk.org [217.70.189.124]) by inbox.dpdk.org (Postfix) with ESMTP id E278546255 for ; Tue, 18 Feb 2025 09:53:25 +0100 (CET) Received: from mails.dpdk.org (localhost [127.0.0.1]) by mails.dpdk.org (Postfix) with ESMTP id BFEF9402BB; Tue, 18 Feb 2025 09:53:25 +0100 (CET) Received: from mail-vk1-f225.google.com (mail-vk1-f225.google.com [209.85.221.225]) by mails.dpdk.org (Postfix) with ESMTP id C2B4B402A0 for ; Tue, 18 Feb 2025 09:53:23 +0100 (CET) Received: by mail-vk1-f225.google.com with SMTP id 71dfb90a1353d-52099627b5aso2233249e0c.1 for ; Tue, 18 Feb 2025 00:53:23 -0800 (PST) DKIM-Signature: v=1; a=rsa-sha256; c=relaxed/relaxed; d=iol.unh.edu; s=unh-iol; t=1739868803; x=1740473603; darn=dpdk.org; h=cc:to:from:subject:message-id:date:from:to:cc:subject:date :message-id:reply-to; bh=ykFlO0wtM7xUhUbInZHl11EEYMsvag5Sr3q/dnLhjyM=; b=aagIcW9YRQAQW1rSiGP0VNqR2l/RkjDFvedooeuGlE5vzp0UYR6Z43+VQIVwsLnkVa oDNYdpvnjQNv2as2aO7EJ9sOBtVxow55SUG9luadbVoC3WbHQ7fgSArQL7XoNvyA6YrV Tdfev90hlND7pqG9dlgStOher1vadP2pvXUoE= X-Google-DKIM-Signature: v=1; a=rsa-sha256; c=relaxed/relaxed; d=1e100.net; s=20230601; t=1739868803; x=1740473603; h=cc:to:from:subject:message-id:date:x-gm-message-state:from:to:cc :subject:date:message-id:reply-to; bh=ykFlO0wtM7xUhUbInZHl11EEYMsvag5Sr3q/dnLhjyM=; b=uA/4+RhXz5e5BT6FsTOsGB2lD2mSvl48sJn6Adc20CJyfYMLpZm4waV0EPze22bSlp Ogq69gHnseKeBpURNews37mpU3MqTElPHZyB3qN2WEJM0sW3pcEZrTs2lwgbwKbTf4v6 axQ4AFjt/DWCxfChzqr48S0bL547QvYRLAehD8WLCdabJaqdPLhhBt12+y8GJZ3/7qYy OB+861Cowi4w77YA5P3PuYyDlWJnOzary06cTkDnWNwxPi4vjYULrUApvoMRdsXT2Psi h6AvUdpZlJU60Prn1sVKdxXyK0sNg5dKrHrE0Jv+1y5fOQFCInGHyS9i7uBzgOTUUL19 b3Pg== X-Gm-Message-State: AOJu0YzU24nEe8DFXGZ+l+Apsvebx3vP3EiVhQNiIDjIpAR3XDd1pp/X Ypamy5zqXTKlixnfdPR5kjf3VfXO4wlFBN2ccpy2QDhghjET66ZlGIYAN8J9YU3ewZeTQ7WsIc1 te+7bt+ccK3pQNsE1C7ZFs9PvWuE9D31v X-Gm-Gg: ASbGnctbz7WF6LVGNv3AHq77UV0VFPnX3WohAipGv4FiXE2dOPHwEeMtzGzG9E7x4Uf bpCTbju7PUC7U4kOH31WuKg330itHeL+mTkdhVQFssgz8zfDtJJVaCu9d6No0ox8sCP40l4U1iB 5io9H7LOMs3+JW/zmaYKwvzGH/LPXwUwFXz4sbytTDRsaoZDtbdFs+zxJVaYa/oPkEYK5qfAogE HZqZErbgH6KxZD3mIo7g7D0QxWMqhU57VNU5vTTykEdQbwJysi3Spw85jKF9gpTpVvI81dr7ivs GFWb0XvgFHs7GzGb/jiDx3EEylSHbg== X-Google-Smtp-Source: AGHT+IEeoM0DkBy8COxdTpMgbxB3mQuCCeUKKDcuiJQWsY5b/15ShzU9e6RTB7ezI+ftD9teYkCjLTomGBUY X-Received: by 2002:ac5:cdba:0:b0:520:a84c:1b59 with SMTP id 71dfb90a1353d-520a84c1c89mr3558111e0c.5.1739868802981; Tue, 18 Feb 2025 00:53:22 -0800 (PST) Received: from postal.iol.unh.edu (postal.iol.unh.edu. [132.177.123.84]) by smtp-relay.gmail.com with ESMTPS id 71dfb90a1353d-5207ab4db96sm610974e0c.10.2025.02.18.00.53.22 (version=TLS1_2 cipher=ECDHE-ECDSA-AES128-GCM-SHA256 bits=128/128); Tue, 18 Feb 2025 00:53:22 -0800 (PST) X-Relaying-Domain: iol.unh.edu Date: Tue, 18 Feb 2025 00:53:22 -0800 (PST) Message-ID: <67b44a82.050a0220.38e0c0.cda0SMTPIN_ADDED_MISSING@mx.google.com> Received: from [172.21.0.5] (unknown [172.18.0.240]) by postal.iol.unh.edu (Postfix) with ESMTP id 54FBA6052471; Tue, 18 Feb 2025 03:53:22 -0500 (EST) Subject: |WARNING| [GIT MASTER] 7ce7d3341d7e21c2a81f2fea8e451681d7306d77 From: dpdklab@iol.unh.edu To: Test Report Cc: dpdk-test-reports@iol.unh.edu, Xueming Li , Christian Ehrhardt , Kevin Traynor , Luca Boccassi Content-Type: text/plain X-BeenThere: test-report@dpdk.org X-Mailman-Version: 2.1.29 Precedence: list List-Id: automatic DPDK test reports List-Unsubscribe: , List-Archive: List-Post: List-Help: List-Subscribe: , Errors-To: test-report-bounces@dpdk.org _Testing issues_ Branch: tags/v22.11 7ce7d3341d7e21c2a81f2fea8e451681d7306d77 --> testing issues Upstream job id: Generic-DPDK-Compile-Meson#362447 Test environment and result as below: +---------------------+--------------------+-------------------------+ | Environment | dpdk_meson_compile | dpdk_llvm_clang_compile | +=====================+====================+=========================+ | CentOS Stream 9 | PASS | SKIPPED | +---------------------+--------------------+-------------------------+ | CentOS Stream 10 | PASS | SKIPPED | +---------------------+--------------------+-------------------------+ | Fedora 40 (Clang) | PASS | SKIPPED | +---------------------+--------------------+-------------------------+ | Debian 12 | PASS | SKIPPED | +---------------------+--------------------+-------------------------+ | Debian Bullseye | PASS | SKIPPED | +---------------------+--------------------+-------------------------+ | Fedora 40 | PEND | SKIPPED | +---------------------+--------------------+-------------------------+ | openSUSE Leap 15 | PASS | SKIPPED | +---------------------+--------------------+-------------------------+ | Fedora 41 | PASS | SKIPPED | +---------------------+--------------------+-------------------------+ | RHEL9 | PASS | SKIPPED | +---------------------+--------------------+-------------------------+ | RHEL8 | PEND | SKIPPED | +---------------------+--------------------+-------------------------+ | Ubuntu 20.04 | PASS | SKIPPED | +---------------------+--------------------+-------------------------+ | Ubuntu 22.04 | PASS | SKIPPED | +---------------------+--------------------+-------------------------+ | Ubuntu 24.04 | PEND | SKIPPED | +---------------------+--------------------+-------------------------+ | FreeBSD 13.4 | PASS | SKIPPED | +---------------------+--------------------+-------------------------+ | FreeBSD 14.2 | PASS | SKIPPED | +---------------------+--------------------+-------------------------+ | Fedora 41 (Clang) | PEND | SKIPPED | +---------------------+--------------------+-------------------------+ | Windows Server 2022 | SKIPPED | FAIL | +---------------------+--------------------+-------------------------+ ==== 20 line log output for Windows Server 2022 (dpdk_llvm_clang_compile): ==== ..\lib\eal\include/rte_common.h:850:32: note: expanded from macro 'RTE_FMT_TAIL' #define RTE_FMT_TAIL(fmt, ...) __VA_ARGS__ ^~~~~~~~~~~ ..\lib\eal\include/rte_common.h:848:39: note: expanded from macro 'RTE_FMT' #define RTE_FMT(fmt, ...) fmt "%.0s", __VA_ARGS__ "" ^~~~~~~~~~~ ../drivers/crypto/mlx5/mlx5_crypto.c:463:18: note: forward declaration of 'struct mlx5_err_cqe' volatile struct mlx5_err_cqe *cqe = (volatile struct mlx5_err_cqe *) ^ 3 errors generated. [619/788] Compiling C object drivers/libtmp_rte_net_vmxnet3.a.p/net_vmxnet3_vmxnet3_ethdev.c.obj [620/788] Compiling C object drivers/libtmp_rte_crypto_mlx5.a.p/crypto_mlx5_mlx5_crypto_dek.c.obj [621/788] Compiling C object drivers/libtmp_rte_net_vmxnet3.a.p/net_vmxnet3_vmxnet3_rxtx.c.obj [622/788] Generating rte_net_octeon_ep.pmd.c with a custom command (wrapped by meson to set PATH) [623/788] Compiling C object app/dpdk-testpmd.exe.p/test-pmd_cmdline.c.obj [624/788] Compiling C object app/dpdk-testpmd.exe.p/test-pmd_cmdline_mtr.c.obj [625/788] Compiling C object drivers/libtmp_rte_net_mlx5.a.p/net_mlx5_mlx5_tx_nompw.c.obj [626/788] Compiling C object drivers/libtmp_rte_net_mlx5.a.p/net_mlx5_mlx5_tx_empw.c.obj [627/788] Compiling C object drivers/libtmp_rte_net_mlx5.a.p/net_mlx5_mlx5_tx_txpp.c.obj ninja: build stopped: subcommand failed. ==== End log output ==== CentOS Stream 9 Kernel: Depends on container host Compiler: gcc 11.5.0 20240719 (Red Hat 11.5.0-2) CentOS Stream 10 Kernel: Depends on container host Compiler: gcc 14.2.1 20241104 (Red Hat 14.2.1-6) Fedora 40 (Clang) Kernel: Depends on container host Compiler: clang 18.1.8 (Fedora 18.1.8-1.fc40) Debian 12 Kernel: Depends on container host Compiler: gcc (Debian 12.2.0-14) 12.2.0 Debian Bullseye Kernel: Depends on container host Compiler: gcc (Debian 10.2.1-6) 10.2.1 20210110 Fedora 40 Kernel: Depends on container host Compiler: gcc 14.2.1 20240912 (Red Hat 14.2.1-3) openSUSE Leap 15 Kernel: Depends on container host Compiler: gcc (SUSE Linux) 7.5.0 Fedora 41 Kernel: Depends on container host Compiler: gcc 14.2.1 20240912 (Red Hat 14.2.1-3) RHEL9 Kernel: Depends on container host Compiler: gcc 11.5.0 20240719 (Red Hat 11.5.0-2) RHEL8 Kernel: Depends on container host Compiler: gcc 8.5.0 20210514 (Red Hat 8.5.0-22) Ubuntu 20.04 Kernel: Depends on container host Compiler: gcc (Ubuntu 9.4.0-1ubuntu1~20.04.2) 9.4.0 Ubuntu 22.04 Kernel: Depends on container host Compiler: gcc (Ubuntu 11.4.0-1ubuntu1~22.04) 11.4.0 Ubuntu 24.04 Kernel: Depends on container host Compiler: gcc (Ubuntu 13.3.0-6ubuntu2~24.04) 13.3.0 FreeBSD 13.4 Kernel: 13.4-RELEASE-p1 Compiler: clang 18.1.6 FreeBSD 14.2 Kernel: 14.2-RELEASE Compiler: clang 18.1.6 Fedora 41 (Clang) Kernel: Depends on container host Compiler: clang 19.1.5 (Fedora 19.1.5-1.fc41) Windows Server 2022 Kernel: 10.0.20348.2031 Compiler: clang 15.0.7, gcc 14.1.0 (MinGW), and MSVC VS 19.39.33521 To view detailed results, visit: https://lab.dpdk.org/results/dashboard/tarballs/32603/ UNH-IOL DPDK Community Lab To manage your email subscriptions, visit: https://lab.dpdk.org/results/dashboard/preferences/subscriptions/