From mboxrd@z Thu Jan 1 00:00:00 1970 Return-Path: Received: from mails.dpdk.org (mails.dpdk.org [217.70.189.124]) by inbox.dpdk.org (Postfix) with ESMTP id 461DC4625D for ; Tue, 18 Feb 2025 18:00:25 +0100 (CET) Received: from mails.dpdk.org (localhost [127.0.0.1]) by mails.dpdk.org (Postfix) with ESMTP id 6ED19402CF; Tue, 18 Feb 2025 18:00:24 +0100 (CET) Received: from mail-il1-f225.google.com (mail-il1-f225.google.com [209.85.166.225]) by mails.dpdk.org (Postfix) with ESMTP id BEE1140264 for ; Tue, 18 Feb 2025 18:00:23 +0100 (CET) Received: by mail-il1-f225.google.com with SMTP id e9e14a558f8ab-3d04932a36cso51203535ab.1 for ; Tue, 18 Feb 2025 09:00:23 -0800 (PST) DKIM-Signature: v=1; a=rsa-sha256; c=relaxed/relaxed; d=iol.unh.edu; s=unh-iol; t=1739898023; x=1740502823; darn=dpdk.org; h=references:in-reply-to:cc:to:from:subject:message-id:date:from:to :cc:subject:date:message-id:reply-to; bh=W1YrJpEXcNYzReu7bob4WK+iF3SbCjlTWIYjLJfQBEE=; b=QGohjAGwAWQVK7HjamJOVzDWByAElVGLs+OXgrvvpcWOuxpmyADPQj2MX+D2CHsq7v wEpeKGngjRjd55COp3yPKqIqlqjfOkdH38GWof1LhpNgpZZmP3v6t/VYWs9qxbapzOFi OcAogBgo8BHmBCWCAvKDfmpDy72WtlWGFYyrw= X-Google-DKIM-Signature: v=1; a=rsa-sha256; c=relaxed/relaxed; d=1e100.net; s=20230601; t=1739898023; x=1740502823; h=references:in-reply-to:cc:to:from:subject:message-id:date :x-gm-message-state:from:to:cc:subject:date:message-id:reply-to; bh=W1YrJpEXcNYzReu7bob4WK+iF3SbCjlTWIYjLJfQBEE=; b=UpLRt4WU+2JNXgBvu1H3BXxu6JjH59HbYYVcE8xvqF0D6iVzpfOxCrk6JUH1xhzx7V y/u7cNIft1a2/S/feDqC/TNwu3WQqM837UU6LExcmL4pecliHYb+1B27jHVa48nATnNl F7tOCVtdd7pvHGmoPp9lUTnDC55rC9OAGTs1oSAhLrzv8SAFoP9tGSKkk2pVagPx7Ykt U0WS0OsEwpmai5Hr7ePn04Hl5QjIyDBcktMVBuM6AsoiRqVgbZ8cqokW7ufSc43MU5af HqoTzP5GOntvyaCkvq0Ml0flLGbYJauGquuHkA1J63BOb8/iExzEJVx3p6mQwJ2MeclW kfTQ== X-Gm-Message-State: AOJu0Yw42MshqYLXdC9OQtFE6PyF1aw0sWEmrv67lnQD9mxjXaipi1L2 2Ufzfed4odvdKQi7qMjonnVbnvqC7q8KlsgMkrCq467c3hcgGX5/bKZY3rYmG+jyHD4foBH1m7w ehENLWE2wb6z1GOBueOSQxkElyWuCuTxYJobw9jEs X-Gm-Gg: ASbGncsC9R9TTbo7Rramjlhtkt4sM9dcf4DiRAIHE3YK5Q7ccDLwj+jmAtGctqic5QT uoVGT8KbE8hKWm78T/YKtfWTjCpFpGPMGhceX3JIGawqGl/hhlzdyrQqm1gRDOTLZKpS6Jna+wq x53T+JWhJDwpOzIy57oryeNwidqCUgVR9SQj/fZWCtQwBBtKJVutCzsL/wHfERG7HMBWCNPFZxt 1iRD5MwhllIA1Irg8/58laSQqda6VzY3m7mLjRc8j7L3Yu5NggZ8j5LpmaQi0nmDthRbHmZsB3V syLjqsnUNWT8bxG37GSDdAPdOJwn7w== X-Google-Smtp-Source: AGHT+IG3OGI6AifPjRl2+dKNPBgADxDe1mCMmgu5poqcUc3KOBbO8Sj0MvTrbACwP4eEAUFLl9dzqghYymlU X-Received: by 2002:a05:6e02:4715:b0:3d2:b3d0:dbba with SMTP id e9e14a558f8ab-3d2b3d0dfa6mr11327935ab.5.1739898022980; Tue, 18 Feb 2025 09:00:22 -0800 (PST) Received: from postal.iol.unh.edu (postal.iol.unh.edu. [132.177.123.84]) by smtp-relay.gmail.com with ESMTPS id 8926c6da1cb9f-4eeac069ba9sm136792173.38.2025.02.18.09.00.22 (version=TLS1_2 cipher=ECDHE-ECDSA-AES128-GCM-SHA256 bits=128/128); Tue, 18 Feb 2025 09:00:22 -0800 (PST) X-Relaying-Domain: iol.unh.edu Date: Tue, 18 Feb 2025 09:00:22 -0800 (PST) Message-ID: <67b4bca6.050a0220.5ea12.678bSMTPIN_ADDED_MISSING@mx.google.com> Received: from [172.21.0.5] (unknown [172.18.0.240]) by postal.iol.unh.edu (Postfix) with ESMTP id 787FA6052471; Tue, 18 Feb 2025 12:00:22 -0500 (EST) Subject: |FAILURE| pw151575-151582 [PATCH] [v6,8/8] devtools: add script to g From: dpdklab@iol.unh.edu To: Test Report Cc: dpdk-test-reports@iol.unh.edu, Anatoly Burakov In-Reply-To: References: Content-Type: text/plain X-BeenThere: test-report@dpdk.org X-Mailman-Version: 2.1.29 Precedence: list List-Id: automatic DPDK test reports List-Unsubscribe: , List-Archive: List-Post: List-Help: List-Subscribe: , Errors-To: test-report-bounces@dpdk.org Test-Label: iol-compile-arm64-testing Test-Status: FAILURE http://dpdk.org/patch/151582 _Testing issues_ Submitter: Anatoly Burakov Date: Tuesday, February 18 2025 11:15:34 DPDK git baseline: Repo:dpdk Branch: master CommitID:e5176f23ae8b31437c3e5eb875c81f95bf3a9942 151575-151582 --> testing issues Upstream job id: Generic-DPDK-Compile-Meson#362599 Test environment and result as below: +----------------------------------------+--------------------+ | Environment | dpdk_meson_compile | +========================================+====================+ | RHEL9 (ARM) | PASS | +----------------------------------------+--------------------+ | Ubuntu 20.04 ARM GCC Cross Compile | PASS | +----------------------------------------+--------------------+ | Debian 12 with MUSDK | FAIL | +----------------------------------------+--------------------+ | Fedora 40 (ARM) | PASS | +----------------------------------------+--------------------+ | Fedora 40 (ARM Clang) | PASS | +----------------------------------------+--------------------+ | Fedora 41 (ARM) | PASS | +----------------------------------------+--------------------+ | Fedora 41 (ARM Clang) | PASS | +----------------------------------------+--------------------+ | Ubuntu 20.04 (ARM) | PASS | +----------------------------------------+--------------------+ | Ubuntu 22.04 (ARM) | PASS | +----------------------------------------+--------------------+ | Ubuntu 24.04 (ARM) | PASS | +----------------------------------------+--------------------+ | CentOS Stream 9 (ARM) | PASS | +----------------------------------------+--------------------+ | CentOS Stream 10 (ARM) | PASS | +----------------------------------------+--------------------+ | Debian 11 (Buster) (ARM) | PASS | +----------------------------------------+--------------------+ | Debian 12 (arm) | PASS | +----------------------------------------+--------------------+ | Ubuntu 20.04 aarch32 GCC Cross Compile | PASS | +----------------------------------------+--------------------+ | Ubuntu 20.04 ARM Clang Cross Compile | PASS | +----------------------------------------+--------------------+ ==== 20 line log output for Debian 12 with MUSDK (dpdk_meson_compile): ==== [977/1266] Compiling C object app/dpdk-test-bbdev.p/test-bbdev_test_bbdev_vector.c.o [978/1266] Linking target app/dpdk-test-bbdev [979/1266] Compiling C object app/dpdk-test-cmdline.p/test-cmdline_commands.c.o [980/1266] Compiling C object app/dpdk-test-cmdline.p/test-cmdline_cmdline_test.c.o [981/1266] Linking target app/dpdk-test-cmdline [982/1266] Compiling C object app/dpdk-test-compress-perf.p/test-compress-perf_comp_perf_options_parse.c.o [983/1266] Compiling C object app/dpdk-test-compress-perf.p/test-compress-perf_comp_perf_test_common.c.o [984/1266] Compiling C object app/dpdk-test-compress-perf.p/test-compress-perf_comp_perf_test_cyclecount.c.o [985/1266] Compiling C object app/dpdk-test-compress-perf.p/test-compress-perf_comp_perf_test_throughput.c.o [986/1266] Compiling C object app/dpdk-test-compress-perf.p/test-compress-perf_comp_perf_test_verify.c.o [987/1266] Compiling C object app/dpdk-test-compress-perf.p/test-compress-perf_main.c.o [988/1266] Linking target app/dpdk-test-compress-perf [989/1266] Compiling C object app/dpdk-test-crypto-perf.p/test-crypto-perf_cperf_ops.c.o FAILED: app/dpdk-test-crypto-perf.p/test-crypto-perf_cperf_ops.c.o ccache aarch64-linux-gnu-gcc -Iapp/dpdk-test-crypto-perf.p -Iapp -I../app -Ilib/cryptodev -I../lib/cryptodev -Ilib/mbuf -I../lib/mbuf -Ilib/mempool -I../lib/mempool -Ilib/ring -I../lib/ring -I. -I.. -Iconfig -I../config -Ilib/eal/include -I../lib/eal/include -Ilib/eal/linux/include -I../lib/eal/linux/include -Ilib/eal/arm/include -I../lib/eal/arm/include -I../kernel/linux -Ilib/eal/common -I../lib/eal/common -Ilib/eal -I../lib/eal -Ilib/kvargs -I../lib/kvargs -Ilib/log -I../lib/log -Ilib/metrics -I../lib/metrics -Ilib/telemetry -I../lib/telemetry -Ilib/rcu -I../lib/rcu -fdiagnostics-color=always -pipe -D_FILE_OFFSET_BITS=64 -Wall -Winvalid-pch -Wextra -Werror -std=c11 -O3 -include rte_config.h -Wvla -Wcast-qual -Wdeprecated -Wformat -Wformat-nonliteral -Wformat-security -Wmissing-declarations -Wmissing-prototypes -Wnested-externs -Wold-style-definition -Wpointer-arith -Wsign-compare -Wstrict-prototypes -Wundef -Wwrite-strings -Wno-packed-not-aligned -Wno-missing-field-initializers -D _GNU_SOURCE -mcpu=cortex-a72 -DALLOW_EXPERIMENTAL_API -Wno-vla -MD -MQ app/dpdk-test-crypto-perf.p/test-crypto-perf_cperf_ops.c.o -MF app/dpdk-test-crypto-perf.p/test-crypto-perf_cperf_ops.c.o.d -o app/dpdk-test-crypto-perf.p/test-crypto-perf_cperf_ops.c.o -c ../app/test-crypto-perf/cperf_ops.c ../app/test-crypto-perf/cperf_ops.c:6:10: fatal error: rte_ether.h: No such file or directory 6 | #include | ^~~~~~~~~~~~~ compilation terminated. ninja: build stopped: subcommand failed. ==== End log output ==== RHEL9 (ARM) Kernel: Depends on container host Compiler: gcc 11.5.0 20240719 (Red Hat 11.5.0-2) Ubuntu 20.04 ARM GCC Cross Compile Kernel: Depends on container host Compiler: aarch64-linux-gnu-gcc (Ubuntu 9.4.0-1ubuntu1~20.04.2) 9.4.0 Debian 12 with MUSDK Kernel: Depends on container host Compiler: gcc (Debian 12.2.0-14) 12.2.0 Fedora 40 (ARM) Kernel: Depends on container host Compiler: gcc 14.2.1 20240912 (Red Hat 14.2.1-3) Fedora 40 (ARM Clang) Kernel: Depends on container host Compiler: clang 18.1.8 (Fedora 18.1.8-1.fc40) Fedora 41 (ARM) Kernel: Depends on container host Compiler: gcc 14.2.1 20240912 (Red Hat 14.2.1-3) Fedora 41 (ARM Clang) Kernel: Depends on container host Compiler: clang 19.1.5 (Fedora 19.1.5-1.fc41) Ubuntu 20.04 (ARM) Kernel: Depends on container host Compiler: gcc (Ubuntu 9.4.0-1ubuntu1~20.04.2) 9.4.0 Ubuntu 22.04 (ARM) Kernel: Depends on container host Compiler: gcc (Ubuntu 11.4.0-1ubuntu1~22.04) 11.4.0 Ubuntu 24.04 (ARM) Kernel: Depends on container host Compiler: gcc (Ubuntu 13.3.0-6ubuntu2~24.04) 13.3.0 CentOS Stream 9 (ARM) Kernel: Depends on container host Compiler: gcc 11.5.0 20240719 (Red Hat 11.5.0-2) CentOS Stream 10 (ARM) Kernel: Depends on container host Compiler: gcc 14.2.1 20241104 (Red Hat 14.2.1-6) Debian 11 (Buster) (ARM) Kernel: Depends on container host Compiler: gcc (Debian 10.2.1-6) 10.2.1 20210110 Debian 12 (arm) Kernel: Depends on container host Compiler: gcc (Debian 12.2.0-14) 12.2.0 Ubuntu 20.04 aarch32 GCC Cross Compile Kernel: Depends on container host Compiler: gcc 9.4.0 Ubuntu 20.04 ARM Clang Cross Compile Kernel: Depends on container host Compiler: clang 10.0.0-4ubuntu1 To view detailed results, visit: https://lab.dpdk.org/results/dashboard/patchsets/32601/ UNH-IOL DPDK Community Lab To manage your email subscriptions, visit: https://lab.dpdk.org/results/dashboard/preferences/subscriptions/